000
CXUS56 KSGX 050801
CLMRNM
CLIMATE REPORT
NATIONAL WEATHER SERVICE SAN DIEGO, CA
1201 AM PST MON FEB 05 2024
...................................
...THE RAMONA AIRPORT CA CLIMATE SUMMARY FOR THE MONTH OF JANUARY 2024...
CLIMATE NORMAL PERIOD: 1991 TO 2020
CLIMATE RECORD PERIOD: 1974 TO 2024
WEATHER OBSERVED NORMAL DEPART LAST YEAR`S
VALUE DATE(S) VALUE FROM VALUE DATE(S)
NORMAL
................................................................
TEMPERATURE (F)
RECORD
HIGH 90 01/14/1975
LOW 16 01/17/2007
HIGHEST 81 01/29 67 14 71 01/12
LOWEST 22 01/08 38 -16 26 01/23
01/24
AVG. MAXIMUM 65.5 66.2 -0.7 60.7
AVG. MINIMUM 35.2 36.5 -1.3 37.0
MEAN 50.3 51.4 -1.1 48.9
DAYS MAX >= 90 0 0.0 0.0 0
DAYS MAX <= 32 0 0.0 0.0 0
DAYS MAX >= 45 31 31
DAYS MAX >= 120 0 0
DAYS MIN <= 32 15 11.2 3.8 9
DAYS MIN <= 0 0 0.0 0.0 0
PRECIPITATION (INCHES)
RECORD
MAXIMUM 14.15 1993
MINIMUM 0.00 1992
TOTALS 3.09 3.10 -0.01 8.95
DAILY AVG. 0.10 0.10 -0.00 0.29
DAYS >= .01 8 6.6 1.4 13
DAYS >= .10 6 3.8 2.2 12
DAYS >= .50 1 1.4 -0.4 6
DAYS >= 1.00 1 0.8 0.2 4
DAYS >= %-5.2F 0 0
DAYS >= %-5.2F 0 0
GREATEST
24 HR. TOTAL 1.66 01/22 TO 01/23 2.46 01/14 TO 01/15
STORM TOTAL 1.65 2.07
(MM/DD(HH)) MM
DEGREE DAYS
HEATING TOTAL 446 424 22 489
SINCE 7/1 1076 1243 -167 MM
COOLING TOTAL 0 1 -1 0
SINCE 1/1 0 1 -1 MM
FREEZE DATES
RECORD
EARLIEST 10/10/1974
LATEST 05/07/1975
EARLIEST 11/09
LATEST 04/05
................................................................
WIND (MPH)
AVERAGE WIND SPEED 4.3
RESULTANT WIND SPEED/DIRECTION 1/310
HIGHEST WIND SPEED/DIRECTION 24/080 DATE 01/27
24/030 01/28
HIGHEST GUST SPEED/DIRECTION 37/030 DATE 01/27
SKY COVER
POSSIBLE SUNSHINE (PERCENT) MM
AVERAGE SKY COVER 0.34
NUMBER OF DAYS FAIR 21
NUMBER OF DAYS PC 2
NUMBER OF DAYS CLOUDY 8
AVERAGE RH (PERCENT) 66
WEATHER CONDITIONS. NUMBER OF DAYS WITH
THUNDERSTORM 1 MIXED PRECIP 0
HEAVY RAIN 5 RAIN 6
LIGHT RAIN 9 FREEZING RAIN 0
LT FREEZING RAIN 0 HAIL 0
HEAVY SNOW 0 SNOW 0
LIGHT SNOW 0 SLEET 0
FOG 26 FOG W/VIS <= 1/4 MILE 12
HAZE 7
- INDICATES NEGATIVE NUMBERS.
R INDICATES RECORD WAS SET OR TIED.
MM INDICATES DATA IS MISSING.
T INDICATES TRACE AMOUNT.
$$