000
CXUS55 KREV 010924
CF6RNO
PRELIMINARY LOCAL CLIMATOLOGICAL DATA (WS FORM: F-6)
STATION: RENO-TAHOE INTL AIRPORT NV
MONTH: FEBRUARY
YEAR: 2022
LATITUDE: 39 30 N
LONGITUDE: 119 47 W
TEMPERATURE IN F: :PCPN: SNOW: WIND :SUNSHINE: SKY :PK WND
================================================================================
1 2 3 4 5 6A 6B 7 8 9 10 11 12 13 14 15 16 17 18
12Z AVG MX 2MIN
DY MAX MIN AVG DEP HDD CDD WTR SNW DPTH SPD SPD DIR MIN PSBL S-S WX SPD DR
================================================================================
1 41 22 32 -6 33 0 0.00 0.0 0 3.8 12 10 M M 2 14 360
2 40 17 29 -9 36 0 0.00 0.0 0 2.2 8 190 M M 1 12 190
3 49 20 35 -3 30 0 0.00 0.0 0 3.0 12 80 M M 2 14 70
4 52 21 37 -2 28 0 0.00 0.0 0 2.0 9 190 M M 2 10 180
5 56 25 41 2 24 0 0.00 0.0 0 2.2 14 10 M M 5 15 10
6 56 22 39 0 26 0 0.00 0.0 0 2.9 15 70 M M 1 20 80
7 60 23 42 3 23 0 0.00 0.0 0 1.1 7 240 M M 0 10 270
8 62 25 44 5 21 0 0.00 0.0 0 2.1 12 80 M M 1 14 70
9 62 26 44 5 21 0 0.00 0.0 0 2.0 12 80 M M 3 15 80
10 65 29 47 7 18 0 0.00 0.0 0 3.1 12 80 M M 1 14 80
11 67 28 48 8 17 0 0.00 0.0 0 1.8 14 100 M M 1 17 70
12 66 27 47 7 18 0 0.00 0.0 0 0.9 8 280 M M 1 13 280
13 70 27 49 9 16 0 0.00 0.0 0 2.7 17 240 M M 3 21 280
14 67 31 49 9 16 0 T 0.0 0 10.0 36 160 M M 7 48 160
15 44 28 36 -4 29 0 0.01 0.3 T 10.4 28 330 M M 7 18 35 320
16 49 21 35 -6 30 0 0.00 0.0 0 5.1 20 40 M M 3 24 30
17 53 23 38 -3 27 0 0.00 0.0 0 2.1 14 30 M M 2 15 30
18 61 24 43 2 22 0 0.00 0.0 0 2.7 15 70 M M 1 18 80
19 65 24 45 4 20 0 0.00 0.0 0 2.8 14 260 M M 1 18 270
20 60 29 45 3 20 0 0.00 0.0 0 7.4 23 360 M M 6 36 220
21 37 25 31 -11 34 0 0.24 3.3 1 9.3 22 240 M M 8 18 29 250
22 34 22 28 -14 37 0 0.10 2.1 2 9.5 22 340 M M 8 18 28 360
23 31 19 25 -17 40 0 0.09 2.1 4 6.5 14 330 M M 6 128 18 330
24 44 13 29 -13 36 0 0.00 0.0 1 2.4 14 10 M M 2 17 40
25 43 20 32 -11 33 0 0.00 0.0 0 4.2 14 80 M M 0 17 100
26 49 20 35 -8 30 0 0.00 0.0 0 2.6 9 70 M M 6 12 70
27 61 32 47 4 18 0 0.00 0.0 0 3.0 9 90 M M 5 12 80
28 70 29 50 7 15 0 0.00 0.0 0 1.9 10 50 M M 4 12 50
================================================================================
SM 1514 672 718 0 0.44 7.8 109.7 M 89
================================================================================
AV 54.1 24.0 3.9 FASTST M M 3 MAX(MPH)
MISC ----> 36 160 48 160
================================================================================
NOTES:
# LAST OF SEVERAL OCCURRENCES
COLUMN 17 PEAK WIND IN M.P.H.
PRELIMINARY LOCAL CLIMATOLOGICAL DATA (WS FORM: F-6) , PAGE 2
STATION: RENO-TAHOE INTL AIRPORT NV
MONTH: FEBRUARY
YEAR: 2022
LATITUDE: 39 30 N
LONGITUDE: 119 47 W
[TEMPERATURE DATA] [PRECIPITATION DATA] SYMBOLS USED IN COLUMN 16
AVERAGE MONTHLY: 39.0 TOTAL FOR MONTH: 0.44 1 = FOG OR MIST
DPTR FM NORMAL: -1.6 DPTR FM NORMAL: -0.59 2 = FOG REDUCING VISIBILITY
HIGHEST: 70 ON 28,13 GRTST 24HR 0.25 ON 21-22 TO 1/4 MILE OR LESS
LOWEST: 13 ON 24 3 = THUNDER
SNOW, ICE PELLETS, HAIL 4 = ICE PELLETS
TOTAL MONTH: 7.8 INCHES 5 = HAIL
GRTST 24HR 3.3 ON 21-21 6 = FREEZING RAIN OR DRIZZLE
GRTST DEPTH: 4 ON 23 7 = DUSTSTORM OR SANDSTORM:
VSBY 1/2 MILE OR LESS
8 = SMOKE OR HAZE
[NO. OF DAYS WITH] [WEATHER - DAYS WITH] 9 = BLOWING SNOW
X = TORNADO
MAX 32 OR BELOW: 1 0.01 INCH OR MORE: 4
MAX 90 OR ABOVE: 0 0.10 INCH OR MORE: 2
MIN 32 OR BELOW: 28 0.50 INCH OR MORE: 0
MIN 0 OR BELOW: 0 1.00 INCH OR MORE: 0
[HDD (BASE 65) ]
TOTAL THIS MO. 718 CLEAR (SCALE 0-3) 18
DPTR FM NORMAL 34 PTCLDY (SCALE 4-7) 9
TOTAL FM JUL 1 3346 CLOUDY (SCALE 8-10) 1
DPTR FM NORMAL -114
[CDD (BASE 65) ]
TOTAL THIS MO. 0
DPTR FM NORMAL 0 [PRESSURE DATA]
TOTAL FM JAN 1 0 HIGHEST SLP M ON M
DPTR FM NORMAL 0 LOWEST SLP 29.66 ON 14
[REMARKS]
THE AVERAGE TEMPERATURE FOR FEBRUARY 2022 AT THE RENO-TAHOE
INTERNATIONAL AIRPORT WAS 39.0 DEGREES WHICH IS 1.6 DEGREES BELOW
NORMAL. THE HIGHEST TEMPERATURE FOR FEBRUARY WAS 70 DEGREES WHICH
OCCURRED ON THE 13TH AND 28TH. THE LOWEST TEMPERATURE FOR THE MONTH
WAS 13 DEGREES WHICH OCCURRED ON THE 24TH.
FOR FEBRUARY 2022, 0.44 INCHES OF PRECIPITATION WERE RECORDED AT THE
RENO-TAHOE INTERNATIONAL AIRPORT. THIS IS 0.59 INCHES BELOW NORMAL
FOR THE MONTH. DURING THE MONTH 7.8 INCHES OF SNOWFALL WAS RECORDED.
THE AVERAGE WIND SPEED FOR FEBRUARY 2022 WAS 3.9 MPH. THE PEAK WIND
GUST FOR THE MONTH WAS 48 MPH FROM THE SOUTH ON THE 14TH.
#FINAL-02-22#