000
CXUS51 KBUF 010905
CF6ROC
PRELIMINARY LOCAL CLIMATOLOGICAL DATA (WS FORM: F-6)
STATION: ROCHESTER NY
MONTH: JULY
YEAR: 2020
LATITUDE: 43 7 N
LONGITUDE: 77 40 W
TEMPERATURE IN F: :PCPN: SNOW: WIND :SUNSHINE: SKY :PK WND
================================================================================
1 2 3 4 5 6A 6B 7 8 9 10 11 12 13 14 15 16 17 18
12Z AVG MX 2MIN
DY MAX MIN AVG DEP HDD CDD WTR SNW DPTH SPD SPD DIR MIN PSBL S-S WX SPD DR
================================================================================
1 84 62 73 3 0 8 0.00 0.0 0 5.0 12 50 M M 4 15 70
2 93 63 78 8 0 13 0.00 0.0 0 9.3 17 260 M M 4 24 310
3 88 69 79 9 0 14 0.00 0.0 0 6.4 16 40 M M 4 21 10
4 85 63 74 4 0 9 0.15 0.0 0 5.8 14 10 M M 3 1 19 10
5 90 59 75 5 0 10 0.00 0.0 0 6.2 15 270 M M 6 24 280
6 90 64 77 6 0 12 0.00 0.0 0 5.3 18 40 M M 4 22 30
7 93 68 81 10 0 16 0.00 0.0 0 5.9 18 230 M M 4 8 25 220
8 90 71 81 10 0 16 T 0.0 0 5.1 17 200 M M 4 3 21 180
9 97 70 84 13 0 19 0.00 0.0 0 7.3 17 30 M M 3 21 40
10 93 72 83 12 0 18 0.00 0.0 0 9.6 21 150 M M 6 27 130
11 85 69 77 6 0 12 3.18 0.0 0 8.1 20 320 M M 8 13 26 310
12 83 65 74 3 0 9 0.02 0.0 0 10.1 20 270 M M M 26 260
13 78 63 71 0 0 6 0.01 0.0 0 8.7 16 330 M M 5 1 22 300
14 82 60 71 0 0 6 0.00 0.0 0 6.4 13 340 M M 4 19 350
15 86 61 74 3 0 9 0.00 0.0 0 5.4 12 100 M M 3 16 130
16 81 71 76 5 0 11 1.70 0.0 0 10.2 17 120 M M 9 13 27 180
17 85 67 76 5 0 11 0.04 0.0 0 9.8 17 320 M M 6 24 320
18 88 64 76 5 0 11 0.00 0.0 0 7.4 17 270 M M 4 23 270
19 91 70 81 10 0 16 0.03 0.0 0 12.0 23 240 M M 6 3 29 220
20 85 70 78 7 0 13 0.00 0.0 0 11.7 22 260 M M 5 29 280
21 80 62 71 0 0 6 0.00 0.0 0 5.0 12 60 M M 7 16 20
22 82 65 74 3 0 9 0.16 0.0 0 5.8 13 240 M M 8 1 17 230
23 82 67 75 4 0 10 0.00 0.0 0 5.9 16 360 M M 7 20 360
24 81 63 72 1 0 7 0.00 0.0 0 3.8 14 20 M M 3 8 18 40
25 86 61 74 3 0 9 0.00 0.0 0 3.4 12 210 M M 5 8 14 220
26 88 63 76 5 0 11 0.00 0.0 0 11.7 24 250 M M 6 30 250
27 88 69 79 8 0 14 T 0.0 0 12.8 23 310 M M 5 3 33 270
28 83 68 76 5 0 11 0.09 0.0 0 9.8 18 280 M M 5 1 23 260
29 83 64 74 3 0 9 0.16 0.0 0 7.5 25 250 M M 7 13 31 240
30 81 63 72 1 0 7 0.00 0.0 0 5.6 17 310 M M 5 1 22 320
31 81 59 70 -1 0 5 0.00 0.0 0 5.0 14 50 M M 3 20 60
================================================================================
SM 2662 2025 0 337 5.54 0.0 232.0 M 153
================================================================================
AV 85.9 65.3 7.5 FASTST M M 5 MAX(MPH)
MISC ----> # 25 250 # 33 270
================================================================================
NOTES:
# LAST OF SEVERAL OCCURRENCES
COLUMN 17 PEAK WIND IN M.P.H.
PRELIMINARY LOCAL CLIMATOLOGICAL DATA (WS FORM: F-6) , PAGE 2
STATION: ROCHESTER NY
MONTH: JULY
YEAR: 2020
LATITUDE: 43 7 N
LONGITUDE: 77 40 W
[TEMPERATURE DATA] [PRECIPITATION DATA] SYMBOLS USED IN COLUMN 16
AVERAGE MONTHLY: 75.6 TOTAL FOR MONTH: 5.54 1 = FOG OR MIST
DPTR FM NORMAL: 4.8 DPTR FM NORMAL: 2.21 2 = FOG REDUCING VISIBILITY
HIGHEST: 97 ON 9 GRTST 24HR 3.18 ON 11-11 TO 1/4 MILE OR LESS
LOWEST: 59 ON 31, 5 3 = THUNDER
SNOW, ICE PELLETS, HAIL 4 = ICE PELLETS
TOTAL MONTH: 0.0 INCH 5 = HAIL
GRTST 24HR 0.0 6 = FREEZING RAIN OR DRIZZLE
GRTST DEPTH: 0 7 = DUSTSTORM OR SANDSTORM:
VSBY 1/2 MILE OR LESS
8 = SMOKE OR HAZE
[NO. OF DAYS WITH] [WEATHER - DAYS WITH] 9 = BLOWING SNOW
X = TORNADO
MAX 32 OR BELOW: 0 0.01 INCH OR MORE: 10
MAX 90 OR ABOVE: 8 0.10 INCH OR MORE: 5
MIN 32 OR BELOW: 0 0.50 INCH OR MORE: 2
MIN 0 OR BELOW: 0 1.00 INCH OR MORE: 2
[HDD (BASE 65) ]
TOTAL THIS MO. 0 CLEAR (SCALE 0-3) 5
DPTR FM NORMAL -12 PTCLDY (SCALE 4-7) 24
TOTAL FM JUL 1 0 CLOUDY (SCALE 8-10) 1
DPTR FM NORMAL -12
[CDD (BASE 65) ]
TOTAL THIS MO. 337
DPTR FM NORMAL 144 [PRESSURE DATA]
TOTAL FM JAN 1 547 HIGHEST SLP 30.18 ON 15
DPTR FM NORMAL 218 LOWEST SLP 29.54 ON 11
[REMARKS]
#FINAL-07-20#