000
CXUS51 KBUF 011205
CF6ROC
PRELIMINARY LOCAL CLIMATOLOGICAL DATA (WS FORM: F-6)
STATION: ROCHESTER NY
MONTH: FEBRUARY
YEAR: 2020
LATITUDE: 43 7 N
LONGITUDE: 77 40 W
TEMPERATURE IN F: :PCPN: SNOW: WIND :SUNSHINE: SKY :PK WND
================================================================================
1 2 3 4 5 6A 6B 7 8 9 10 11 12 13 14 15 16 17 18
12Z AVG MX 2MIN
DY MAX MIN AVG DEP HDD CDD WTR SNW DPTH SPD SPD DIR MIN PSBL S-S WX SPD DR
================================================================================
1 33 28 31 7 34 0 0.03 0.4 1 2.5 8 250 M M 10 18 10 250
2 34 29 32 8 33 0 0.16 0.7 0 5.2 13 250 M M 9 1 16 260
3 46 31 39 14 26 0 T T 1 10.3 23 270 M M 7 1 32 280
4 37 32 35 10 30 0 0.00 0.0 0 6.9 15 320 M M 10 22 320
5 32 24 28 3 37 0 0.04 0.4 0 9.2 21 330 M M 10 1 26 330
6 32 23 28 3 37 0 0.58 2.6 3 11.0 22 60 M M 10 1246 26 50
7 28 20 24 -1 41 0 0.29 5.1 4 13.4 20 310 M M 9 1246 29 320
8 20 10 15 -10 50 0 0.04 1.8 7 6.8 14 280 M M 9 1 19 30
9 36 11 24 -1 41 0 0.11 1.3 9 5.7 20 200 M M 9 1 25 210
10 38 30 34 9 31 0 0.03 T 6 7.2 17 220 M M 6 1 25 220
11 36 29 33 7 32 0 T T 4 8.9 20 270 M M 10 28 310
12 39 24 32 6 33 0 0.02 0.1 3 8.7 21 290 M M 6 1 30 280
13 33 16 25 -1 40 0 0.21 2.5 4 7.3 18 330 M M 10 1 24 330
14 16 3 10 -16 55 0 0.01 0.5 6 8.1 17 310 M M 6 22 310
15 34 2 18 -8 47 0 0.00 0.0 5 9.4 17 210 M M 5 24 210
16 37 28 33 7 32 0 T T 4 13.2 28 270 M M 9 37 280
17 30 25 28 1 37 0 T T 4 8.1 14 100 M M 8 19 110
18 44 25 35 8 30 0 0.35 1.5 5 15.3 31 270 M M 10 16 42 280
19 35 23 29 2 36 0 0.04 0.5 2 11.8 24 280 M M 10 18 38 290
20 23 16 20 -7 45 0 0.04 1.5 4 8.7 16 340 M M 8 18 20 10
21 31 12 22 -5 43 0 T T 4 13.6 25 260 M M 2 34 260
22 40 26 33 5 32 0 0.00 0.0 2 14.9 28 270 M M 3 36 280
23 49 29 39 11 26 0 0.00 0.0 1 9.7 16 240 M M 6 19 210
24 53 37 45 17 20 0 0.00 0.0 0 7.1 17 250 M M 5 23 240
25 38 35 37 9 28 0 0.03 T 0 8.2 16 60 M M 10 1 20 50
26 37 33 35 6 30 0 0.34 0.1 T 8.2 15 60 M M 10 1 19 60
27 36 23 30 1 35 0 0.12 1.2 1 23.3 39 280 M M 9 19 53 270
28 27 22 25 -4 40 0 0.01 0.2 1 23.7 36 280 M M 9 12 49 280
29 23 13 18 -11 47 0 0.06 1.2 1 10.1 22 280 M M 9 128 26 280
================================================================================
SM 997 659 1048 0 2.51 21.6 296.5 M 234
================================================================================
AV 34.4 22.7 10.2 FASTST M M 8 MAX(MPH)
MISC ----> # 39 280 # 53 270
================================================================================
NOTES:
# LAST OF SEVERAL OCCURRENCES
COLUMN 17 PEAK WIND IN M.P.H.
PRELIMINARY LOCAL CLIMATOLOGICAL DATA (WS FORM: F-6) , PAGE 2
STATION: ROCHESTER NY
MONTH: FEBRUARY
YEAR: 2020
LATITUDE: 43 7 N
LONGITUDE: 77 40 W
[TEMPERATURE DATA] [PRECIPITATION DATA] SYMBOLS USED IN COLUMN 16
AVERAGE MONTHLY: 28.6 TOTAL FOR MONTH: 2.51 1 = FOG OR MIST
DPTR FM NORMAL: 2.2 DPTR FM NORMAL: 0.56 2 = FOG REDUCING VISIBILITY
HIGHEST: 53 ON 24 GRTST 24HR 0.58 ON 6- 6 TO 1/4 MILE OR LESS
LOWEST: 2 ON 15 3 = THUNDER
SNOW, ICE PELLETS, HAIL 4 = ICE PELLETS
TOTAL MONTH: 21.6 INCHES 5 = HAIL
GRTST 24HR 5.1 ON 7- 7 6 = FREEZING RAIN OR DRIZZLE
GRTST DEPTH: 9 ON 9 7 = DUSTSTORM OR SANDSTORM:
VSBY 1/2 MILE OR LESS
8 = SMOKE OR HAZE
[NO. OF DAYS WITH] [WEATHER - DAYS WITH] 9 = BLOWING SNOW
X = TORNADO
MAX 32 OR BELOW: 10 0.01 INCH OR MORE: 19
MAX 90 OR ABOVE: 0 0.10 INCH OR MORE: 8
MIN 32 OR BELOW: 26 0.50 INCH OR MORE: 1
MIN 0 OR BELOW: 0 1.00 INCH OR MORE: 0
[HDD (BASE 65) ]
TOTAL THIS MO. 1048 CLEAR (SCALE 0-3) 2
DPTR FM NORMAL -34 PTCLDY (SCALE 4-7) 8
TOTAL FM JUL 1 4445 CLOUDY (SCALE 8-10) 19
DPTR FM NORMAL -377
[CDD (BASE 65) ]
TOTAL THIS MO. 0
DPTR FM NORMAL 0 [PRESSURE DATA]
TOTAL FM JAN 1 0 HIGHEST SLP 30.63 ON 14
DPTR FM NORMAL 0 LOWEST SLP 29.23 ON 7
[REMARKS]
#FINAL-02-20#