000
CXUS54 KFWD 220503
CF6RPH
PRELIMINARY LOCAL CLIMATOLOGICAL DATA (WS FORM: F-6)
STATION: GRAHAM
MONTH: JULY
YEAR: 2022
LATITUDE: 33 6 N
LONGITUDE: 98 30 W
TEMPERATURE IN F: :PCPN: SNOW: WIND :SUNSHINE: SKY :PK WND
================================================================================
1 2 3 4 5 6A 6B 7 8 9 10 11 12 13 14 15 16 17 18
12Z AVG MX 2MIN
DY MAX MIN AVG DEP HDD CDD WTR SNW DPTH SPD SPD DIR MIN PSBL S-S WX SPD DR
================================================================================
1 99 74 87 5 0 22 0.00 M M 5.7 12 110 M M 0 20 80
2 101 74 88 6 0 23 0.00 M M 5.3 9 130 M M 1 18 99
3 98 74 86 4 0 21 0.22 M M 6.4 13 60 M M 2 1 23 340
4 100 81 91 9 0 26 0.00 M M 7.9 10 160 M M 0 18 170
5 102 78 90 8 0 25 0.00 M M 7.0 12 210 M M 0 17 130
6 104 80 92 9 0 27 0.00 M M 6.7 10 180 M M 0 18 150
7 104 79 92 9 0 27 0.00 M M 6.8 10 220 M M 0 20 140
8 107 78 93 10 0 28 0.00 M M 6.2 15 40 M M 0 25 40
9 103 75 89 6 0 24 0.00 M M 4.5 10 20 M M 2 24 20
10 103 69 86 3 0 21 0.00 M M 4.6 10 50 M M 0 18 350
11 102 74 88 5 0 23 0.00 M M 4.9 10 90 M M 0 17 90
12 103 74 89 6 0 24 0.00 M M 5.5 10 90 M M 0 21 360
13 103 74 89 6 0 24 0.00 M M 4.3 10 80 M M 0 16 99
14 104 73 89 6 0 24 T M M 5.6 18 130 M M 1 32 130
15 101 65 83 -1 0 18 0.00 M M 4.0 8 120 M M 0 M M
16 101 72 87 3 0 22 0.00 M M 5.2 10 120 M M 0 17 180
17 105 79 92 8 0 27 0.00 M M 5.8 9 230 M M 0 17 220
18 110 80 95 11 0 30 0.00 M M 6.0 14 250 M M 1 8 22 250
19 111 82 97 13 0 32 0.00 M M 6.8 10 210 M M 0 20 210
20 108 83 96 12 0 31 0.00 M M 6.4 13 300 M M 4 22 150
21 102 72 87 3 0 22 0.02 M M 5.1 10 340 M M 7 1 31 0
22 97 78 88 4 0 23 T M M 4.7 10 350 M M 5 M M
23 101 77 89 5 0 24 0.00 M M 7.5 13 190 M M 1 18 99
24 102 80 91 7 0 26 0.00 M M 6.4 10 230 M M 1 18 130
25 104 82 93 9 0 28 0.00 M M 7.3 10 230 M M 1 20 120
26 104 81 93 9 0 28 0.00 M M 7.6 12 170 M M 0 20 160
27 105 81 93 9 0 28 0.00 M M 7.4 12 110 M M 1 20 120
28 103 80 92 8 0 27 0.00 M M 6.5 12 240 M M 1 17 150
29 100 80 90 6 0 25 T M M 5.7 15 140 M M 4 27 110
30 97 81 89 5 0 24 0.00 M M 5.5 10 80 M M 5 22 210
31 105 80 93 9 0 28 0.00 M M 7.6 10 170 M M 2 20 200
================================================================================
SM 3189 2390 0 782 0.24 M 187.0 M 39
================================================================================
AV102.9 77.1 6.0 FASTST M M 1 MAX(MPH)
MISC ----> 18 130 32 130
================================================================================
NOTES:
# LAST OF SEVERAL OCCURRENCES
COLUMN 17 PEAK WIND IN M.P.H.
PRELIMINARY LOCAL CLIMATOLOGICAL DATA (WS FORM: F-6) , PAGE 2
STATION: GRAHAM
MONTH: JULY
YEAR: 2022
LATITUDE: 33 6 N
LONGITUDE: 98 30 W
[TEMPERATURE DATA] [PRECIPITATION DATA] SYMBOLS USED IN COLUMN 16
AVERAGE MONTHLY: 90.0 TOTAL FOR MONTH: 0.24 1 = FOG OR MIST
DPTR FM NORMAL: 6.6 DPTR FM NORMAL: -1.94 2 = FOG REDUCING VISIBILITY
HIGHEST: 111 ON 19 GRTST 24HR 0.22 ON 3- 3 TO 1/4 MILE OR LESS
LOWEST: 65 ON 15 3 = THUNDER
SNOW, ICE PELLETS, HAIL 4 = ICE PELLETS
TOTAL MONTH: M 5 = HAIL
GRTST 24HR M ON M 6 = FREEZING RAIN OR DRIZZLE
GRTST DEPTH: M ON M 7 = DUSTSTORM OR SANDSTORM:
VSBY 1/2 MILE OR LESS
8 = SMOKE OR HAZE
[NO. OF DAYS WITH] [WEATHER - DAYS WITH] 9 = BLOWING SNOW
X = TORNADO
MAX 32 OR BELOW: 0 0.01 INCH OR MORE: 2
MAX 90 OR ABOVE: 31 0.10 INCH OR MORE: 1
MIN 32 OR BELOW: 0 0.50 INCH OR MORE: 0
MIN 0 OR BELOW: 0 1.00 INCH OR MORE: 0
[HDD (BASE 65) ]
TOTAL THIS MO. 0 CLEAR (SCALE 0-3) 26
DPTR FM NORMAL 0 PTCLDY (SCALE 4-7) 5
TOTAL FM JUL 1 0 CLOUDY (SCALE 8-10) 0
DPTR FM NORMAL 0
[CDD (BASE 65) ]
TOTAL THIS MO. 782
DPTR FM NORMAL 210 [PRESSURE DATA]
TOTAL FM JAN 1 1934 HIGHEST SLP M ON M
DPTR FM NORMAL 630 LOWEST SLP M ON M
[REMARKS]
#FINAL-07-22#