000
CXUS56 KFGZ 010910
CF6RQE
PRELIMINARY LOCAL CLIMATOLOGICAL DATA (WS FORM: F-6)
STATION: WINDOW ROCK AZ AIRPORT
MONTH: MAY
YEAR: 2021
LATITUDE: 35 39 N
LONGITUDE: 109 4 W
TEMPERATURE IN F: :PCPN: SNOW: WIND :SUNSHINE: SKY :PK WND
================================================================================
1 2 3 4 5 6A 6B 7 8 9 10 11 12 13 14 15 16 17 18
12Z AVG MX 2MIN
DY MAX MIN AVG DEP HDD CDD WTR SNW DPTH SPD SPD DIR MIN PSBL S-S WX SPD DR
================================================================================
1 83 31 57 6 8 0 0.00 M M 9.1 23 230 M M 0 31 260
2 76 48 62 11 3 0 0.00 M M 12.7 29 240 M M 0 41 230
3 63 34 49 -2 16 0 0.01 M M 5.3 26 300 M M 4 34 300
4 74 26 50 -1 15 0 0.00 M M 5.5 23 240 M M 1 29 250
5 80 39 60 8 5 0 0.00 M M 5.6 18 280 M M 0 24 320
6 84 28 56 4 9 0 0.00 M M 3.9 26 200 M M 0 35 210
7 82 42 62 10 3 0 0.00 M M 10.1 29 240 M M 1 37 220
8 75 43 59 6 6 0 0.00 M M 10.0 26 270 M M 2 39 330
9 72 37 55 2 10 0 T M M 10.7 30 240 M M 4 37 270
10 75 41 58 5 7 0 0.00 M M 13.8 30 220 M M 1 41 210
11 73 29 51 -3 14 0 0.00 M M 5.7 21 290 M M 1 29 230
12 77 32 55 1 10 0 0.00 M M 4.2 20 260 M M 1 24 260
13 82 28 55 1 10 0 0.00 M M 4.1 20 250 M M 0 27 250
14 83 39 61 7 4 0 0.00 M M 6.4 24 240 M M 0 37 310
15 80 41 61 6 4 0 T M M 6.0 35 170 M M 1 48 160
16 77 32 55 0 10 0 0.00 M M 9.7 25 220 M M 0 35 230
17 72 32 52 -3 13 0 0.00 M M 5.6 21 210 M M 0 8 27 210
18 73 40 57 1 8 0 T M M 8.5 23 310 M M 4 32 300
19 83 35 59 3 6 0 0.00 M M 7.0 24 250 M M 3 30 240
20 81 43 62 6 3 0 0.00 M M 16.1 32 230 M M 0 44 210
21 68 48 58 1 7 0 0.13 M M 12.2 29 200 M M 6 43 190
22 78 35 57 0 8 0 T M M 14.4 36 200 M M 2 47 200
23 68 27 48 -9 17 0 0.00 M M 4.6 20 250 M M 0 25 230
24 76 23 50 -8 15 0 0.00 M M 4.3 18 240 M M 0 26 270
25 81 28 55 -3 10 0 0.00 M M 4.5 18 230 M M 0 25 180
26 79 37 58 0 7 0 0.00 M M 6.0 24 230 M M 0 32 240
27 80 31 56 -3 9 0 0.00 M M 4.3 24 210 M M 1 38 170
28 85 32 59 0 6 0 0.00 M M 5.6 20 240 M M 0 30 250
29 84 38 61 2 4 0 0.00 M M 7.9 21 230 M M 0 27 240
30 84 42 63 3 2 0 0.00 M M 7.1 22 260 M M 0 27 250
31 80 49 65 5 0 0 0.04 M M 7.4 29 260 M M 2 44 210
================================================================================
SM 2408 1110 249 0 0.18 M 238.3 M 34
================================================================================
AV 77.7 35.8 7.7 FASTST M M 1 MAX(MPH)
MISC ----> 36 200 48 160
================================================================================
NOTES:
# LAST OF SEVERAL OCCURRENCES
COLUMN 17 PEAK WIND IN M.P.H.
PRELIMINARY LOCAL CLIMATOLOGICAL DATA (WS FORM: F-6) , PAGE 2
STATION: WINDOW ROCK AZ AIRPORT
MONTH: MAY
YEAR: 2021
LATITUDE: 35 39 N
LONGITUDE: 109 4 W
[TEMPERATURE DATA] [PRECIPITATION DATA] SYMBOLS USED IN COLUMN 16
AVERAGE MONTHLY: 56.7 TOTAL FOR MONTH: 0.18 1 = FOG OR MIST
DPTR FM NORMAL: 1.6 DPTR FM NORMAL: -0.39 2 = FOG REDUCING VISIBILITY
HIGHEST: 85 ON 28 GRTST 24HR 0.13 ON 21-21 TO 1/4 MILE OR LESS
LOWEST: 23 ON 24 3 = THUNDER
SNOW, ICE PELLETS, HAIL 4 = ICE PELLETS
TOTAL MONTH: M 5 = HAIL
GRTST 24HR M ON M 6 = FREEZING RAIN OR DRIZZLE
GRTST DEPTH: M ON M 7 = DUSTSTORM OR SANDSTORM:
VSBY 1/2 MILE OR LESS
8 = SMOKE OR HAZE
[NO. OF DAYS WITH] [WEATHER - DAYS WITH] 9 = BLOWING SNOW
X = TORNADO
MAX 32 OR BELOW: 0 0.01 INCH OR MORE: 3
MAX 90 OR ABOVE: 0 0.10 INCH OR MORE: 1
MIN 32 OR BELOW: 13 0.50 INCH OR MORE: 0
MIN 0 OR BELOW: 0 1.00 INCH OR MORE: 0
[HDD (BASE 65) ]
TOTAL THIS MO. 249 CLEAR (SCALE 0-3) 27
DPTR FM NORMAL -60 PTCLDY (SCALE 4-7) 4
TOTAL FM JUL 1 5939 CLOUDY (SCALE 8-10) 0
DPTR FM NORMAL -156
[CDD (BASE 65) ]
TOTAL THIS MO. 0
DPTR FM NORMAL -4 [PRESSURE DATA]
TOTAL FM JAN 1 0 HIGHEST SLP M ON M
DPTR FM NORMAL -4 LOWEST SLP 29.35 ON 2
[REMARKS]
#FINAL-05-21#