000
CXUS53 KGRB 021221
CF6RRL
PRELIMINARY LOCAL CLIMATOLOGICAL DATA (WS FORM: F-6)
STATION: MERRILL MUNICIPAL AI
MONTH: JULY
YEAR: 2022
LATITUDE: 45 10 N
LONGITUDE: 89 42 W
TEMPERATURE IN F: :PCPN: SNOW: WIND :SUNSHINE: SKY :PK WND
================================================================================
1 2 3 4 5 6A 6B 7 8 9 10 11 12 13 14 15 16 17 18
12Z AVG MX 2MIN
DY MAX MIN AVG DEP HDD CDD WTR SNW DPTH SPD SPD DIR MIN PSBL S-S WX SPD DR
================================================================================
1 78 55 67 M 0 2 M M M 7.5 16 270 M M 1 24 280
2 74 44 59 M 6 0 M M M 2.7 8 260 M M 1 M M
3 77 43 60 M 5 0 M M M 1.9 8 190 M M 6 1 M M
4 75 55 65 M 0 0 M M M 2.4 9 230 M M 7 12 23 150
5 83 63 73 M 0 8 M M M 2.7 10 30 M M 8 12 17 30
6 76 63 70 M 0 5 M M M 5.0 8 80 M M 9 16 80
7 84 55 70 M 0 5 M M M 2.0 7 220 M M 6 1 M M
8 78 53 66 M 0 1 M M M 6.1 15 80 M M 7 22 80
9 80 46 63 M 2 0 M M M 1.7 6 250 M M 3 1 M M
10 81 50 66 M 0 1 M M M 4.9 13 230 M M 3 20 250
11 79 62 71 M 0 6 M M M 6.6 14 270 M M 6 22 340
12 80 57 69 M 0 4 M M M 7.0 14 300 M M 5 47 340
13 76 55 66 M 0 1 M M M 2.6 8 60 M M 7 M M
14 77 46 62 M 3 0 M M M 4.4 10 140 M M 3 M M
15 75 55 65 M 0 0 M M M 3.2 8 160 M M 8 2 23 160
16 80 55 68 M 0 3 M M M 0.9 5 190 M M 5 12 M M
17 83 60 72 M 0 7 M M M 1.8 10 20 M M 5 1 M M
18 88 55 72 M 0 7 M M M 5.2 26 30 M M 5 12 41 30
19 85 60 73 M 0 8 M M M 6.9 15 210 M M 2 1 24 200
20 76 63 70 M 0 5 M M M 10.7 15 300 M M 6 1 23 310
21 82 59 71 M 0 6 M M M 8.6 16 300 M M 0 22 300
22 87 51 69 M 0 4 M M M 6.5 21 270 M M 3 31 270
23 83 55 69 M 0 4 M M M 3.3 24 260 M M 5 12 29 260
24 76 54 65 M 0 0 M M M 7.4 15 340 M M 6 26 340
25 73 45 59 M 6 0 M M M 4.6 10 310 M M 2 16 290
26 78 43 61 M 4 0 M M M 2.8 9 230 M M 5 1 M M
27 78 58 68 M 0 3 M M M 7.6 15 260 M M 5 22 250
28 72 54 63 M 2 0 M M M 7.9 14 290 M M 5 21 300
29 75 47 61 M 4 0 M M M 3.5 8 310 M M 5 1 24 330
30 80 45 63 M 2 0 M M M 3.3 10 220 M M 3 12 16 220
31 82 53 68 M 0 3 M M M 7.6 14 230 M M 5 23 220
================================================================================
SM 2451 1659 34 83 M M 149.3 M 147
================================================================================
AV 79.1 53.5 4.8 FASTST M M 5 MAX(MPH)
MISC ----> 26 30 47 340
================================================================================
NOTES:
# LAST OF SEVERAL OCCURRENCES
COLUMN 17 PEAK WIND IN M.P.H.
PRELIMINARY LOCAL CLIMATOLOGICAL DATA (WS FORM: F-6) , PAGE 2
STATION: MERRILL MUNICIPAL AI
MONTH: JULY
YEAR: 2022
LATITUDE: 45 10 N
LONGITUDE: 89 42 W
[TEMPERATURE DATA] [PRECIPITATION DATA] SYMBOLS USED IN COLUMN 16
AVERAGE MONTHLY: 66.3 TOTAL FOR MONTH: M 1 = FOG OR MIST
DPTR FM NORMAL: 0.0 DPTR FM NORMAL: M 2 = FOG REDUCING VISIBILITY
HIGHEST: 88 ON 18 GRTST 24HR M ON M TO 1/4 MILE OR LESS
LOWEST: 43 ON 26, 3 3 = THUNDER
SNOW, ICE PELLETS, HAIL 4 = ICE PELLETS
TOTAL MONTH: M 5 = HAIL
GRTST 24HR M ON M 6 = FREEZING RAIN OR DRIZZLE
GRTST DEPTH: M ON M 7 = DUSTSTORM OR SANDSTORM:
VSBY 1/2 MILE OR LESS
8 = SMOKE OR HAZE
[NO. OF DAYS WITH] [WEATHER - DAYS WITH] 9 = BLOWING SNOW
X = TORNADO
MAX 32 OR BELOW: 0 0.01 INCH OR MORE: 0
MAX 90 OR ABOVE: 0 0.10 INCH OR MORE: 0
MIN 32 OR BELOW: 0 0.50 INCH OR MORE: 0
MIN 0 OR BELOW: 0 1.00 INCH OR MORE: 0
[HDD (BASE 65) ]
TOTAL THIS MO. 34 CLEAR (SCALE 0-3) 8
DPTR FM NORMAL M PTCLDY (SCALE 4-7) 21
TOTAL FM JUL 1 34 CLOUDY (SCALE 8-10) 2
DPTR FM NORMAL M
[CDD (BASE 65) ]
TOTAL THIS MO. 83
DPTR FM NORMAL M [PRESSURE DATA]
TOTAL FM JAN 1 192 HIGHEST SLP M ON M
DPTR FM NORMAL 192 LOWEST SLP M ON M
[REMARKS]
#FINAL-07-22#