000
CXUS53 KARX 010930
CF6RST
PRELIMINARY LOCAL CLIMATOLOGICAL DATA (WS FORM: F-6)
STATION: ROCHESTER MN
MONTH: MAY
YEAR: 2020
LATITUDE: 43 55 N
LONGITUDE: 92 30 W
TEMPERATURE IN F: :PCPN: SNOW: WIND :SUNSHINE: SKY :PK WND
================================================================================
1 2 3 4 5 6A 6B 7 8 9 10 11 12 13 14 15 16 17 18
12Z AVG MX 2MIN
DY MAX MIN AVG DEP HDD CDD WTR SNW DPTH SPD SPD DIR MIN PSBL S-S WX SPD DR
================================================================================
1 76 41 59 6 6 0 0.00 0.0 0 16.6 30 160 M M 3 43 160
2 75 49 62 8 3 0 0.00 0.0 0 16.4 29 280 M M 0 36 280
3 72 43 58 4 7 0 0.00 0.0 0 13.6 28 320 M M 0 38 310
4 57 35 46 -8 19 0 0.00 0.0 0 9.4 18 110 M M 1 23 110
5 51 41 46 -9 19 0 T 0.0 0 8.9 16 30 M M 8 21 90
6 63 39 51 -4 14 0 0.00 0.0 0 11.5 23 310 M M 4 1 28 280
7 63 39 51 -4 14 0 0.00 0.0 0 11.8 24 330 M M 0 35 310
8 48 32 40 -16 25 0 0.00 0.0 0 13.2 25 350 M M 0 38 350
9 66 27 47 -9 18 0 0.25 0.0 0 12.4 35 270 M M 5 1 46 280
10 46 34 40 -16 25 0 0.24 T 0 14.4 24 330 M M 10 1 33 350
11 54 34 44 -12 21 0 0.00 0.0 0 9.4 20 310 M M 7 25 310
12 58 31 45 -12 20 0 0.00 0.0 0 6.0 10 100 M M 0 13 50
13 64 38 51 -6 14 0 0.07 0.0 0 16.7 29 160 M M 6 1 42 150
14 70 51 61 3 4 0 0.05 0.0 0 7.7 16 180 M M 7 1 23 190
15 69 44 57 -1 8 0 0.00 0.0 0 9.4 20 340 M M 0 24 350
16 73 49 61 3 4 0 0.26 0.0 0 11.6 20 60 M M 3 1 29 110
17 54 47 51 -7 14 0 2.20 0.0 0 17.8 26 50 M M 10 1 36 70
18 56 49 53 -6 12 0 0.04 0.0 0 16.8 25 50 M M 10 1 33 10
19 66 48 57 -2 8 0 0.00 0.0 0 10.5 16 80 M M 10 1 23 60
20 74 54 64 5 1 0 0.00 0.0 0 11.3 22 120 M M 4 30 100
21 64 55 60 0 5 0 0.00 0.0 0 9.9 18 120 M M 9 1 25 140
22 65 55 60 0 5 0 T 0.0 0 7.5 16 140 M M 10 19 130
23 69 57 63 3 2 0 0.55 0.0 0 9.4 18 90 M M 8 123 25 90
24 78 59 69 9 0 4 0.03 0.0 0 8.2 24 240 M M 7 123 31 240
25 77 63 70 9 0 5 0.98 0.0 0 7.5 30 200 M M 3 13 41 200
26 81 63 72 11 0 7 0.13 0.0 0 10.8 35 190 M M 4 13 49 200
27 79 65 72 10 0 7 0.08 0.0 0 8.6 16 360 M M 8 1 20 180
28 74 55 65 3 0 0 0.12 0.0 0 9.6 20 300 M M 3 12 27 300
29 65 50 58 -4 7 0 0.00 0.0 0 12.0 21 320 M M 4 29 300
30 67 47 57 -5 8 0 0.00 0.0 0 9.1 20 340 M M 2 26 340
31 75 44 60 -3 5 0 0.00 0.0 0 8.7 16 180 M M 2 24 180
================================================================================
SM 2049 1438 288 23 5.00 T 346.7 M 148
================================================================================
AV 66.1 46.4 11.2 FASTST M M 5 MAX(MPH)
MISC ----> # 35 270 # 49 200
================================================================================
NOTES:
# LAST OF SEVERAL OCCURRENCES
COLUMN 17 PEAK WIND IN M.P.H.
PRELIMINARY LOCAL CLIMATOLOGICAL DATA (WS FORM: F-6) , PAGE 2
STATION: ROCHESTER MN
MONTH: MAY
YEAR: 2020
LATITUDE: 43 55 N
LONGITUDE: 92 30 W
[TEMPERATURE DATA] [PRECIPITATION DATA] SYMBOLS USED IN COLUMN 16
AVERAGE MONTHLY: 56.2 TOTAL FOR MONTH: 5.00 1 = FOG OR MIST
DPTR FM NORMAL: -1.9 DPTR FM NORMAL: 1.37 2 = FOG REDUCING VISIBILITY
HIGHEST: 81 ON 26 GRTST 24HR 2.20 ON 17-17 TO 1/4 MILE OR LESS
LOWEST: 27 ON 9 3 = THUNDER
SNOW, ICE PELLETS, HAIL 4 = ICE PELLETS
TOTAL MONTH: T 5 = HAIL
GRTST 24HR T ON 10-10 6 = FREEZING RAIN OR DRIZZLE
GRTST DEPTH: 0 7 = DUSTSTORM OR SANDSTORM:
VSBY 1/2 MILE OR LESS
8 = SMOKE OR HAZE
[NO. OF DAYS WITH] [WEATHER - DAYS WITH] 9 = BLOWING SNOW
X = TORNADO
MAX 32 OR BELOW: 0 0.01 INCH OR MORE: 13
MAX 90 OR ABOVE: 0 0.10 INCH OR MORE: 8
MIN 32 OR BELOW: 3 0.50 INCH OR MORE: 3
MIN 0 OR BELOW: 0 1.00 INCH OR MORE: 1
[HDD (BASE 65) ]
TOTAL THIS MO. 288 CLEAR (SCALE 0-3) 11
DPTR FM NORMAL 43 PTCLDY (SCALE 4-7) 13
TOTAL FM JUL 1 7857 CLOUDY (SCALE 8-10) 7
DPTR FM NORMAL 187
[CDD (BASE 65) ]
TOTAL THIS MO. 23
DPTR FM NORMAL -7 [PRESSURE DATA]
TOTAL FM JAN 1 23 HIGHEST SLP 30.35 ON 31
DPTR FM NORMAL -11 LOWEST SLP 29.69 ON 1
[REMARKS]
#FINAL-05-20#