000
CXUS54 KLZK 011230
CF6RUE
PRELIMINARY LOCAL CLIMATOLOGICAL DATA (WS FORM: F-6)
STATION: RUSSELLVILLE
MONTH: OCTOBER
YEAR: 2023
LATITUDE: 35 15 N
LONGITUDE: 93 6 W
TEMPERATURE IN F: :PCPN: SNOW: WIND :SUNSHINE: SKY :PK WND
================================================================================
1 2 3 4 5 6A 6B 7 8 9 10 11 12 13 14 15 16 17 18
12Z AVG MX 2MIN
DY MAX MIN AVG DEP HDD CDD WTR SNW DPTH SPD SPD DIR MIN PSBL S-S WX SPD DR
================================================================================
1 95 63 79 11 0 14 0.00 M M 2.0 14 60 M M 1 18 70
2 93 61 77 9 0 12 0.00 M M 1.9 12 70 M M 1 1 17 100
3 91 60 76 9 0 11 0.00 M M 2.2 12 80 M M 2 21 140
4 80 66 73 6 0 8 0.56 M M 2.5 10 160 M M 7 1 20 170
5 81 62 72 6 0 7 0.88 M M 1.6 16 100 M M 7 12 36 90
6 82 53 68 2 0 3 0.00 M M 5.7 16 360 M M 2 12 23 350
7 69 43 56 -10 9 0 0.00 M M 2.7 12 250 M M 0 17 280
8 76 42 59 -6 6 0 0.00 M M 1.9 10 230 M M 0 16 240
9 86 47 67 2 0 2 0.00 M M 2.7 12 280 M M 0 16 300
10 83 52 68 4 0 3 0.00 M M 2.3 9 90 M M 1 1 16 160
11 82 59 71 7 0 6 0.00 M M 3.2 15 180 M M 0 26 170
12 66 56 61 -3 4 0 0.00 M M 3.2 9 150 M M 7 16 200
13 80 57 69 6 0 4 T M M 5.2 21 290 M M 7 28 290
14 67 51 59 -4 6 0 0.00 M M 9.9 17 290 M M 6 27 280
15 66 51 59 -3 6 0 0.01 M M 8.3 18 40 M M 10 25 50
16 70 41 56 -6 9 0 0.00 M M 4.7 17 260 M M 0 25 280
17 74 39 57 -5 8 0 0.00 M M 1.2 10 270 M M 0 14 280
18 78 42 60 -1 5 0 T M M 2.9 13 230 M M 0 1 18 240
19 81 50 66 5 0 1 T M M 4.3 18 280 M M 1 26 270
20 86 46 66 5 0 1 0.00 M M 3.0 15 340 M M 0 21 290
21 86 45 66 6 0 1 0.00 M M 1.4 13 310 M M 0 18 310
22 79 53 66 6 0 1 0.00 M M 3.0 12 110 M M 0 20 80
23 83 57 70 11 0 5 0.00 M M 1.8 8 210 M M 2 14 110
24 86 67 77 18 0 12 0.00 M M 2.5 13 170 M M 1 22 180
25 85 68 77 18 0 12 0.00 M M 3.8 14 190 M M 5 21 130
26 76 68 72 14 0 7 0.34 M M 2.0 8 150 M M 8 1 14 130
27 83 66 75 17 0 10 1.48 M M 1.5 5 99 M M 9 13 M M
28 66 59 63 5 2 0 0.40 M M 1.9 10 40 M M 10 1 14 40
29 60 45 53 -4 12 0 1.96 M M 6.4 17 350 M M 10 13 24 340
30 55 34 45 -12 20 0 0.20 M M 6.6 16 350 M M 2 1 22 10
31 59 28 44 -12 21 0 0.00 M M 5.5 17 300 M M 0 27 320
================================================================================
SM 2404 1631 108 120 5.83 M 107.8 M 99
================================================================================
AV 77.5 52.6 3.5 FASTST M M 3 MAX(MPH)
MISC ----> 21 290 36 90
================================================================================
NOTES:
# LAST OF SEVERAL OCCURRENCES
COLUMN 17 PEAK WIND IN M.P.H.
PRELIMINARY LOCAL CLIMATOLOGICAL DATA (WS FORM: F-6) , PAGE 2
STATION: RUSSELLVILLE
MONTH: OCTOBER
YEAR: 2023
LATITUDE: 35 15 N
LONGITUDE: 93 6 W
[TEMPERATURE DATA] [PRECIPITATION DATA] SYMBOLS USED IN COLUMN 16
AVERAGE MONTHLY: 65.1 TOTAL FOR MONTH: 5.83 1 = FOG OR MIST
DPTR FM NORMAL: 3.0 DPTR FM NORMAL: 1.77 2 = FOG REDUCING VISIBILITY
HIGHEST: 95 ON 1 GRTST 24HR 2.09 ON 28-29 TO 1/4 MILE OR LESS
LOWEST: 28 ON 31 3 = THUNDER
SNOW, ICE PELLETS, HAIL 4 = ICE PELLETS
TOTAL MONTH: M 5 = HAIL
GRTST 24HR M ON M 6 = FREEZING RAIN OR DRIZZLE
GRTST DEPTH: M ON M 7 = DUSTSTORM OR SANDSTORM:
VSBY 1/2 MILE OR LESS
8 = SMOKE OR HAZE
[NO. OF DAYS WITH] [WEATHER - DAYS WITH] 9 = BLOWING SNOW
X = TORNADO
MAX 32 OR BELOW: 0 0.01 INCH OR MORE: 8
MAX 90 OR ABOVE: 3 0.10 INCH OR MORE: 7
MIN 32 OR BELOW: 1 0.50 INCH OR MORE: 4
MIN 0 OR BELOW: 0 1.00 INCH OR MORE: 2
[HDD (BASE 65) ]
TOTAL THIS MO. 108 CLEAR (SCALE 0-3) 20
DPTR FM NORMAL -49 PTCLDY (SCALE 4-7) 6
TOTAL FM JUL 1 108 CLOUDY (SCALE 8-10) 5
DPTR FM NORMAL -61
[CDD (BASE 65) ]
TOTAL THIS MO. 120
DPTR FM NORMAL 53 [PRESSURE DATA]
TOTAL FM JAN 1 2210 HIGHEST SLP 30.47 ON 31
DPTR FM NORMAL 229 LOWEST SLP 29.68 ON 11
[REMARKS]
#FINAL-10-23#