000
CXUS51 KBTV 010700
CF6RUT
PRELIMINARY LOCAL CLIMATOLOGICAL DATA (WS FORM: F-6)
STATION: RUTLAND VT
MONTH: MARCH
YEAR: 2023
LATITUDE: 43 31 N
LONGITUDE: 72 57 W
TEMPERATURE IN F: :PCPN: SNOW: WIND :SUNSHINE: SKY :PK WND
================================================================================
1 2 3 4 5 6A 6B 7 8 9 10 11 12 13 14 15 16 17 18
12Z AVG MX 2MIN
DY MAX MIN AVG DEP HDD CDD WTR SNW DPTH SPD SPD DIR MIN PSBL S-S WX SPD DR
================================================================================
1 40 20 30 M 35 0 T M M 6.3 16 130 M M 5 1 M M
2 41 32 37 M 28 0 0.15 M M 9.7 16 280 M M 10 1 28 280
3 37 23 30 M 35 0 T M M 5.9 14 140 M M 3 1 22 140
4 39 28 34 M 31 0 0.16 M M 8.8 33 110 M M 10 12 44 110
5 37 28 33 M 32 0 T M M 3.6 8 330 M M 10 1 M M
6 41 21 31 M 34 0 0.00 M M 7.1 21 330 M M 1 12 30 340
7 29 22 26 M 39 0 T M M 11.5 16 330 M M 7 32 330
8 32 23 28 M 37 0 T M M 8.7 14 320 M M 10 20 320
9 35 28 32 M 33 0 0.00 M M 6.0 13 320 M M 9 20 320
10 40 15 28 M 37 0 0.00 M M 4.8 10 330 M M 1 M M
11 35 21 28 M 37 0 M M M 5.8 12 360 M M 7 1 M M
12 43 14 29 M 36 0 0.00 M M 6.2 12 20 M M 0 M M
13 39 33 36 M 29 0 0.04 M M 10.0 14 130 M M 9 21 130
14 34 31 33 M 32 0 0.32 M M 9.1 18 330 M M 10 12 31 330
15 35 25 30 M 35 0 0.03 M M 13.4 22 330 M M 9 1 36 320
16 39 14 27 M 38 0 T M M 3.3 7 120 M M 7 M M
17 46 30 38 M 27 0 0.08 M M 11.7 20 120 M M 8 33 90
18 45 26 36 M 29 0 0.00 M M 6.9 14 250 M M 9 1 22 250
19 30 20 25 M 40 0 T M M 11.3 18 290 M M 7 1 36 270
20 44 25 35 M 30 0 T M M 9.6 17 230 M M 2 27 230
21 52 23 38 M 27 0 0.00 M M 6.5 13 250 M M 4 22 230
22 56 25 41 M 24 0 0.00 M M 5.7 16 130 M M 3 16 99
23 50 43 47 M 18 0 0.17 M M 8.7 17 120 M M 9 17 290
24 44 28 36 M 29 0 0.00 M M 8.4 15 290 M M 5 22 270
25 36 23 30 M 35 0 0.05 M M 12.5 30 120 M M 5 1 44 140
26 44 34 39 M 26 0 0.03 M M 9.8 20 140 M M 9 33 130
27 48 27 38 M 27 0 0.05 M M 4.5 12 280 M M 5 M M
28 44 26 35 M 30 0 T M M 5.3 14 330 M M 7 12 20 330
29 49 22 36 M 29 0 0.06 M M 6.1 25 290 M M 2 12 37 280
30 35 21 28 M 37 0 T M M 10.5 15 290 M M 3 26 310
31 46 19 33 M 32 0 0.19 M M 8.5 17 120 M M 5 1 23 120
================================================================================
SM 1265 770 988 0 1.33 M 246.2 M 191
================================================================================
AV 40.8 24.8 7.9 FASTST M M 6 MAX(MPH)
MISC ----> 33 110 # 44 110
================================================================================
NOTES:
# LAST OF SEVERAL OCCURRENCES
COLUMN 17 PEAK WIND IN M.P.H.
PRELIMINARY LOCAL CLIMATOLOGICAL DATA (WS FORM: F-6) , PAGE 2
STATION: RUTLAND VT
MONTH: MARCH
YEAR: 2023
LATITUDE: 43 31 N
LONGITUDE: 72 57 W
[TEMPERATURE DATA] [PRECIPITATION DATA] SYMBOLS USED IN COLUMN 16
AVERAGE MONTHLY: 32.8 TOTAL FOR MONTH: 1.33 1 = FOG OR MIST
DPTR FM NORMAL: 0.0 DPTR FM NORMAL: M 2 = FOG REDUCING VISIBILITY
HIGHEST: 56 ON 22 GRTST 24HR 0.32 ON 14-14 TO 1/4 MILE OR LESS
LOWEST: 14 ON 16,12 3 = THUNDER
SNOW, ICE PELLETS, HAIL 4 = ICE PELLETS
TOTAL MONTH: M 5 = HAIL
GRTST 24HR M ON M 6 = FREEZING RAIN OR DRIZZLE
GRTST DEPTH: M ON M 7 = DUSTSTORM OR SANDSTORM:
VSBY 1/2 MILE OR LESS
8 = SMOKE OR HAZE
[NO. OF DAYS WITH] [WEATHER - DAYS WITH] 9 = BLOWING SNOW
X = TORNADO
MAX 32 OR BELOW: 3 0.01 INCH OR MORE: 12
MAX 90 OR ABOVE: 0 0.10 INCH OR MORE: 5
MIN 32 OR BELOW: 28 0.50 INCH OR MORE: 0
MIN 0 OR BELOW: 0 1.00 INCH OR MORE: 0
[HDD (BASE 65) ]
TOTAL THIS MO. 988 CLEAR (SCALE 0-3) 7
DPTR FM NORMAL M PTCLDY (SCALE 4-7) 13
TOTAL FM JUL 1 5552 CLOUDY (SCALE 8-10) 11
DPTR FM NORMAL M
[CDD (BASE 65) ]
TOTAL THIS MO. 0
DPTR FM NORMAL M [PRESSURE DATA]
TOTAL FM JAN 1 0 HIGHEST SLP M ON M
DPTR FM NORMAL M LOWEST SLP M ON M
[REMARKS]
#FINAL-03-23#