000
CXUS53 KMPX 012055
CF6RWF
PRELIMINARY LOCAL CLIMATOLOGICAL DATA (WS FORM: F-6)
STATION: REDWOOD FALLS MN
MONTH: FEBRUARY
YEAR: 2023
LATITUDE: 44 32 N
LONGITUDE: 95 5 W
TEMPERATURE IN F: :PCPN: SNOW: WIND :SUNSHINE: SKY :PK WND
================================================================================
1 2 3 4 5 6A 6B 7 8 9 10 11 12 13 14 15 16 17 18
12Z AVG MX 2MIN
DY MAX MIN AVG DEP HDD CDD WTR SNW DPTH SPD SPD DIR MIN PSBL S-S WX SPD DR
================================================================================
1 20 -7 7 -8 58 0 0.00 M M 6.9 13 230 M M 2 18 240
2 15 -11 2 -13 63 0 0.00 M M 13.1 25 310 M M 0 34 320
3 4 -14 -5 -20 70 0 0.00 M M 11.7 22 140 M M 5 28 140
4 37 4 21 5 44 0 0.00 M M 8.1 15 260 M M 0 21 270
5 31 13 22 6 43 0 0.00 M M 9.1 18 300 M M 2 18 25 310
6 35 12 24 8 41 0 0.00 M M 12.7 22 130 M M 4 18 28 150
7 37 21 29 13 36 0 0.06 M M 11.9 23 290 M M 2 36 300
8 38 22 30 14 35 0 0.00 M M 8.0 14 150 M M 0 1 18 150
9 35 12 24 7 41 0 0.00 M M 16.3 29 300 M M 3 1 42 310
10 32 7 20 3 45 0 0.00 M M 11.4 18 200 M M 0 27 300
11 36 23 30 13 35 0 0.00 M M 8.7 16 220 M M 0 21 210
12 37 16 27 9 38 0 0.00 M M 6.4 15 260 M M 1 1 23 260
13 41 21 31 13 34 0 0.00 M M 10.0 23 200 M M 0 35 200
14 40 33 37 19 28 0 0.00 M M 11.2 21 300 M M 9 12 31 300
15 33 7 20 2 45 0 0.87 M M 21.4 38 300 M M 6 18 52 310
16 16 2 9 -10 56 0 0.00 M M 8.5 14 320 M M 0 21 310
17 30 -3 14 -5 51 0 0.00 M M 9.4 18 170 M M 0 25 180
18 34 16 25 5 40 0 0.00 M M 6.8 15 130 M M 0 1 19 130
19 29 8 19 -1 46 0 0.00 M M 9.5 23 320 M M 2 12 35 330
20 37 6 22 2 43 0 0.02 M M 14.2 33 290 M M 7 18 44 290
21 13 1 7 -14 58 0 0.00 M M 8.1 17 290 M M 6 128 22 290
22 19 12 16 -5 49 0 0.48 M M 12.7 21 30 M M 10 128 34 50
23 17 -11 3 -19 62 0 0.93 M M 13.4 23 280 M M 7 128 34 60
24 4 -16 -6 -28 71 0 0.00 M M 5.3 13 290 M M 6 8 15 280
25 28 -8 10 -12 55 0 T M M 6.7 13 210 M M 0 18 19 200
26 36 -1 18 -5 47 0 0.00 M M 9.0 18 120 M M 2 18 26 120
27 36 26 31 8 34 0 0.03 M M 10.3 21 300 M M 7 18 31 310
28 34 13 24 0 41 0 0.00 M M 6.5 14 90 M M 4 1 25 90
================================================================================
SM 804 204 1309 0 2.39 M 287.3 M 85
================================================================================
AV 28.7 7.3 10.3 FASTST M M 3 MAX(MPH)
MISC ----> 38 300 52 310
================================================================================
NOTES:
# LAST OF SEVERAL OCCURRENCES
COLUMN 17 PEAK WIND IN M.P.H.
PRELIMINARY LOCAL CLIMATOLOGICAL DATA (WS FORM: F-6) , PAGE 2
STATION: REDWOOD FALLS MN
MONTH: FEBRUARY
YEAR: 2023
LATITUDE: 44 32 N
LONGITUDE: 95 5 W
[TEMPERATURE DATA] [PRECIPITATION DATA] SYMBOLS USED IN COLUMN 16
AVERAGE MONTHLY: 18.0 TOTAL FOR MONTH: 2.39 1 = FOG OR MIST
DPTR FM NORMAL: -0.7 DPTR FM NORMAL: 1.72 2 = FOG REDUCING VISIBILITY
HIGHEST: 41 ON 13 GRTST 24HR 0.93 ON 23-23 TO 1/4 MILE OR LESS
LOWEST: -16 ON 24 3 = THUNDER
SNOW, ICE PELLETS, HAIL 4 = ICE PELLETS
TOTAL MONTH: M 5 = HAIL
GRTST 24HR M ON M 6 = FREEZING RAIN OR DRIZZLE
GRTST DEPTH: M ON M 7 = DUSTSTORM OR SANDSTORM:
VSBY 1/2 MILE OR LESS
8 = SMOKE OR HAZE
[NO. OF DAYS WITH] [WEATHER - DAYS WITH] 9 = BLOWING SNOW
X = TORNADO
MAX 32 OR BELOW: 13 0.01 INCH OR MORE: 6
MAX 90 OR ABOVE: 0 0.10 INCH OR MORE: 3
MIN 32 OR BELOW: 27 0.50 INCH OR MORE: 2
MIN 0 OR BELOW: 8 1.00 INCH OR MORE: 0
[HDD (BASE 65) ]
TOTAL THIS MO. 1309 CLEAR (SCALE 0-3) 17
DPTR FM NORMAL 13 PTCLDY (SCALE 4-7) 9
TOTAL FM JUL 1 5826 CLOUDY (SCALE 8-10) 2
DPTR FM NORMAL -91
[CDD (BASE 65) ]
TOTAL THIS MO. 0
DPTR FM NORMAL 0 [PRESSURE DATA]
TOTAL FM JAN 1 0 HIGHEST SLP 30.81 ON 24
DPTR FM NORMAL 0 LOWEST SLP 29.11 ON 14
[REMARKS]
#FINAL-02-23#
THE PRECIPITATION DATA IS FROM COCORAHS STATION
MN-RW-14 WITH AN OBSERVATION TIME OF 7 AM.