000
CXUS53 KMPX 012019
CF6RWF
PRELIMINARY LOCAL CLIMATOLOGICAL DATA (WS FORM: F-6)
STATION: REDWOOD FALLS MN
MONTH: JANUARY
YEAR: 2023
LATITUDE: 44 32 N
LONGITUDE: 95 5 W
TEMPERATURE IN F: :PCPN: SNOW: WIND :SUNSHINE: SKY :PK WND
================================================================================
1 2 3 4 5 6A 6B 7 8 9 10 11 12 13 14 15 16 17 18
12Z AVG MX 2MIN
DY MAX MIN AVG DEP HDD CDD WTR SNW DPTH SPD SPD DIR MIN PSBL S-S WX SPD DR
================================================================================
1 29 11 20 4 45 0 0.00 M M 4.7 12 270 M M 3 18 14 300
2 24 18 21 6 44 0 0.00 M M 4.7 8 360 M M 10 18 12 320
3 28 21 25 10 40 0 0.02 M M 9.3 18 360 M M 10 12 29 350
4 30 22 26 11 39 0 1.39 M M 10.2 14 310 M M 10 12 21 310
5 23 5 14 -1 51 0 0.42 M M 10.1 16 280 M M 5 18 22 310
6 10 2 6 -9 59 0 0.00 M M 7.0 12 310 M M 2 18 16 320
7 6 -5 1 -14 64 0 0.00 M M 5.2 12 130 M M 1 128 12 130
8 22 -6 8 -7 57 0 0.00 M M 5.8 12 210 M M 0 18 14 210
9 31 5 18 3 47 0 0.00 M M 7.5 16 280 M M 1 128 20 280
10 25 12 19 5 46 0 0.00 M M 4.1 13 270 M M 10 126 15 270
11 26 16 21 7 44 0 T M M 7.5 21 320 M M 10 126 32 330
12 22 8 15 1 50 0 0.00 M M 15.7 23 330 M M 8 18 36 300
13 10 3 7 -7 58 0 0.00 M M 7.6 15 130 M M 5 1 19 300
14 34 6 20 6 45 0 0.02 M M 14.5 24 140 M M 0 18 30 150
15 35 28 32 18 33 0 0.00 M M 10.8 15 130 M M 0 19 130
16 35 32 34 20 31 0 T M M 8.2 16 300 M M 10 1 23 300
17 32 21 27 13 38 0 0.40 M M 13.1 20 310 M M 10 18 27 290
18 32 19 26 12 39 0 0.02 M M 6.4 15 70 M M 10 18 20 80
19 31 23 27 13 38 0 0.09 M M 12.4 18 290 M M 10 18 28 330
20 23 18 21 7 44 0 0.11 M M 9.0 14 300 M M 10 1 M M
21 23 17 20 6 45 0 T M M 4.8 12 260 M M 10 128 14 260
22 17 2 10 -4 55 0 0.00 M M 2.6 7 190 M M 10 12 9 150
23 36 0 18 4 47 0 T M M 10.2 20 310 M M 4 18 27 320
24 30 6 18 4 47 0 0.00 M M 7.5 15 220 M M 4 1 20 230
25 27 3 15 1 50 0 0.02 M M 14.9 23 300 M M 7 18 37 300
26 28 -2 13 -1 52 0 0.00 M M 12.0 25 210 M M 5 18 33 180
27 37 11 24 10 41 0 0.06 M M 15.4 32 300 M M 8 18 49 300
28 12 -3 5 -10 60 0 0.00 M M 9.8 16 330 M M 6 24 320
29 5 -8 -1 -16 66 0 0.00 M M 9.1 15 280 M M 3 19 320
30 1 -12 -5 -20 70 0 0.00 M M 7.7 13 280 M M 0 17 270
31 11 -11 0 -15 65 0 0.00 M M 8.2 16 210 M M 1 21 210
================================================================================
SM 735 262 1510 0 2.55 M 276.0 M 183
================================================================================
AV 23.7 8.5 8.9 FASTST M M 6 MAX(MPH)
MISC ----> 32 300 49 300
================================================================================
NOTES:
# LAST OF SEVERAL OCCURRENCES
COLUMN 17 PEAK WIND IN M.P.H.
PRELIMINARY LOCAL CLIMATOLOGICAL DATA (WS FORM: F-6) , PAGE 2
STATION: REDWOOD FALLS MN
MONTH: JANUARY
YEAR: 2023
LATITUDE: 44 32 N
LONGITUDE: 95 5 W
[TEMPERATURE DATA] [PRECIPITATION DATA] SYMBOLS USED IN COLUMN 16
AVERAGE MONTHLY: 16.1 TOTAL FOR MONTH: 2.55 1 = FOG OR MIST
DPTR FM NORMAL: 1.5 DPTR FM NORMAL: 1.97 2 = FOG REDUCING VISIBILITY
HIGHEST: 37 ON 27 GRTST 24HR 1.39 ON 4- 4 TO 1/4 MILE OR LESS
LOWEST: -12 ON 30 3 = THUNDER
SNOW, ICE PELLETS, HAIL 4 = ICE PELLETS
TOTAL MONTH: M 5 = HAIL
GRTST 24HR M ON M 6 = FREEZING RAIN OR DRIZZLE
GRTST DEPTH: M ON M 7 = DUSTSTORM OR SANDSTORM:
VSBY 1/2 MILE OR LESS
8 = SMOKE OR HAZE
[NO. OF DAYS WITH] [WEATHER - DAYS WITH] 9 = BLOWING SNOW
X = TORNADO
MAX 32 OR BELOW: 26 0.01 INCH OR MORE: 10
MAX 90 OR ABOVE: 0 0.10 INCH OR MORE: 4
MIN 32 OR BELOW: 31 0.50 INCH OR MORE: 1
MIN 0 OR BELOW: 8 1.00 INCH OR MORE: 1
[HDD (BASE 65) ]
TOTAL THIS MO. 1510 CLEAR (SCALE 0-3) 10
DPTR FM NORMAL -54 PTCLDY (SCALE 4-7) 9
TOTAL FM JUL 1 4517 CLOUDY (SCALE 8-10) 12
DPTR FM NORMAL -104
[CDD (BASE 65) ]
TOTAL THIS MO. 0
DPTR FM NORMAL 0 [PRESSURE DATA]
TOTAL FM JAN 1 0 HIGHEST SLP 30.60 ON 30
DPTR FM NORMAL 0 LOWEST SLP 29.42 ON 16
[REMARKS]
#FINAL-01-23#
THE PRECIPITATION VALUES DURING THE MONTH ARE FROM
COCORAHS STATION MN-RW-14 WITH AN OBSERVATION
TIME OF 7 AM.