000
CXUS53 KMPX 030202
CF6RWF
PRELIMINARY LOCAL CLIMATOLOGICAL DATA (WS FORM: F-6)
STATION: REDWOOD FALLS MN
MONTH: OCTOBER
YEAR: 2020
LATITUDE: 44 32 N
LONGITUDE: 95 5 W
TEMPERATURE IN F: :PCPN: SNOW: WIND :SUNSHINE: SKY :PK WND
================================================================================
1 2 3 4 5 6A 6B 7 8 9 10 11 12 13 14 15 16 17 18
12Z AVG MX 2MIN
DY MAX MIN AVG DEP HDD CDD WTR SNW DPTH SPD SPD DIR MIN PSBL S-S WX SPD DR
================================================================================
1 52 35 44 -10 21 0 0.00 M M 12.2 21 330 M M 6 33 330
2 51 30 41 -13 24 0 0.00 M M 3.9 7 130 M M 6 13 110
3 53 41 47 -7 18 0 T M M 2.5 9 100 M M 9 12 340
4 60 30 45 -8 20 0 0.00 M M 6.1 15 170 M M 0 12 21 170
5 76 45 61 8 4 0 0.00 M M 13.2 24 200 M M 0 34 200
6 83 48 66 14 0 1 0.00 M M 11.4 25 260 M M 1 37 250
7 72 50 61 9 4 0 0.00 M M 8.6 18 330 M M 1 28 320
8 71 41 56 4 9 0 0.00 M M 10.1 22 140 M M 0 28 150
9 85 57 71 20 0 6 0.00 M M 11.2 24 210 M M 0 35 210
10 68 43 56 5 9 0 0.00 M M 6.3 12 120 M M 0 19 320
11 81 47 64 14 1 0 0.02 M M 19.3 35 160 M M 3 43 140
12 66 45 56 6 9 0 T M M 13.8 25 280 M M 3 35 280
13 63 48 56 7 9 0 0.00 M M 15.3 28 300 M M 0 42 300
14 65 40 53 4 12 0 T M M 18.9 40 290 M M 4 59 290
15 52 28 40 -8 25 0 T M M 13.7 29 280 M M 3 42 280
16 48 34 41 -7 24 0 T M M 12.3 29 310 M M 4 41 310
17 51 33 42 -6 23 0 T M M 10.7 20 330 M M 7 32 350
18 38 23 31 -16 34 0 0.00 M M 8.4 18 300 M M 4 26 290
19 33 23 28 -19 37 0 T M M 3.9 9 130 M M 9 18 12 140
20 36 31 34 -12 31 0 0.07 M M 10.4 17 290 M M 10 126 26 100
21 36 31 34 -12 31 0 0.62 M M 6.1 17 310 M M 9 18 24 290
22 34 31 33 -13 32 0 0.07 M M 9.6 16 350 M M 9 138 27 350
23 34 18 26 -19 39 0 0.04 M M 11.1 21 330 M M 5 18 31 330
24 30 19 25 -20 40 0 T M M 4.7 8 320 M M 7 M M
25 29 21 25 -19 40 0 T M M M M M M M M M M
26 27 12 20 -24 45 0 0.13 M M 7.1 9 280 M M 2 M M
27 32 8 20 -23 45 0 0.00 M M 12.7 22 200 M M 2 28 210
28 49 27 38 -5 27 0 0.00 M M 12.2 18 300 M M 2 33 300
29 38 29 34 -8 31 0 0.00 M M 5.7 13 330 M M 8 1 21 340
30 46 31 39 -3 26 0 0.03 M M 11.5 20 150 M M 4 1 27 140
31 56 33 45 4 20 0 0.00 M M 18.3 32 310 M M 3 54 310
================================================================================
SM 1615 1032 690 7 0.98 M 311.2 M 121
================================================================================
AV 52.1 33.3 10.4 FASTST M M 4 MAX(MPH)
MISC ----> 40 290 59 290
================================================================================
NOTES:
# LAST OF SEVERAL OCCURRENCES
COLUMN 17 PEAK WIND IN M.P.H.
PRELIMINARY LOCAL CLIMATOLOGICAL DATA (WS FORM: F-6) , PAGE 2
STATION: REDWOOD FALLS MN
MONTH: OCTOBER
YEAR: 2020
LATITUDE: 44 32 N
LONGITUDE: 95 5 W
[TEMPERATURE DATA] [PRECIPITATION DATA] SYMBOLS USED IN COLUMN 16
AVERAGE MONTHLY: 42.7 TOTAL FOR MONTH: 0.98 1 = FOG OR MIST
DPTR FM NORMAL: -5.3 DPTR FM NORMAL: -1.15 2 = FOG REDUCING VISIBILITY
HIGHEST: 85 ON 9 GRTST 24HR 0.62 ON 21-21 TO 1/4 MILE OR LESS
LOWEST: 8 ON 27 3 = THUNDER
SNOW, ICE PELLETS, HAIL 4 = ICE PELLETS
TOTAL MONTH: M 5 = HAIL
GRTST 24HR M ON M 6 = FREEZING RAIN OR DRIZZLE
GRTST DEPTH: M ON M 7 = DUSTSTORM OR SANDSTORM:
VSBY 1/2 MILE OR LESS
8 = SMOKE OR HAZE
[NO. OF DAYS WITH] [WEATHER - DAYS WITH] 9 = BLOWING SNOW
X = TORNADO
MAX 32 OR BELOW: 4 0.01 INCH OR MORE: 7
MAX 90 OR ABOVE: 0 0.10 INCH OR MORE: 2
MIN 32 OR BELOW: 16 0.50 INCH OR MORE: 1
MIN 0 OR BELOW: 0 1.00 INCH OR MORE: 0
[HDD (BASE 65) ]
TOTAL THIS MO. 690 CLEAR (SCALE 0-3) 14
DPTR FM NORMAL 158 PTCLDY (SCALE 4-7) 11
TOTAL FM JUL 1 861 CLOUDY (SCALE 8-10) 6
DPTR FM NORMAL 130
[CDD (BASE 65) ]
TOTAL THIS MO. 7
DPTR FM NORMAL 2 [PRESSURE DATA]
TOTAL FM JAN 1 804 HIGHEST SLP 30.49 ON 26
DPTR FM NORMAL 135 LOWEST SLP 29.44 ON 14
[REMARKS]
#FINAL-10-20#
THE PRECIPITATION DATA FROM OCT 19TH THROUGH 31ST IS FROM
THE REDWOOD FALLS COOP STATION WITH AN OBSERVATION TIME
OF 7 AM.