000
CXUS53 KMPX 020208
CF6RWF
PRELIMINARY LOCAL CLIMATOLOGICAL DATA (WS FORM: F-6)
STATION: REDWOOD FALLS MN
MONTH: SEPTEMBER
YEAR: 2023
LATITUDE: 44 32 N
LONGITUDE: 95 5 W
TEMPERATURE IN F: :PCPN: SNOW: WIND :SUNSHINE: SKY :PK WND
================================================================================
1 2 3 4 5 6A 6B 7 8 9 10 11 12 13 14 15 16 17 18
12Z AVG MX 2MIN
DY MAX MIN AVG DEP HDD CDD WTR SNW DPTH SPD SPD DIR MIN PSBL S-S WX SPD DR
================================================================================
1 91 62 77 10 0 12 0.00 M M 11.4 23 190 M M 0 30 210
2 94 64 79 12 0 14 0.00 M M 10.3 21 200 M M 0 29 200
3 98 71 85 18 0 20 0.00 M M 8.1 20 200 M M 0 29 200
4 100 69 85 19 0 20 0.00 M M 13.2 26 180 M M 0 36 180
5 86 62 74 8 0 9 0.00 M M 11.0 22 290 M M 4 138 33 320
6 72 52 62 -4 3 0 T M M 9.7 20 300 M M 6 18 29 310
7 76 45 61 -5 4 0 0.00 M M 4.0 10 90 M M 0 18 17 100
8 85 51 68 3 0 3 0.00 M M 7.0 14 160 M M 1 8 19 150
9 79 58 69 4 0 4 T M M 5.4 14 290 M M 2 18 18 310
10 73 55 64 -1 1 0 0.00 M M 4.8 13 30 M M 3 1 19 40
11 76 47 62 -2 3 0 0.43 M M 4.5 21 320 M M 3 3 31 340
12 70 50 60 -4 5 0 0.00 M M 6.2 12 310 M M 3 1 17 350
13 72 42 57 -7 8 0 0.00 M M 8.1 16 140 M M 1 1 21 140
14 85 47 66 3 0 1 0.01 M M 10.4 25 190 M M 3 1 36 190
15 77 55 66 3 0 1 0.01 M M 5.1 14 290 M M 3 1 19 300
16 72 50 61 -1 4 0 0.00 M M 6.9 14 320 M M 4 18 20 340
17 75 47 61 -1 4 0 0.00 M M 5.5 9 150 M M 0 15 300
18 81 46 64 2 1 0 0.00 M M 11.5 24 150 M M 0 30 130
19 88 54 71 10 0 6 0.00 M M 10.8 20 140 M M 0 27 140
20 87 54 71 10 0 6 0.00 M M 8.5 18 140 M M 0 25 110
21 81 58 70 10 0 5 0.00 M M 8.6 22 160 M M 1 1 38 140
22 74 57 66 6 0 1 T M M 6.2 15 130 M M 7 1 19 120
23 76 63 70 10 0 5 0.05 M M 9.3 26 150 M M 9 1 37 130
24 69 52 61 2 4 0 0.02 M M 6.9 18 220 M M 6 1 27 220
25 73 54 64 5 1 0 0.00 M M 5.7 15 300 M M 6 12 27 310
26 70 59 65 7 0 0 T M M 5.7 13 50 M M 10 1 23 60
27 71 59 65 7 0 0 T M M 6.0 10 70 M M 7 1 16 70
28 77 57 67 10 0 2 0.00 M M 12.9 25 140 M M 4 1 37 150
29 81 60 71 14 0 6 0.82 M M 8.2 39 280 M M 4 13 52 280
30 76 60 68 12 0 3 0.47 M M 4.9 40 140 M M 4 1238 64 130
================================================================================
SM 2385 1660 38 118 1.81 M 236.8 M 91
================================================================================
AV 79.5 55.3 7.9 FASTST M M 3 MAX(MPH)
MISC ----> 40 140 64 130
================================================================================
NOTES:
# LAST OF SEVERAL OCCURRENCES
COLUMN 17 PEAK WIND IN M.P.H.
PRELIMINARY LOCAL CLIMATOLOGICAL DATA (WS FORM: F-6) , PAGE 2
STATION: REDWOOD FALLS MN
MONTH: SEPTEMBER
YEAR: 2023
LATITUDE: 44 32 N
LONGITUDE: 95 5 W
[TEMPERATURE DATA] [PRECIPITATION DATA] SYMBOLS USED IN COLUMN 16
AVERAGE MONTHLY: 67.4 TOTAL FOR MONTH: 1.81 1 = FOG OR MIST
DPTR FM NORMAL: 5.1 DPTR FM NORMAL: -1.04 2 = FOG REDUCING VISIBILITY
HIGHEST: 100 ON 4 GRTST 24HR 1.20 ON 29-30 TO 1/4 MILE OR LESS
LOWEST: 42 ON 13 3 = THUNDER
SNOW, ICE PELLETS, HAIL 4 = ICE PELLETS
TOTAL MONTH: M 5 = HAIL
GRTST 24HR M ON M 6 = FREEZING RAIN OR DRIZZLE
GRTST DEPTH: M ON M 7 = DUSTSTORM OR SANDSTORM:
VSBY 1/2 MILE OR LESS
8 = SMOKE OR HAZE
[NO. OF DAYS WITH] [WEATHER - DAYS WITH] 9 = BLOWING SNOW
X = TORNADO
MAX 32 OR BELOW: 0 0.01 INCH OR MORE: 7
MAX 90 OR ABOVE: 4 0.10 INCH OR MORE: 3
MIN 32 OR BELOW: 0 0.50 INCH OR MORE: 1
MIN 0 OR BELOW: 0 1.00 INCH OR MORE: 0
[HDD (BASE 65) ]
TOTAL THIS MO. 38 CLEAR (SCALE 0-3) 14
DPTR FM NORMAL -112 PTCLDY (SCALE 4-7) 14
TOTAL FM JUL 1 48 CLOUDY (SCALE 8-10) 2
DPTR FM NORMAL -130
[CDD (BASE 65) ]
TOTAL THIS MO. 118
DPTR FM NORMAL 50 [PRESSURE DATA]
TOTAL FM JAN 1 922 HIGHEST SLP 30.25 ON 10
DPTR FM NORMAL 238 LOWEST SLP 29.56 ON 5
[REMARKS]
#FINAL-09-23#
THE PRECIPITATION VALUE ON THE 23RD IS FROM COCORAHS
STATION MN-RW-14.