000
CXUS55 KCYS 012342 CCA
CF6RWL
PRELIMINARY LOCAL CLIMATOLOGICAL DATA (WS FORM: F-6)...CORRECTED
STATION: RAWLINS WYOMING AIRPORT
MONTH: OCTOBER
YEAR: 2022
LATITUDE: 41 47 N
LONGITUDE: 107 12 W
TEMPERATURE IN F: :PCPN: SNOW: WIND :SUNSHINE: SKY :PK WND
================================================================================
1 2 3 4 5 6A 6B 7 8 9 10 11 12 13 14 15 16 17 18
12Z AVG MX 2MIN
DY MAX MIN AVG DEP HDD CDD WTR SNW DPTH SPD SPD DIR MIN PSBL S-S WX SPD DR
================================================================================
1 57 37 47 -3 18 0 0.15 M M 6.3 20 240 M M 4 1 28 230
2 66 42 54 4 11 0 0.01 M M 11.1 26 240 M M 4 3 35 220
3 62 44 53 4 12 0 T M M 9.5 18 240 M M 4 24 220
4 63 37 50 1 15 0 0.06 M M 4.9 13 330 M M 3 17 320
5 65 33 49 1 16 0 0.00 M M 4.0 13 80 M M 0 21 70
6 69 32 51 3 14 0 0.00 M M 5.5 15 60 M M 1 20 70
7 63 38 51 4 14 0 0.00 M M 6.8 14 360 M M 6 18 18 50
8 66 32 49 2 16 0 0.00 M M 4.0 15 320 M M 1 20 320
9 68 30 49 3 16 0 0.00 M M 3.1 14 220 M M 0 20 270
10 68 33 51 5 14 0 0.00 M M 11.0 25 250 M M 1 36 260
11 64 35 50 4 15 0 T M M 16.3 36 250 M M 1 44 270
12 66 34 50 5 15 0 0.00 M M 14.3 26 280 M M 0 45 290
13 61 29 45 0 20 0 0.00 M M 6.8 21 290 M M 0 29 300
14 69 34 52 8 13 0 0.00 M M 12.7 24 250 M M 0 31 240
15 59 29 44 0 21 0 0.00 M M 7.4 17 30 M M 1 26 70
16 56 27 42 -2 23 0 0.00 M M 6.5 15 30 M M 0 21 20
17 63 25 44 1 21 0 0.00 M M 3.5 13 350 M M 0 17 20
18 67 24 46 3 19 0 0.00 M M 2.5 10 340 M M 0 16 350
19 70 28 49 7 16 0 0.00 M M 5.2 14 320 M M 0 21 300
20 69 27 48 6 17 0 0.00 M M 11.6 28 240 M M 0 38 230
21 66 39 53 11 12 0 0.00 M M 18.3 37 270 M M 0 52 260
22 62 34 48 7 17 0 0.05 M M 23.5 40 210 M M 3 1 56 200
23 35 25 30 -11 35 0 0.29 M M 11.9 20 340 M M 9 12 29 320
24 37 24 31 -9 34 0 0.01 M M 19.2 37 240 M M 6 1 52 240
25 42 29 36 -4 29 0 T M M 17.7 36 230 M M 6 49 230
26 43 22 33 -7 32 0 0.10 M M 8.9 23 240 M M 5 128 31 240
27 39 24 32 -7 33 0 0.00 M M 12.3 24 240 M M 5 32 250
28 47 23 35 -4 30 0 0.00 M M 10.6 22 210 M M 0 31 180
29 49 28 39 1 26 0 0.00 M M 7.5 23 230 M M 3 29 230
30 52 23 38 0 27 0 0.00 M M 9.2 22 240 M M 0 28 240
31 55 32 44 6 21 0 0.00 M M 13.6 26 230 M M 0 36 230
================================================================================
SM 1818 953 622 0 0.67 M 305.7 M 63
================================================================================
AV 58.6 30.7 9.9 FASTST M M 2 MAX(MPH)
MISC ----> 40 210 56 200
================================================================================
NOTES:
# LAST OF SEVERAL OCCURRENCES
COLUMN 17 PEAK WIND IN M.P.H.
PRELIMINARY LOCAL CLIMATOLOGICAL DATA (WS FORM: F-6) , PAGE 2
STATION: RAWLINS WYOMING AIRPORT
MONTH: OCTOBER
YEAR: 2022
LATITUDE: 41 47 N
LONGITUDE: 107 12 W
[TEMPERATURE DATA] [PRECIPITATION DATA] SYMBOLS USED IN COLUMN 16
AVERAGE MONTHLY: 44.7 TOTAL FOR MONTH: 0.67 1 = FOG OR MIST
DPTR FM NORMAL: 1.1 DPTR FM NORMAL: -0.01 2 = FOG REDUCING VISIBILITY
HIGHEST: 70 ON 19 GRTST 24HR 0.30 ON 22-23 TO 1/4 MILE OR LESS
LOWEST: 22 ON 26 3 = THUNDER
SNOW, ICE PELLETS, HAIL 4 = ICE PELLETS
TOTAL MONTH: M 5 = HAIL
GRTST 24HR M ON M 6 = FREEZING RAIN OR DRIZZLE
GRTST DEPTH: M ON M 7 = DUSTSTORM OR SANDSTORM:
VSBY 1/2 MILE OR LESS
8 = SMOKE OR HAZE
[NO. OF DAYS WITH] [WEATHER - DAYS WITH] 9 = BLOWING SNOW
X = TORNADO
MAX 32 OR BELOW: 0 0.01 INCH OR MORE: 7
MAX 90 OR ABOVE: 0 0.10 INCH OR MORE: 3
MIN 32 OR BELOW: 19 0.50 INCH OR MORE: 0
MIN 0 OR BELOW: 0 1.00 INCH OR MORE: 0
[HDD (BASE 65) ]
TOTAL THIS MO. 622 CLEAR (SCALE 0-3) 20
DPTR FM NORMAL -41 PTCLDY (SCALE 4-7) 10
TOTAL FM JUL 1 792 CLOUDY (SCALE 8-10) 1
DPTR FM NORMAL -213
[CDD (BASE 65) ]
TOTAL THIS MO. 0
DPTR FM NORMAL 0 [PRESSURE DATA]
TOTAL FM JAN 1 438 HIGHEST SLP 30.42 ON 28
DPTR FM NORMAL 213 LOWEST SLP 29.27 ON 22
[REMARKS]
OCTOBER 23...RECORD PRECIPITATION 0.29" (PREVIOUS 0.25" IN 1975)
#FINAL-10-22#