000
CXUS55 KCYS 021540
CF6RWL
PRELIMINARY LOCAL CLIMATOLOGICAL DATA (WS FORM: F-6) ...CORRECTED...
STATION: RAWLINS WYOMING AIRPORT
MONTH: DECEMBER
YEAR: 2020
LATITUDE: 41 47 N
LONGITUDE: 107 12 W
TEMPERATURE IN F: :PCPN: SNOW: WIND :SUNSHINE: SKY :PK WND
================================================================================
1 2 3 4 5 6A 6B 7 8 9 10 11 12 13 14 15 16 17 18
12Z AVG MX 2MIN
DY MAX MIN AVG DEP HDD CDD WTR SNW DPTH SPD SPD DIR MIN PSBL S-S WX SPD DR
================================================================================
1 31 18 25 2 40 0 0.02 M M 13.0 28 270 M M 8 39 270
2 24 -2 11 -12 54 0 T M M 3.8 10 340 M M 3 14 70
3 29 -5 12 -11 53 0 0.00 M M 5.6 18 240 M M 0 23 250
4 39 1 20 -3 45 0 0.00 M M 3.0 12 350 M M 0 13 240
5 41 4 23 1 42 0 0.00 M M 2.5 10 340 M M 0 12 330
6 44 6 25 3 40 0 0.00 M M 2.7 13 240 M M 0 18 220
7 44 4 24 2 41 0 0.00 M M 3.5 18 240 M M 0 25 260
8 47 6 27 5 38 0 0.00 M M 8.0 28 240 M M 0 38 300
9 52 12 32 10 33 0 0.00 M M 6.2 24 240 M M 0 32 240
10 38 20 29 8 36 0 0.00 M M 8.0 17 60 M M 2 24 60
11 27 16 22 1 43 0 0.01 M M 9.5 17 250 M M 8 8 23 60
12 22 -3 10 -11 55 0 T M M 7.2 22 350 M M 8 30 340
13 26 -4 11 -10 54 0 T M M 10.7 26 240 M M 2 8 37 240
14 26 16 21 0 44 0 0.01 M M 13.5 29 240 M M 10 8 38 240
15 24 14 19 -2 46 0 T M M 15.6 36 250 M M 8 52 240
16 30 19 25 4 40 0 T M M 19.8 32 240 M M 7 44 250
17 33 19 26 5 39 0 T M M 15.5 31 220 M M 5 45 220
18 29 19 24 3 41 0 0.03 M M 12.3 28 250 M M 7 36 260
19 31 19 25 4 40 0 T M M 23.3 40 230 M M 3 53 230
20 36 23 30 9 35 0 0.00 M M 22.8 49 240 M M 1 63 240
21 44 32 38 17 27 0 0.00 M M 14.9 35 240 M M M 43 230
22 43 16 30 9 35 0 0.08 M M 26.3 44 260 M M M 62 260
23 17 10 14 -7 51 0 T M M 18.2 32 250 M M M 43 240
24 28 11 20 -1 45 0 0.00 M M 11.6 29 260 M M M 39 250
25 38 8 23 2 42 0 0.00 M M 8.8 24 240 M M M 33 220
26 41 24 33 12 32 0 T M M 18.0 30 230 M M M 40 230
27 30 3 17 -4 48 0 0.02 M M 12.8 29 250 M M M 36 270
28 23 -3 10 -11 55 0 0.03 M M 5.2 17 50 M M M 1 24 50
29 25 5 15 -6 50 0 T M M 10.7 18 240 M M M 24 250
30 25 10 18 -3 47 0 T M M 12.1 30 240 M M M 41 240
31 29 10 20 -2 45 0 T M M 8.5 22 220 M M M 30 230
================================================================================
SM 1016 328 1336 0 0.20 M 353.6 M 72
================================================================================
AV 32.8 10.6 11.4 FASTST M M 4 MAX(MPH)
MISC ----> 49 240 63 240
================================================================================
NOTES:
# LAST OF SEVERAL OCCURRENCES
COLUMN 17 PEAK WIND IN M.P.H.
PRELIMINARY LOCAL CLIMATOLOGICAL DATA (WS FORM: F-6) , PAGE 2
STATION: RAWLINS WYOMING AIRPORT
MONTH: DECEMBER
YEAR: 2020
LATITUDE: 41 47 N
LONGITUDE: 107 12 W
[TEMPERATURE DATA] [PRECIPITATION DATA] SYMBOLS USED IN COLUMN 16
AVERAGE MONTHLY: 21.7 TOTAL FOR MONTH: 0.20 1 = FOG OR MIST
DPTR FM NORMAL: 0.2 DPTR FM NORMAL: -0.23 2 = FOG REDUCING VISIBILITY
HIGHEST: 52 ON 9 GRTST 24HR 0.08 ON 22-22 TO 1/4 MILE OR LESS
LOWEST: -5 ON 3 3 = THUNDER
SNOW, ICE PELLETS, HAIL 4 = ICE PELLETS
TOTAL MONTH: M 5 = HAIL
GRTST 24HR M ON M 6 = FREEZING RAIN OR DRIZZLE
GRTST DEPTH: M ON M 7 = DUSTSTORM OR SANDSTORM:
VSBY 1/2 MILE OR LESS
8 = SMOKE OR HAZE
[NO. OF DAYS WITH] [WEATHER - DAYS WITH] 9 = BLOWING SNOW
X = TORNADO
MAX 32 OR BELOW: 18 0.01 INCH OR MORE: 7
MAX 90 OR ABOVE: 0 0.10 INCH OR MORE: 0
MIN 32 OR BELOW: 31 0.50 INCH OR MORE: 0
MIN 0 OR BELOW: 5 1.00 INCH OR MORE: 0
[HDD (BASE 65) ]
TOTAL THIS MO. 1336 CLEAR (SCALE 0-3) 11
DPTR FM NORMAL -12 PTCLDY (SCALE 4-7) 7
TOTAL FM JUL 1 3233 CLOUDY (SCALE 8-10) 13
DPTR FM NORMAL -224
[CDD (BASE 65) ]
TOTAL THIS MO. 0
DPTR FM NORMAL 0 [PRESSURE DATA]
TOTAL FM JAN 1 324 HIGHEST SLP M ON M
DPTR FM NORMAL 138 LOWEST SLP 29.50 ON 22
[REMARKS]
DECEMBER 21ST-31ST...SUNRISE-SUNSET DATA MISSING.
#FINAL-12-20#