821
CXUS55 KCYS 031513
CF6RWL
PRELIMINARY LOCAL CLIMATOLOGICAL DATA (WS FORM: F-6) ...CORRECTED...
STATION: RAWLINS WYOMING AIRPORT
MONTH: SEPTEMBER
YEAR: 2020
LATITUDE: 41 47 N
LONGITUDE: 107 12 W
TEMPERATURE IN F: :PCPN: SNOW: WIND :SUNSHINE: SKY :PK WND
================================================================================
1 2 3 4 5 6A 6B 7 8 9 10 11 12 13 14 15 16 17 18
12Z AVG MX 2MIN
DY MAX MIN AVG DEP HDD CDD WTR SNW DPTH SPD SPD DIR MIN PSBL S-S WX SPD DR
================================================================================
1 73 36 55 -6 10 0 0.00 M M 14.1 25 240 M M 0 37 250
2 83 53 68 7 0 3 0.00 M M 16.5 30 250 M M 0 41 260
3 86 40 63 3 2 0 0.00 M M 9.0 23 300 M M 0 8 32 270
4 88 41 65 5 0 0 0.00 M M 3.9 14 280 M M 0 22 260
5 93 43 68 8 0 3 0.00 M M 9.8 28 270 M M 0 42 250
6 90 51 71 12 0 6 0.00 M M 12.6 33 290 M M 0 47 290
7 82 31 57 -2 8 0 T M M 19.8 33 30 M M 2 18 44 30
8 33 26 30 -29 35 0 0.28 M M 27.7 40 60 M M 10 12 57 70
9 36 26 31 -27 34 0 T M M 12.9 26 70 M M 9 1 38 60
10 50 28 39 -19 26 0 0.02 M M 6.7 13 250 M M 7 1 18 260
11 66 36 51 -6 14 0 T M M 14.0 31 240 M M 6 43 230
12 73 34 54 -3 11 0 0.00 M M 5.4 17 240 M M 0 23 230
13 78 35 57 1 8 0 0.00 M M 3.4 18 230 M M 0 8 28 190
14 82 35 59 3 6 0 0.00 M M 6.5 22 250 M M 0 30 230
15 81 41 61 5 4 0 0.00 M M 6.7 18 280 M M 0 8 23 280
16 81 37 59 4 6 0 0.00 M M 4.5 10 330 M M 0 8 16 140
17 81 37 59 4 6 0 0.00 M M 4.3 15 300 M M 0 23 350
18 82 38 60 6 5 0 T M M 5.1 20 220 M M 0 8 32 220
19 79 46 63 9 2 0 0.10 M M 15.7 37 280 M M 3 8 49 280
20 70 40 55 1 10 0 0.00 M M 12.0 28 270 M M 0 40 240
21 77 35 56 3 9 0 0.00 M M 6.0 22 250 M M 0 30 250
22 79 36 58 5 7 0 0.02 M M 7.7 29 220 M M 2 8 40 210
23 76 47 62 10 3 0 0.00 M M 10.7 28 240 M M 0 38 250
24 81 50 66 14 0 1 0.00 M M 12.5 29 220 M M 0 37 230
25 79 42 61 10 4 0 T M M 14.5 37 270 M M 0 8 50 270
26 68 49 59 8 6 0 0.00 M M 25.7 43 260 M M 1 62 260
27 53 31 42 -9 23 0 T M M 11.5 22 250 M M 0 40 360
28 58 23 41 -9 24 0 0.00 M M 7.6 21 280 M M 0 8 29 270
29 73 38 56 6 9 0 0.00 M M 12.0 23 260 M M 0 32 260
30 72 36 54 5 11 0 0.00 M M 6.5 17 290 M M 0 23 300
================================================================================
SM 2203 1141 283 13 0.42 M 325.3 M 40
================================================================================
AV 73.4 38.0 10.8 FASTST M M 1 MAX(MPH)
MISC ----> # 43 260 # 62 260
================================================================================
NOTES:
# LAST OF SEVERAL OCCURRENCES
COLUMN 17 PEAK WIND IN M.P.H.
PRELIMINARY LOCAL CLIMATOLOGICAL DATA (WS FORM: F-6) , PAGE 2
STATION: RAWLINS WYOMING AIRPORT
MONTH: SEPTEMBER
YEAR: 2020
LATITUDE: 41 47 N
LONGITUDE: 107 12 W
[TEMPERATURE DATA] [PRECIPITATION DATA] SYMBOLS USED IN COLUMN 16
AVERAGE MONTHLY: 55.7 TOTAL FOR MONTH: 0.42 1 = FOG OR MIST
DPTR FM NORMAL: 0.3 DPTR FM NORMAL: -0.55 2 = FOG REDUCING VISIBILITY
HIGHEST: 93 ON 5 GRTST 24HR 0.28 ON 8- 8 TO 1/4 MILE OR LESS
LOWEST: 23 ON 28 3 = THUNDER
SNOW, ICE PELLETS, HAIL 4 = ICE PELLETS
TOTAL MONTH: M 5 = HAIL
GRTST 24HR M ON M 6 = FREEZING RAIN OR DRIZZLE
GRTST DEPTH: M ON M 7 = DUSTSTORM OR SANDSTORM:
VSBY 1/2 MILE OR LESS
8 = SMOKE OR HAZE
[NO. OF DAYS WITH] [WEATHER - DAYS WITH] 9 = BLOWING SNOW
X = TORNADO
MAX 32 OR BELOW: 0 0.01 INCH OR MORE: 4
MAX 90 OR ABOVE: 2 0.10 INCH OR MORE: 2
MIN 32 OR BELOW: 6 0.50 INCH OR MORE: 0
MIN 0 OR BELOW: 0 1.00 INCH OR MORE: 0
[HDD (BASE 65) ]
TOTAL THIS MO. 283 CLEAR (SCALE 0-3) 26
DPTR FM NORMAL -10 PTCLDY (SCALE 4-7) 2
TOTAL FM JUL 1 305 CLOUDY (SCALE 8-10) 2
DPTR FM NORMAL -81
[CDD (BASE 65) ]
TOTAL THIS MO. 13
DPTR FM NORMAL 8 [PRESSURE DATA]
TOTAL FM JAN 1 324 HIGHEST SLP 30.52 ON 28
DPTR FM NORMAL 138 LOWEST SLP 29.59 ON 7
[REMARKS]
SEPTEMBER 5TH...TIED RECORD HIGH 93 DEGREES SET IN 1998.
#FINAL-09-20#