000
CXUS56 KSTO 020144
CF6SAC
PRELIMINARY LOCAL CLIMATOLOGICAL DATA (WS FORM: F-6)
STATION: SACRAMENTO EXEC. AIRPORT CA
MONTH: APRIL
YEAR: 2020
LATITUDE: 38 31 N
LONGITUDE: 121 30 W
TEMPERATURE IN F: :PCPN: SNOW: WIND :SUNSHINE: SKY :PK WND
================================================================================
1 2 3 4 5 6A 6B 7 8 9 10 11 12 13 14 15 16 17 18
12Z AVG MX 2MIN
DY MAX MIN AVG DEP HDD CDD WTR SNW DPTH SPD SPD DIR MIN PSBL S-S WX SPD DR
================================================================================
1 67 41 54 -2 11 0 0.00 0.0 0 6.2 17 310 M M 1 1 23 340
2 69 44 57 1 8 0 0.00 0.0 0 10.4 21 340 M M 0 27 340
3 70 40 55 -1 10 0 0.00 0.0 0 4.1 15 220 M M 0 20 210
4 57 46 52 -4 13 0 0.91 0.0 0 7.6 15 140 M M 7 1 22 170
5 56 46 51 -6 14 0 0.63 0.0 0 8.3 18 220 M M 9 1 27 220
6 59 37 48 -9 17 0 0.13 0.0 0 2.9 14 360 M M 5 1 19 350
7 66 43 55 -2 10 0 0.00 0.0 0 2.7 10 240 M M 3 1 13 240
8 63 45 54 -3 11 0 0.00 0.0 0 4.6 15 210 M M 0 22 200
9 64 51 58 1 7 0 0.01 0.0 0 5.7 14 150 M M 9 1 19 150
10 71 46 59 2 6 0 T M 0 5.6 15 230 M M 3 1 21 230
11 67 49 58 0 7 0 0.00 0.0 0 7.9 14 210 M M 3 20 210
12 73 51 62 4 3 0 0.00 0.0 0 5.8 15 220 M M 5 19 240
13 78 49 64 6 1 0 0.00 0.0 0 7.0 18 310 M M 0 23 320
14 80 51 66 8 0 1 0.00 0.0 0 7.2 16 330 M M 0 23 340
15 81 45 63 5 2 0 0.00 M 0 3.8 12 230 M M 0 14 230
16 81 52 67 8 0 2 0.00 0.0 0 5.9 20 230 M M 0 25 230
17 68 51 60 1 5 0 0.00 0.0 0 9.8 22 220 M M 1 30 220
18 68 52 60 1 5 0 0.00 0.0 0 8.9 17 230 M M 3 23 220
19 68 50 59 0 6 0 0.00 0.0 0 6.7 16 220 M M 2 21 240
20 69 50 60 0 5 0 0.00 0.0 0 7.3 16 220 M M 5 21 240
21 79 46 63 3 2 0 0.00 0.0 0 5.1 14 210 M M 0 24 260
22 83 52 68 8 0 3 0.00 0.0 0 4.8 13 210 M M 0 17 200
23 88 54 71 11 0 6 0.00 0.0 0 6.5 20 300 M M 0 24 300
24 93 54 74 14 0 9 0.00 0.0 0 5.3 15 330 M M 0 21 350
25 91 56 74 13 0 9 0.00 0.0 0 3.4 14 230 M M 0 19 230
26 85 54 70 9 0 5 0.00 0.0 0 5.9 16 220 M M 0 22 220
27 88 50 69 8 0 4 0.00 0.0 0 5.3 15 230 M M 0 19 230
28 93 56 75 14 0 10 0.00 0.0 0 4.9 14 230 M M 0 17 240
29 81 59 70 8 0 5 0.00 0.0 0 7.9 15 210 M M 0 21 220
30 86 54 70 8 0 5 0.00 0.0 0 7.1 26 230 M M 0 32 230
================================================================================
SM 2242 1474 143 59 1.68 0.0 184.6 M 56
================================================================================
AV 74.7 49.1 6.2 FASTST M M 2 MAX(MPH)
MISC ----> # 26 230 # 32 230
================================================================================
NOTES:
# LAST OF SEVERAL OCCURRENCES
COLUMN 17 PEAK WIND IN M.P.H.
PRELIMINARY LOCAL CLIMATOLOGICAL DATA (WS FORM: F-6) , PAGE 2
STATION: SACRAMENTO EXEC. AIRPORT CA
MONTH: APRIL
YEAR: 2020
LATITUDE: 38 31 N
LONGITUDE: 121 30 W
[TEMPERATURE DATA] [PRECIPITATION DATA] SYMBOLS USED IN COLUMN 16
AVERAGE MONTHLY: 61.9 TOTAL FOR MONTH: 1.68 1 = FOG OR MIST
DPTR FM NORMAL: 3.2 DPTR FM NORMAL: 0.53 2 = FOG REDUCING VISIBILITY
HIGHEST: 93 ON 28,24 GRTST 24HR 0.91 ON 4- 4 TO 1/4 MILE OR LESS
LOWEST: 37 ON 6 3 = THUNDER
SNOW, ICE PELLETS, HAIL 4 = ICE PELLETS
TOTAL MONTH: 0.0 INCH 5 = HAIL
GRTST 24HR 0.0 6 = FREEZING RAIN OR DRIZZLE
GRTST DEPTH: 0 7 = DUSTSTORM OR SANDSTORM:
VSBY 1/2 MILE OR LESS
8 = SMOKE OR HAZE
[NO. OF DAYS WITH] [WEATHER - DAYS WITH] 9 = BLOWING SNOW
X = TORNADO
MAX 32 OR BELOW: 0 0.01 INCH OR MORE: 4
MAX 90 OR ABOVE: 3 0.10 INCH OR MORE: 3
MIN 32 OR BELOW: 0 0.50 INCH OR MORE: 2
MIN 0 OR BELOW: 0 1.00 INCH OR MORE: 0
[HDD (BASE 65) ]
TOTAL THIS MO. 143 CLEAR (SCALE 0-3) 22
DPTR FM NORMAL -62 PTCLDY (SCALE 4-7) 6
TOTAL FM JUL 1 2122 CLOUDY (SCALE 8-10) 2
DPTR FM NORMAL -416
[CDD (BASE 65) ]
TOTAL THIS MO. 59
DPTR FM NORMAL 44 [PRESSURE DATA]
TOTAL FM JAN 1 59 HIGHEST SLP 30.28 ON 22
DPTR FM NORMAL 43 LOWEST SLP 29.61 ON 5
[REMARKS]
#FINAL-04-20#