000
CXUS56 KSGX 011045
CF6SAN
PRELIMINARY LOCAL CLIMATOLOGICAL DATA (WS FORM: F-6)
STATION: SAN DIEGO INTL AIRPORT CA
MONTH: OCTOBER
YEAR: 2022
LATITUDE: 32 43 N
LONGITUDE: 117 10 W
TEMPERATURE IN F: :PCPN: SNOW: WIND :SUNSHINE: SKY :PK WND
================================================================================
1 2 3 4 5 6A 6B 7 8 9 10 11 12 13 14 15 16 17 18
12Z AVG MX 2MIN
DY MAX MIN AVG DEP HDD CDD WTR SNW DPTH SPD SPD DIR MIN PSBL S-S WX SPD DR
================================================================================
1 73 66 70 0 0 5 0.00 M M 4.8 12 270 M M 7 18 290
2 74 68 71 1 0 6 0.00 M M 6.0 16 280 M M 8 21 280
3 73 68 71 1 0 6 0.00 M M 6.3 15 280 M M 9 19 280
4 74 66 70 0 0 5 0.00 M M 4.0 12 210 M M 9 22 210
5 70 65 68 -2 0 3 0.00 M M 4.4 9 220 M M 10 18 20 200
6 70 65 68 -1 0 3 T M M 4.2 10 220 M M 9 18 22 210
7 75 65 70 1 0 5 0.00 M M 4.5 12 280 M M 5 8 18 240
8 77 66 72 3 0 7 0.00 M M 4.8 15 280 M M 5 8 18 280
9 76 67 72 3 0 7 0.00 M M 4.3 14 280 M M 7 18 19 280
10 73 67 70 1 0 5 0.00 M M 4.2 13 270 M M 8 18 250
11 73 67 70 1 0 5 0.01 M M 4.7 13 270 M M 9 3 18 230
12 74 68 71 2 0 6 0.00 M M 5.8 15 280 M M 10 20 280
13 70 66 68 0 0 3 T M M 5.7 12 270 M M 10 18 16 220
14 69 65 67 -1 0 2 0.00 M M 4.3 9 250 M M 10 20 200
15 73 64 69 1 0 4 0.02 M M 3.3 12 270 M M 9 13 19 210
16 74 65 70 2 0 5 0.00 M M 6.1 15 300 M M 7 22 320
17 74 61 68 0 0 3 0.00 M M 4.6 16 280 M M 3 20 280
18 81 61 71 3 0 6 0.00 M M 4.5 17 300 M M 1 23 310
19 95 62 79 11 0 14 0.00 M M 4.2 14 280 M M 1 16 220
20 80 62 71 3 0 6 0.00 M M 4.7 12 170 M M 6 18 24 180
21 73 66 70 3 0 5 0.00 M M 6.3 10 230 M M 8 18 21 220
22 70 64 67 0 0 2 0.03 M M 7.4 16 250 M M 9 1 26 230
23 69 59 64 -3 1 0 0.03 M M 4.9 16 240 M M 5 1 23 190
24 74 53 64 -3 1 0 0.00 M M 3.9 15 280 M M 0 19 280
25 74 51 63 -4 2 0 0.00 M M 3.8 12 280 M M 0 18 260
26 71 58 65 -2 0 0 0.00 M M 5.7 13 260 M M 5 22 210
27 70 59 65 -2 0 0 0.00 M M 4.2 10 220 M M 2 19 210
28 72 55 64 -2 1 0 0.00 M M 3.4 13 260 M M 2 8 20 230
29 73 56 65 -1 0 0 0.00 M M 3.9 15 290 M M 3 20 280
30 76 54 65 -1 0 0 0.00 M M 3.4 13 290 M M 2 17 310
31 77 55 66 0 0 1 0.00 M M 3.7 12 280 M M 5 17 170
================================================================================
SM 2297 1934 5 114 0.09 M 146.0 M 184
================================================================================
AV 74.1 62.4 4.7 FASTST M M 6 MAX(MPH)
MISC ----> 17 300 26 230
================================================================================
NOTES:
# LAST OF SEVERAL OCCURRENCES
COLUMN 17 PEAK WIND IN M.P.H.
PRELIMINARY LOCAL CLIMATOLOGICAL DATA (WS FORM: F-6) , PAGE 2
STATION: SAN DIEGO INTL AIRPORT CA
MONTH: OCTOBER
YEAR: 2022
LATITUDE: 32 43 N
LONGITUDE: 117 10 W
[TEMPERATURE DATA] [PRECIPITATION DATA] SYMBOLS USED IN COLUMN 16
AVERAGE MONTHLY: 68.2 TOTAL FOR MONTH: 0.09 1 = FOG OR MIST
DPTR FM NORMAL: 0.1 DPTR FM NORMAL: -0.41 2 = FOG REDUCING VISIBILITY
HIGHEST: 95 ON 19 GRTST 24HR 0.06 ON 22-23 TO 1/4 MILE OR LESS
LOWEST: 51 ON 25 3 = THUNDER
SNOW, ICE PELLETS, HAIL 4 = ICE PELLETS
TOTAL MONTH: M 5 = HAIL
GRTST 24HR M ON M 6 = FREEZING RAIN OR DRIZZLE
GRTST DEPTH: M ON M 7 = DUSTSTORM OR SANDSTORM:
VSBY 1/2 MILE OR LESS
8 = SMOKE OR HAZE
[NO. OF DAYS WITH] [WEATHER - DAYS WITH] 9 = BLOWING SNOW
X = TORNADO
MAX 32 OR BELOW: 0 0.01 INCH OR MORE: 4
MAX 90 OR ABOVE: 1 0.10 INCH OR MORE: 0
MIN 32 OR BELOW: 0 0.50 INCH OR MORE: 0
MIN 0 OR BELOW: 0 1.00 INCH OR MORE: 0
[HDD (BASE 65) ]
TOTAL THIS MO. 5 CLEAR (SCALE 0-3) 9
DPTR FM NORMAL -6 PTCLDY (SCALE 4-7) 12
TOTAL FM JUL 1 5 CLOUDY (SCALE 8-10) 10
DPTR FM NORMAL -4
[CDD (BASE 65) ]
TOTAL THIS MO. 114
DPTR FM NORMAL 8 [PRESSURE DATA]
TOTAL FM JAN 1 984 HIGHEST SLP 30.18 ON 28
DPTR FM NORMAL 117 LOWEST SLP 29.79 ON 22
[REMARKS]
#FINAL-10-22#