000
CXUS54 KEWX 021339
CF6SAT
PRELIMINARY LOCAL CLIMATOLOGICAL DATA (WS FORM: F-6)
STATION: SAN ANTONIO
MONTH: JANUARY
YEAR: 2023
LATITUDE: 29 31 N
LONGITUDE: 98 28 W
TEMPERATURE IN F: :PCPN: SNOW: WIND :SUNSHINE: SKY :PK WND
================================================================================
1 2 3 4 5 6A 6B 7 8 9 10 11 12 13 14 15 16 17 18
12Z AVG MX 2MIN
DY MAX MIN AVG DEP HDD CDD WTR SNW DPTH SPD SPD DIR MIN PSBL S-S WX SPD DR
================================================================================
1 78 47 63 11 2 0 0.00 0.0 0 5.0 17 150 M M 5 12 22 150
2 82 64 73 21 0 8 0.01 0.0 0 8.9 21 160 M M 7 18 26 170
3 79 53 66 14 0 1 0.00 0.0 0 7.5 18 320 M M 8 1 24 310
4 77 48 63 11 2 0 0.00 0.0 0 7.8 23 300 M M 3 30 300
5 75 43 59 7 6 0 0.00 0.0 0 5.0 12 100 M M 1 15 100
6 80 46 63 11 2 0 0.00 0.0 0 8.9 22 160 M M 4 29 190
7 74 62 68 16 0 3 T 0.0 0 5.2 18 350 M M 9 25 360
8 71 51 61 9 4 0 0.00 0.0 0 8.4 18 350 M M 5 27 330
9 73 46 60 8 5 0 0.00 0.0 0 5.1 13 150 M M 4 16 160
10 79 55 67 15 0 2 0.00 0.0 0 6.8 16 210 M M 3 12 21 210
11 79 52 66 14 0 1 0.00 0.0 0 5.4 20 190 M M 4 18 26 320
12 65 44 55 3 10 0 0.00 0.0 0 12.0 26 340 M M 5 38 350
13 66 36 51 -1 14 0 0.00 0.0 0 4.5 13 30 M M 1 17 40
14 66 32 49 -3 16 0 0.00 0.0 0 7.7 17 160 M M 1 22 150
15 75 48 62 10 3 0 0.00 0.0 0 10.0 24 150 M M 4 32 170
16 76 55 66 14 0 1 0.00 0.0 0 5.2 14 170 M M 8 19 180
17 79 50 65 13 0 0 0.00 0.0 0 7.6 16 130 M M 6 27 130
18 79 55 67 15 0 2 T 0.0 0 8.3 24 350 M M 5 1 35 330
19 71 47 59 7 6 0 0.00 0.0 0 5.3 13 20 M M 3 17 360
20 61 54 58 6 7 0 T 0.0 0 8.1 17 70 M M 9 24 70
21 66 46 56 4 9 0 T 0.0 0 5.6 13 100 M M 7 17 110
22 66 42 54 2 11 0 0.00 0.0 0 8.8 20 340 M M 0 27 340
23 59 37 48 -4 17 0 0.00 0.0 0 10.4 21 100 M M 6 28 100
24 61 45 53 0 12 0 0.49 0.0 0 13.5 28 300 M M 7 13 37 300
25 60 35 48 -5 17 0 0.00 0.0 0 9.3 21 320 M M 0 29 320
26 58 34 46 -7 19 0 0.00 0.0 0 3.6 13 10 M M 2 18 10
27 56 35 46 -7 19 0 0.03 0.0 0 5.9 13 130 M M 7 1 18 210
28 59 48 54 1 11 0 0.11 0.0 0 1.9 9 200 M M 10 1 13 220
29 77 46 62 9 3 0 T 0.0 0 6.9 21 70 M M 8 12 30 40
30 46 33 40 -14 25 0 0.02 0.0 0 12.6 18 10 M M 10 1 29 30
31 35 31 33 -21 32 0 0.03 0.0 0 11.7 18 360 M M 10 16 27 360
================================================================================
SM 2128 1420 252 18 0.69 0.0 232.9 M 162
================================================================================
AV 68.6 45.8 7.5 FASTST M M 5 MAX(MPH)
MISC ----> 28 300 38 350
================================================================================
NOTES:
# LAST OF SEVERAL OCCURRENCES
COLUMN 17 PEAK WIND IN M.P.H.
PRELIMINARY LOCAL CLIMATOLOGICAL DATA (WS FORM: F-6) , PAGE 2
STATION: SAN ANTONIO
MONTH: JANUARY
YEAR: 2023
LATITUDE: 29 31 N
LONGITUDE: 98 28 W
[TEMPERATURE DATA] [PRECIPITATION DATA] SYMBOLS USED IN COLUMN 16
AVERAGE MONTHLY: 57.2 TOTAL FOR MONTH: 0.69 1 = FOG OR MIST
DPTR FM NORMAL: 5.0 DPTR FM NORMAL: -1.27 2 = FOG REDUCING VISIBILITY
HIGHEST: 82 ON 2 GRTST 24HR 0.49 ON 24-24 TO 1/4 MILE OR LESS
LOWEST: 31 ON 31 3 = THUNDER
SNOW, ICE PELLETS, HAIL 4 = ICE PELLETS
TOTAL MONTH: 0.0 INCH 5 = HAIL
GRTST 24HR 0.0 6 = FREEZING RAIN OR DRIZZLE
GRTST DEPTH: 0 7 = DUSTSTORM OR SANDSTORM:
VSBY 1/2 MILE OR LESS
8 = SMOKE OR HAZE
[NO. OF DAYS WITH] [WEATHER - DAYS WITH] 9 = BLOWING SNOW
X = TORNADO
MAX 32 OR BELOW: 0 0.01 INCH OR MORE: 6
MAX 90 OR ABOVE: 0 0.10 INCH OR MORE: 2
MIN 32 OR BELOW: 2 0.50 INCH OR MORE: 0
MIN 0 OR BELOW: 0 1.00 INCH OR MORE: 0
[HDD (BASE 65) ]
TOTAL THIS MO. 252 CLEAR (SCALE 0-3) 8
DPTR FM NORMAL -154 PTCLDY (SCALE 4-7) 18
TOTAL FM JUL 1 831 CLOUDY (SCALE 8-10) 5
DPTR FM NORMAL -167
[CDD (BASE 65) ]
TOTAL THIS MO. 18
DPTR FM NORMAL 11 [PRESSURE DATA]
TOTAL FM JAN 1 18 HIGHEST SLP 30.46 ON 26
DPTR FM NORMAL 11 LOWEST SLP 29.62 ON 2
[REMARKS]
#FINAL-01-23#