000
CXUS52 KCHS 010815
CF6SAV
PRELIMINARY LOCAL CLIMATOLOGICAL DATA (WS FORM: F-6)
STATION: SAVANNAH GA
MONTH: MAY
YEAR: 2022
LATITUDE: 32 7 N
LONGITUDE: 81 12 W
TEMPERATURE IN F: :PCPN: SNOW: WIND :SUNSHINE: SKY :PK WND
================================================================================
1 2 3 4 5 6A 6B 7 8 9 10 11 12 13 14 15 16 17 18
12Z AVG MX 2MIN
DY MAX MIN AVG DEP HDD CDD WTR SNW DPTH SPD SPD DIR MIN PSBL S-S WX SPD DR
================================================================================
1 84 58 71 1 0 6 0.37 0.0 0 6.2 18 210 M M 5 3 23 150
2 88 66 77 6 0 12 0.00 0.0 0 6.8 17 160 M M 5 1 21 170
3 87 69 78 7 0 13 0.03 0.0 0 9.0 20 150 M M 6 3 23 160
4 89 66 78 7 0 13 0.00 0.0 0 5.9 13 150 M M 5 13 15 150
5 93 68 81 9 0 16 0.00 0.0 0 7.8 16 260 M M 3 25 260
6 86 70 78 6 0 13 T 0.0 0 11.5 22 220 M M 7 31 240
7 81 62 72 0 0 7 0.00 0.0 0 13.9 29 270 M M 4 38 280
8 73 55 64 -8 1 0 0.00 0.0 0 8.0 15 50 M M 5 19 50
9 75 51 63 -9 2 0 0.00 0.0 0 7.0 18 30 M M 3 24 30
10 83 50 67 -6 0 2 0.00 0.0 0 8.4 21 340 M M 0 27 330
11 83 54 69 -4 0 4 0.00 0.0 0 9.5 22 10 M M 1 29 20
12 80 56 68 -5 0 3 0.04 0.0 0 7.5 17 40 M M 5 1 22 40
13 80 63 72 -1 0 7 0.00 0.0 0 8.8 23 120 M M 7 27 130
14 85 60 73 -1 0 8 0.00 0.0 0 3.9 13 140 M M 5 12 16 300
15 87 63 75 1 0 10 0.02 0.0 0 4.0 18 150 M M 5 138 23 100
16 91 67 79 5 0 14 T 0.0 0 8.4 15 210 M M 2 20 210
17 90 68 79 5 0 14 0.00 0.0 0 6.7 15 100 M M 2 8 20 100
18 91 64 78 3 0 13 0.00 0.0 0 9.0 20 150 M M 3 12 25 160
19 96 72 84 9 0 19 0.00 0.0 0 8.8 17 260 M M 2 24 260
20 93 70 82 7 0 17 0.00 0.0 0 9.9 21 200 M M 6 29 210
21 89 72 81 6 0 16 T 0.0 0 9.8 22 170 M M 7 27 150
22 85 69 77 1 0 12 0.64 0.0 0 7.8 25 320 M M 7 13 33 320
23 91 67 79 3 0 14 0.55 0.0 0 7.7 20 290 M M 7 13 25 190
24 88 69 79 3 0 14 T 0.0 0 6.5 20 170 M M 6 13 24 150
25 88 72 80 4 0 15 0.00 0.0 0 9.2 18 150 M M 5 23 120
26 87 72 80 4 0 15 0.00 0.0 0 12.1 24 150 M M 6 29 150
27 84 73 79 2 0 14 T 0.0 0 10.7 20 180 M M 6 3 25 240
28 90 68 79 2 0 14 0.00 0.0 0 6.1 15 170 M M 3 23 160
29 90 66 78 1 0 13 0.02 0.0 0 6.5 18 70 M M 3 13 22 70
30 87 70 79 2 0 14 T 0.0 0 7.2 21 100 M M 5 13 25 100
31 84 69 77 0 0 12 0.13 0.0 0 3.6 18 130 M M 5 13 22 120
================================================================================
SM 2678 2019 3 344 1.80 0.0 248.2 M 141
================================================================================
AV 86.4 65.1 8.0 FASTST M M 5 MAX(MPH)
MISC ----> 29 270 38 280
================================================================================
NOTES:
# LAST OF SEVERAL OCCURRENCES
COLUMN 17 PEAK WIND IN M.P.H.
PRELIMINARY LOCAL CLIMATOLOGICAL DATA (WS FORM: F-6) , PAGE 2
STATION: SAVANNAH GA
MONTH: MAY
YEAR: 2022
LATITUDE: 32 7 N
LONGITUDE: 81 12 W
[TEMPERATURE DATA] [PRECIPITATION DATA] SYMBOLS USED IN COLUMN 16
AVERAGE MONTHLY: 75.8 TOTAL FOR MONTH: 1.80 1 = FOG OR MIST
DPTR FM NORMAL: 1.7 DPTR FM NORMAL: -1.82 2 = FOG REDUCING VISIBILITY
HIGHEST: 96 ON 19 GRTST 24HR 1.17 ON 22-23 TO 1/4 MILE OR LESS
LOWEST: 50 ON 10 3 = THUNDER
SNOW, ICE PELLETS, HAIL 4 = ICE PELLETS
TOTAL MONTH: 0.0 INCH 5 = HAIL
GRTST 24HR 0.0 6 = FREEZING RAIN OR DRIZZLE
GRTST DEPTH: 0 7 = DUSTSTORM OR SANDSTORM:
VSBY 1/2 MILE OR LESS
8 = SMOKE OR HAZE
[NO. OF DAYS WITH] [WEATHER - DAYS WITH] 9 = BLOWING SNOW
X = TORNADO
MAX 32 OR BELOW: 0 0.01 INCH OR MORE: 8
MAX 90 OR ABOVE: 9 0.10 INCH OR MORE: 4
MIN 32 OR BELOW: 0 0.50 INCH OR MORE: 2
MIN 0 OR BELOW: 0 1.00 INCH OR MORE: 0
[HDD (BASE 65) ]
TOTAL THIS MO. 3 CLEAR (SCALE 0-3) 8
DPTR FM NORMAL -4 PTCLDY (SCALE 4-7) 23
TOTAL FM JUL 1 1441 CLOUDY (SCALE 8-10) 0
DPTR FM NORMAL -229
[CDD (BASE 65) ]
TOTAL THIS MO. 344
DPTR FM NORMAL 57 [PRESSURE DATA]
TOTAL FM JAN 1 553 HIGHEST SLP 30.25 ON 22
DPTR FM NORMAL 92 LOWEST SLP 29.64 ON 7
[REMARKS]
#FINAL-05-22#