000
CXUS56 KLOX 040534
CF6SBA
PRELIMINARY LOCAL CLIMATOLOGICAL DATA (WS FORM: F-6)
STATION: SANTA BARBARA AIRPORT CA
MONTH: NOVEMBER
YEAR: 2020
LATITUDE: 34 25 N
LONGITUDE: 119 50 W
TEMPERATURE IN F: :PCPN: SNOW: WIND :SUNSHINE: SKY :PK WND
================================================================================
1 2 3 4 5 6A 6B 7 8 9 10 11 12 13 14 15 16 17 18
12Z AVG MX 2MIN
DY MAX MIN AVG DEP HDD CDD WTR SNW DPTH SPD SPD DIR MIN PSBL S-S WX SPD DR
================================================================================
1 76 50 63 4 2 0 0.00 0.0 0 3.6 M M M M 1 M M
2 66 50 58 -1 7 0 0.00 0.0 0 4.2 10 140 M M 8 128 13 170
3 69 51 60 1 5 0 0.00 0.0 0 3.9 12 210 M M 5 18 13 220
4 74 48 61 2 4 0 0.00 0.0 0 3.1 9 230 M M 2 12 11 240
5 89 47 68 10 0 3 0.00 0.0 0 2.3 13 240 M M 2 15 260
6 74 52 63 5 2 0 0.00 0.0 0 8.5 25 340 M M 0 18 32 310
7 64 45 55 -3 10 0 0.05 M 0 8.2 21 280 M M 4 30 270
8 64 45 55 -3 10 0 T M 0 11.3 29 300 M M 6 39 300
9 63 40 52 -6 13 0 0.00 M 0 3.7 14 10 M M 0 18 10
10 65 36 51 -7 14 0 0.00 0.0 0 3.3 14 260 M M 0 8 17 260
11 64 37 51 -6 14 0 0.00 0.0 0 2.8 10 160 M M 0 13 170
12 66 40 53 -4 12 0 0.00 0.0 0 2.5 10 250 M M 0 12 220
13 65 41 53 -4 12 0 0.00 0.0 0 3.5 10 360 M M 0 15 320
14 73 46 60 3 5 0 0.00 M 0 6.8 22 10 M M 0 24 10
15 77 41 59 3 6 0 0.00 0.0 0 2.5 10 260 M M 0 12 260
16 85 42 64 8 1 0 0.00 0.0 0 2.5 9 50 M M 0 11 50
17 68 46 57 1 8 0 0.00 0.0 0 4.2 10 240 M M 1 18 13 170
18 67 42 55 -1 10 0 0.00 0.0 0 4.8 14 260 M M 6 12 17 270
19 62 48 55 -1 10 0 0.00 0.0 0 2.6 9 140 M M 5 128 11 150
20 68 46 57 2 8 0 0.00 0.0 0 2.5 12 260 M M 0 13 250
21 74 42 58 3 7 0 0.00 0.0 0 2.7 10 260 M M 0 13 300
22 71 40 56 1 9 0 0.00 0.0 0 2.5 9 270 M M 0 1 10 270
23 73 43 58 3 7 0 0.00 0.0 0 6.4 18 340 M M 0 23 260
24 65 44 55 0 10 0 0.00 0.0 0 3.0 10 250 M M 1 1 13 240
25 63 43 53 -1 12 0 0.00 0.0 0 2.6 8 150 M M 0 1 M M
26 66 37 52 -2 13 0 0.00 M M 3.6 12 250 M M M 14 250
27 69 35 52 -2 13 0 0.00 M M 2.2 9 160 M M M 11 150
28 70 32 51 -3 14 0 0.00 M M 2.3 9 260 M M M 12 240
29 71 33 52 -2 13 0 0.00 M M 1.9 13 270 M M M 17 270
30 73 37 55 2 10 0 0.00 M M 1.7 8 220 M M M 9 220
================================================================================
SM 2094 1279 261 3 0.05 0.0 115.7 M 41
================================================================================
AV 69.8 42.6 3.9 FASTST M M 2 MAX(MPH)
MISC ----> # 29 300 # 39 300
================================================================================
NOTES:
# LAST OF SEVERAL OCCURRENCES
COLUMN 17 PEAK WIND IN M.P.H.
PRELIMINARY LOCAL CLIMATOLOGICAL DATA (WS FORM: F-6) , PAGE 2
STATION: SANTA BARBARA AIRPORT CA
MONTH: NOVEMBER
YEAR: 2020
LATITUDE: 34 25 N
LONGITUDE: 119 50 W
[TEMPERATURE DATA] [PRECIPITATION DATA] SYMBOLS USED IN COLUMN 16
AVERAGE MONTHLY: 56.2 TOTAL FOR MONTH: 0.05 1 = FOG OR MIST
DPTR FM NORMAL: -0.1 DPTR FM NORMAL: -1.50 2 = FOG REDUCING VISIBILITY
HIGHEST: 89 ON 5 GRTST 24HR 0.05 ON 7- 7 TO 1/4 MILE OR LESS
LOWEST: 32 ON 28 3 = THUNDER
SNOW, ICE PELLETS, HAIL 4 = ICE PELLETS
TOTAL MONTH: 0.0 INCH 5 = HAIL
GRTST 24HR 0.0 6 = FREEZING RAIN OR DRIZZLE
GRTST DEPTH: 0 7 = DUSTSTORM OR SANDSTORM:
VSBY 1/2 MILE OR LESS
8 = SMOKE OR HAZE
[NO. OF DAYS WITH] [WEATHER - DAYS WITH] 9 = BLOWING SNOW
X = TORNADO
MAX 32 OR BELOW: 0 0.01 INCH OR MORE: 1
MAX 90 OR ABOVE: 0 0.10 INCH OR MORE: 0
MIN 32 OR BELOW: 1 0.50 INCH OR MORE: 0
MIN 0 OR BELOW: 0 1.00 INCH OR MORE: 0
[HDD (BASE 65) ]
TOTAL THIS MO. 261 CLEAR (SCALE 0-3) 19
DPTR FM NORMAL 0 PTCLDY (SCALE 4-7) 6
TOTAL FM JUL 1 373 CLOUDY (SCALE 8-10) 0
DPTR FM NORMAL -105
[CDD (BASE 65) ]
TOTAL THIS MO. 3
DPTR FM NORMAL 1 [PRESSURE DATA]
TOTAL FM JAN 1 370 HIGHEST SLP M ON M
DPTR FM NORMAL 182 LOWEST SLP 29.61 ON 6
[REMARKS]
#FINAL-11-20#