000
CXUS53 KMKX 010810
CF6SBM
PRELIMINARY LOCAL CLIMATOLOGICAL DATA (WS FORM: F-6)
STATION: SHEBOYGAN WI
MONTH: MARCH
YEAR: 2024
LATITUDE: 43 46 N
LONGITUDE: 87 51 W
TEMPERATURE IN F: :PCPN: SNOW: WIND :SUNSHINE: SKY :PK WND
================================================================================
1 2 3 4 5 6A 6B 7 8 9 10 11 12 13 14 15 16 17 18
12Z AVG MX 2MIN
DY MAX MIN AVG DEP HDD CDD WTR SNW DPTH SPD SPD DIR MIN PSBL S-S WX SPD DR
================================================================================
1 46 22 34 7 31 0 0.00 M M 11.7 20 210 M M 1 25 210
2 52 28 40 13 25 0 0.00 M M 9.2 18 170 M M 1 18 24 160
3 55 38 47 20 18 0 0.00 M M 15.9 28 170 M M 4 18 44 160
4 54 30 42 14 23 0 0.59 M M 9.6 21 40 M M 5 13 29 20
5 44 34 39 11 26 0 0.09 M M 13.3 22 30 M M 3 1 30 30
6 46 28 37 9 28 0 0.00 M M 11.7 21 40 M M 3 28 40
7 40 28 34 5 31 0 0.00 M M 5.9 13 120 M M 4 19 90
8 40 32 36 7 29 0 0.39 M M 9.2 17 10 M M 10 1 29 10
9 36 29 33 3 32 0 0.02 M M 13.7 25 340 M M 7 1 35 320
10 42 26 34 4 31 0 0.00 M M 11.4 22 330 M M 1 31 340
11 60 24 42 12 23 0 0.00 M M 8.8 22 260 M M 0 29 270
12 67 36 52 21 13 0 0.00 M M 12.1 24 240 M M 0 32 220
13 59 28 44 13 21 0 0.00 M M 4.2 14 50 M M 1 16 50
14 44 33 39 8 26 0 0.35 M M 13.2 24 30 M M 7 34 30
15 49 29 39 7 26 0 0.00 M M 7.3 14 290 M M 0 18 290
16 52 34 43 11 22 0 0.00 M M 13.4 25 310 M M 6 39 260
17 35 21 28 -5 37 0 T M M 13.9 21 310 M M 10 29 320
18 34 21 28 -5 37 0 T M M 12.2 24 270 M M 7 33 250
19 50 30 40 7 25 0 0.00 M M 13.2 26 270 M M 7 37 270
20 33 19 26 -8 39 0 0.00 M M 11.6 24 350 M M 5 33 350
21 31 17 24 -10 41 0 T M M 4.9 14 140 M M 2 20 100
22 33 24 29 -5 36 0 0.19 M M 6.1 14 340 M M 10 18 20 350
23 33 15 24 -11 41 0 0.00 M M 4.6 13 310 M M 2 20 330
24 36 27 32 -3 33 0 0.04 M M 11.2 24 120 M M 9 128 39 100
25 47 35 41 5 24 0 0.56 M M 9.0 17 170 M M 8 128 25 170
26 53 29 41 5 24 0 0.35 M M 17.8 30 250 M M 10 1 42 170
27 38 25 32 -4 33 0 T M M 15.8 29 270 M M 8 38 250
28 41 25 33 -4 32 0 0.00 M M 10.4 22 270 M M 0 31 260
29 43 23 33 -4 32 0 0.00 M M 5.7 15 150 M M 1 20 150
30 38 33 36 -1 29 0 0.03 M M 6.8 16 340 M M 10 18 20 10
31 42 30 36 -2 29 0 T M M 2.8 9 80 M M 7 1 12 70
================================================================================
SM 1373 853 897 0 2.61 M 316.6 M 149
================================================================================
AV 44.3 27.5 10.2 FASTST M M 5 MAX(MPH)
MISC ----> 30 250 44 160
================================================================================
NOTES:
# LAST OF SEVERAL OCCURRENCES
COLUMN 17 PEAK WIND IN M.P.H.
PRELIMINARY LOCAL CLIMATOLOGICAL DATA (WS FORM: F-6) , PAGE 2
STATION: SHEBOYGAN WI
MONTH: MARCH
YEAR: 2024
LATITUDE: 43 46 N
LONGITUDE: 87 51 W
[TEMPERATURE DATA] [PRECIPITATION DATA] SYMBOLS USED IN COLUMN 16
AVERAGE MONTHLY: 35.9 TOTAL FOR MONTH: 2.61 1 = FOG OR MIST
DPTR FM NORMAL: 3.8 DPTR FM NORMAL: 0.96 2 = FOG REDUCING VISIBILITY
HIGHEST: 67 ON 12 GRTST 24HR 0.88 ON 25-26 TO 1/4 MILE OR LESS
LOWEST: 15 ON 23 3 = THUNDER
SNOW, ICE PELLETS, HAIL 4 = ICE PELLETS
TOTAL MONTH: M 5 = HAIL
GRTST 24HR M ON M 6 = FREEZING RAIN OR DRIZZLE
GRTST DEPTH: M ON M 7 = DUSTSTORM OR SANDSTORM:
VSBY 1/2 MILE OR LESS
8 = SMOKE OR HAZE
[NO. OF DAYS WITH] [WEATHER - DAYS WITH] 9 = BLOWING SNOW
X = TORNADO
MAX 32 OR BELOW: 1 0.01 INCH OR MORE: 10
MAX 90 OR ABOVE: 0 0.10 INCH OR MORE: 6
MIN 32 OR BELOW: 24 0.50 INCH OR MORE: 2
MIN 0 OR BELOW: 0 1.00 INCH OR MORE: 0
[HDD (BASE 65) ]
TOTAL THIS MO. 897 CLEAR (SCALE 0-3) 12
DPTR FM NORMAL -121 PTCLDY (SCALE 4-7) 13
TOTAL FM JUL 1 5338 CLOUDY (SCALE 8-10) 6
DPTR FM NORMAL -1132
[CDD (BASE 65) ]
TOTAL THIS MO. 0
DPTR FM NORMAL 0 [PRESSURE DATA]
TOTAL FM JAN 1 0 HIGHEST SLP M ON M
DPTR FM NORMAL 0 LOWEST SLP 29.32 ON 26
[REMARKS]
#FINAL-03-24#