000
CXUS53 KMKX 010910
CF6SBM
PRELIMINARY LOCAL CLIMATOLOGICAL DATA (WS FORM: F-6)
STATION: SHEBOYGAN WI
MONTH: OCTOBER
YEAR: 2020
LATITUDE: 43 46 N
LONGITUDE: 87 51 W
TEMPERATURE IN F: :PCPN: SNOW: WIND :SUNSHINE: SKY :PK WND
================================================================================
1 2 3 4 5 6A 6B 7 8 9 10 11 12 13 14 15 16 17 18
12Z AVG MX 2MIN
DY MAX MIN AVG DEP HDD CDD WTR SNW DPTH SPD SPD DIR MIN PSBL S-S WX SPD DR
================================================================================
1 60 40 50 -4 15 0 0.03 M 0 8.6 20 330 M M 7 27 340
2 49 37 43 -10 22 0 0.00 0.0 0 4.6 13 320 M M 8 17 310
3 51 43 47 -6 18 0 0.10 M 0 5.0 13 330 M M 10 17 310
4 56 36 46 -7 19 0 T 0.0 0 8.1 17 340 M M 6 26 330
5 63 34 49 -3 16 0 0.00 0.0 0 11.0 25 210 M M 0 33 200
6 74 50 62 10 3 0 0.00 0.0 0 10.1 20 320 M M 1 29 260
7 69 42 56 4 9 0 T M 0 9.1 22 290 M M 2 31 300
8 66 42 54 3 11 0 0.00 0.0 0 5.1 15 350 M M 0 1 21 330
9 81 42 62 11 3 0 0.00 0.0 0 12.6 29 210 M M 0 1 40 210
10 72 49 61 11 4 0 0.00 0.0 0 13.0 22 50 M M 0 31 230
11 62 43 53 3 12 0 0.00 0.0 0 7.7 14 140 M M 7 23 140
12 61 42 52 2 13 0 0.40 M 0 11.6 26 170 M M 5 13 42 170
13 68 42 55 6 10 0 T M 0 11.8 29 260 M M 1 40 210
14 61 44 53 4 12 0 0.05 M 0 12.2 31 170 M M 2 48 160
15 55 32 44 -5 21 0 0.00 0.0 0 13.0 31 280 M M 4 45 280
16 54 32 43 -5 22 0 0.04 M 0 10.0 24 290 M M 5 35 280
17 61 30 46 -2 19 0 T M 0 10.3 33 180 M M 7 42 190
18 55 32 44 -4 21 0 0.02 M 0 5.9 16 290 M M 4 1 23 280
19 41 28 35 -12 30 0 0.00 0.0 0 5.8 15 350 M M 7 19 360
20 48 30 39 -8 26 0 0.16 M 0 5.7 14 110 M M 5 18 21 110
21 50 43 47 1 18 0 0.01 M M 7.8 20 270 M M 6 18 31 270
22 49 42 46 0 19 0 1.66 M 0 10.4 24 70 M M 10 138 30 340
23 49 35 42 -4 23 0 1.15 M 0 11.1 22 330 M M 8 138 32 350
24 43 31 37 -8 28 0 0.00 0.0 0 5.1 12 260 M M 6 17 300
25 41 33 37 -8 28 0 0.01 M 0 6.8 13 350 M M 10 1 18 340
26 38 30 34 -11 31 0 T T 0 7.8 15 330 M M 7 1 21 320
27 42 27 35 -9 30 0 0.00 0.0 0 6.6 15 250 M M 4 21 230
28 55 30 43 -1 22 0 0.00 0.0 M 9.9 17 230 M M 2 23 230
29 43 33 38 -6 27 0 0.01 M 0 10.6 21 20 M M 9 31 10
30 40 22 31 -12 34 0 0.00 0.0 0 4.6 15 350 M M 6 20 340
31 58 23 41 -2 24 0 T M 0 13.0 35 290 M M 3 48 300
================================================================================
SM 1715 1119 590 0 3.64 T 274.9 M 152
================================================================================
AV 55.3 36.1 8.9 FASTST M M 5 MAX(MPH)
MISC ----> # 35 290 # 48 160
================================================================================
NOTES:
# LAST OF SEVERAL OCCURRENCES
COLUMN 17 PEAK WIND IN M.P.H.
PRELIMINARY LOCAL CLIMATOLOGICAL DATA (WS FORM: F-6) , PAGE 2
STATION: SHEBOYGAN WI
MONTH: OCTOBER
YEAR: 2020
LATITUDE: 43 46 N
LONGITUDE: 87 51 W
[TEMPERATURE DATA] [PRECIPITATION DATA] SYMBOLS USED IN COLUMN 16
AVERAGE MONTHLY: 45.7 TOTAL FOR MONTH: 3.64 1 = FOG OR MIST
DPTR FM NORMAL: -2.6 DPTR FM NORMAL: 1.04 2 = FOG REDUCING VISIBILITY
HIGHEST: 81 ON 9 GRTST 24HR 1.66 ON 22-22 TO 1/4 MILE OR LESS
LOWEST: 22 ON 30 3 = THUNDER
SNOW, ICE PELLETS, HAIL 4 = ICE PELLETS
TOTAL MONTH: T 5 = HAIL
GRTST 24HR T ON 26-26 6 = FREEZING RAIN OR DRIZZLE
GRTST DEPTH: 0 7 = DUSTSTORM OR SANDSTORM:
VSBY 1/2 MILE OR LESS
8 = SMOKE OR HAZE
[NO. OF DAYS WITH] [WEATHER - DAYS WITH] 9 = BLOWING SNOW
X = TORNADO
MAX 32 OR BELOW: 0 0.01 INCH OR MORE: 12
MAX 90 OR ABOVE: 0 0.10 INCH OR MORE: 5
MIN 32 OR BELOW: 12 0.50 INCH OR MORE: 2
MIN 0 OR BELOW: 0 1.00 INCH OR MORE: 2
[HDD (BASE 65) ]
TOTAL THIS MO. 590 CLEAR (SCALE 0-3) 10
DPTR FM NORMAL 69 PTCLDY (SCALE 4-7) 16
TOTAL FM JUL 1 739 CLOUDY (SCALE 8-10) 5
DPTR FM NORMAL -24
[CDD (BASE 65) ]
TOTAL THIS MO. 0
DPTR FM NORMAL -3 [PRESSURE DATA]
TOTAL FM JAN 1 710 HIGHEST SLP 30.37 ON 30
DPTR FM NORMAL 316 LOWEST SLP 29.42 ON 14
[REMARKS]
#FINAL-10-20#