000
CXUS53 KLMK 010710
CF6SDF
PRELIMINARY LOCAL CLIMATOLOGICAL DATA (WS FORM: F-6)
STATION: LOUISVILLE KY
MONTH: AUGUST
YEAR: 2021
LATITUDE: 38 10 N
LONGITUDE: 85 44 W
TEMPERATURE IN F: :PCPN: SNOW: WIND :SUNSHINE: SKY :PK WND
================================================================================
1 2 3 4 5 6A 6B 7 8 9 10 11 12 13 14 15 16 17 18
12Z AVG MX 2MIN
DY MAX MIN AVG DEP HDD CDD WTR SNW DPTH SPD SPD DIR MIN PSBL S-S WX SPD DR
================================================================================
1 85 65 75 -5 0 10 T 0.0 0 7.7 17 300 M M 6 8 23 290
2 84 62 73 -7 0 8 0.00 0.0 0 5.9 15 30 M M 3 19 80
3 87 65 76 -4 0 11 0.00 0.0 0 6.6 14 50 M M 5 20 40
4 88 64 76 -4 0 11 0.00 0.0 0 7.9 18 360 M M 4 25 360
5 89 67 78 -2 0 13 0.00 0.0 0 4.2 14 230 M M 5 21 230
6 89 67 78 -2 0 13 0.00 0.0 0 4.4 14 260 M M 9 18 250
7 91 70 81 1 0 16 0.00 0.0 0 4.3 14 160 M M 6 18 270
8 92 72 82 2 0 17 0.00 0.0 0 8.0 17 150 M M 4 21 200
9 81 73 77 -3 0 12 0.86 0.0 0 8.0 16 180 M M 8 13 19 190
10 96 75 86 6 0 21 0.01 0.0 0 10.0 20 200 M M 5 3 28 200
11 95 81 88 8 0 23 0.00 0.0 0 10.9 20 260 M M 5 29 220
12 95 79 87 7 0 22 T 0.0 0 9.1 28 320 M M 3 3 38 300
13 92 77 85 5 0 20 0.00 0.0 0 8.1 14 240 M M 6 19 230
14 86 75 81 2 0 16 0.17 0.0 0 4.9 16 60 M M 8 13 27 60
15 78 70 74 -5 0 9 T 0.0 0 7.5 13 50 M M 10 19 40
16 85 72 79 0 0 14 0.05 0.0 0 4.7 10 150 M M 9 1 15 210
17 86 73 80 1 0 15 T 0.0 0 4.5 20 130 M M 8 3 24 130
18 92 72 82 3 0 17 0.02 0.0 0 5.8 17 170 M M 7 22 170
19 88 70 79 0 0 14 0.31 0.0 0 4.4 14 340 M M 8 1 17 140
20 90 72 81 2 0 16 0.00 0.0 0 4.6 12 120 M M 2 16 80
21 91 71 81 2 0 16 0.00 0.0 0 4.8 14 170 M M 5 19 180
22 95 73 84 5 0 19 0.00 0.0 0 3.1 10 30 M M 3 15 30
23 97 74 86 8 0 21 0.00 0.0 0 3.9 13 260 M M 3 21 240
24 96 76 86 8 0 21 0.00 0.0 0 3.7 13 210 M M 4 18 24 220
25 95 74 85 7 0 20 0.30 0.0 0 3.0 20 20 M M 5 3 25 20
26 96 73 85 7 0 20 T 0.0 0 4.2 22 340 M M 4 13 29 330
27 95 74 85 7 0 20 0.01 0.0 0 5.3 24 190 M M 6 3 32 190
28 95 73 84 6 0 19 0.00 0.0 0 5.7 16 210 M M 4 3 23 210
29 94 76 85 8 0 20 0.00 0.0 0 6.8 14 190 M M 6 21 190
30 87 72 80 3 0 15 0.95 0.0 0 6.4 24 10 M M 8 13 29 10
31 76 71 74 -3 0 9 0.59 0.0 0 8.4 16 350 M M 10 1 20 340
================================================================================
SM 2786 2228 0 498 3.27 0.0 186.8 M 179
================================================================================
AV 89.9 71.9 6.0 FASTST M M 6 MAX(MPH)
MISC ----> 28 320 38 300
================================================================================
NOTES:
# LAST OF SEVERAL OCCURRENCES
COLUMN 17 PEAK WIND IN M.P.H.
PRELIMINARY LOCAL CLIMATOLOGICAL DATA (WS FORM: F-6) , PAGE 2
STATION: LOUISVILLE KY
MONTH: AUGUST
YEAR: 2021
LATITUDE: 38 10 N
LONGITUDE: 85 44 W
[TEMPERATURE DATA] [PRECIPITATION DATA] SYMBOLS USED IN COLUMN 16
AVERAGE MONTHLY: 80.9 TOTAL FOR MONTH: 3.27 1 = FOG OR MIST
DPTR FM NORMAL: 2.0 DPTR FM NORMAL: -0.44 2 = FOG REDUCING VISIBILITY
HIGHEST: 97 ON 23 GRTST 24HR 0.95 ON 30-30 TO 1/4 MILE OR LESS
LOWEST: 62 ON 2 3 = THUNDER
SNOW, ICE PELLETS, HAIL 4 = ICE PELLETS
TOTAL MONTH: 0.0 INCH 5 = HAIL
GRTST 24HR 0.0 6 = FREEZING RAIN OR DRIZZLE
GRTST DEPTH: 0 7 = DUSTSTORM OR SANDSTORM:
VSBY 1/2 MILE OR LESS
8 = SMOKE OR HAZE
[NO. OF DAYS WITH] [WEATHER - DAYS WITH] 9 = BLOWING SNOW
X = TORNADO
MAX 32 OR BELOW: 0 0.01 INCH OR MORE: 10
MAX 90 OR ABOVE: 17 0.10 INCH OR MORE: 6
MIN 32 OR BELOW: 0 0.50 INCH OR MORE: 3
MIN 0 OR BELOW: 0 1.00 INCH OR MORE: 0
[HDD (BASE 65) ]
TOTAL THIS MO. 0 CLEAR (SCALE 0-3) 4
DPTR FM NORMAL 0 PTCLDY (SCALE 4-7) 21
TOTAL FM JUL 1 0 CLOUDY (SCALE 8-10) 6
DPTR FM NORMAL 0
[CDD (BASE 65) ]
TOTAL THIS MO. 498
DPTR FM NORMAL 65 [PRESSURE DATA]
TOTAL FM JAN 1 1532 HIGHEST SLP M ON M
DPTR FM NORMAL 78 LOWEST SLP 29.65 ON 31
[REMARKS]
#FINAL-08-21#