000
CXUS53 KLMK 030938
CLMSDF
CLIMATE REPORT
NATIONAL WEATHER SERVICE LOUISVILLE KY
538 AM EDT MON JUL 03 2023
...................................
...THE LOUISVILLE KY CLIMATE SUMMARY FOR THE MONTH OF JUNE 2023...
CLIMATE NORMAL PERIOD 1991 TO 2020
CLIMATE RECORD PERIOD 1871 TO 2023
WEATHER OBSERVED NORMAL DEPART LAST YEAR`S
VALUE DATE(S) VALUE FROM VALUE DATE(S)
NORMAL
................................................................
TEMPERATURE (F)
RECORD
HIGH 105 06/29/2012
LOW 42 06/01/1966
HIGHEST 93 06/03 MM MM 100 06/22
LOWEST 55 06/13 MM MM 58 06/04
06/29
AVG. MAXIMUM 83.9 85.7 -1.8 88.3
AVG. MINIMUM 65.0 67.2 -2.2 68.1
MEAN 74.4 76.4 -2.0 78.2
DAYS MAX >= 90 5 8.6 -3.6 12
DAYS MAX <= 32 0 0.0 0.0 0
DAYS MIN <= 32 0 0.0 0.0 0
DAYS MIN <= 0 0 0.0 0.0 0
PRECIPITATION (INCHES)
RECORD
MAXIMUM 10.11 1960
MINIMUM 0.35 1936
TOTALS 4.99 4.27 0.72 2.77
DAILY AVG. 0.17 0.14 0.03 0.09
DAYS >= .01 7 10.5 -3.5 7
DAYS >= .10 6 7.6 -1.6 5
DAYS >= .50 3 2.8 0.2 3
DAYS >= 1.00 3 1.1 1.9 1
GREATEST
24 HR. TOTAL 2.17 06/25 TO 06/25
SNOWFALL (INCHES)
RECORDS
TOTAL MM 5
TOTALS T 0.0 0.0 0.0
SINCE 7/1 5.9 13.4 -7.5 MM
SNOWDEPTH AVG. 0 0
DAYS >= 1.0 0 0.0 0.0 0
GREATEST
SNOW DEPTH 0 0 MM
DEGREE DAYS
HEATING TOTAL 0 3 -3 0
SINCE 7/1 3379 3933 -554 MM
COOLING TOTAL 290 346 -56 402
SINCE 1/1 458 559 -101 MM
................................................................
WIND (MPH)
AVERAGE WIND SPEED 6.9
RESULTANT WIND SPEED/DIRECTION 1/340
HIGHEST WIND SPEED/DIRECTION 35/350 DATE 06/25
HIGHEST GUST SPEED/DIRECTION 54/340 DATE 06/25
SKY COVER
POSSIBLE SUNSHINE (PERCENT) MM
AVERAGE SKY COVER 0.52
NUMBER OF DAYS FAIR 8
NUMBER OF DAYS PC 13
NUMBER OF DAYS CLOUDY 9
AVERAGE RH (PERCENT) 62
WEATHER CONDITIONS. NUMBER OF DAYS WITH
THUNDERSTORM 7 MIXED PRECIP 0
HEAVY RAIN 5 RAIN 4
LIGHT RAIN 10 FREEZING RAIN 0
LT FREEZING RAIN 0 HAIL 1
HEAVY SNOW 0 SNOW 0
LIGHT SNOW 0 SLEET 0
FOG 9 FOG W/VIS <= 1/4 MILE 0
HAZE 12
- INDICATES NEGATIVE NUMBERS.
R INDICATES RECORD WAS SET OR TIED.
MM INDICATES DATA IS MISSING.
T INDICATES TRACE AMOUNT.
$$