000
CXUS55 KPSR 011005
CF6SDL
PRELIMINARY LOCAL CLIMATOLOGICAL DATA (WS FORM: F-6)
STATION: SCOTTSDALE AZ
MONTH: NOVEMBER
YEAR: 2022
LATITUDE: 33 37 N
LONGITUDE: 111 54 W
TEMPERATURE IN F: :PCPN: SNOW: WIND :SUNSHINE: SKY :PK WND
================================================================================
1 2 3 4 5 6A 6B 7 8 9 10 11 12 13 14 15 16 17 18
12Z AVG MX 2MIN
DY MAX MIN AVG DEP HDD CDD WTR SNW DPTH SPD SPD DIR MIN PSBL S-S WX SPD DR
================================================================================
1 78 57 68 -1 0 3 0.00 M M 1.6 7 180 M M 0 12 160
2 76 57 67 -2 0 2 T M M 6.1 16 260 M M 3 25 260
3 66 46 56 -12 9 0 0.27 M M 5.8 25 260 M M 7 3 41 260
4 62 41 52 -16 13 0 0.00 M M 1.9 8 210 M M 0 12 250
5 68 44 56 -11 9 0 0.00 M M 1.2 7 240 M M 0 11 190
6 77 45 61 -6 4 0 0.00 M M 1.9 8 130 M M 0 17 150
7 79 51 65 -1 0 0 0.00 M M 1.5 8 190 M M 0 13 220
8 77 52 65 -1 0 0 0.00 M M 3.2 10 180 M M 0 17 210
9 69 54 62 -4 3 0 0.04 M M 4.6 16 310 M M 6 1 27 310
10 68 47 58 -7 7 0 0.00 M M 2.8 8 240 M M 1 17 190
11 68 42 55 -10 10 0 0.00 M M 1.7 8 240 M M 0 12 280
12 72 44 58 -6 7 0 0.00 M M 2.6 8 180 M M 0 12 120
13 66 44 55 -9 10 0 0.00 M M 5.1 17 260 M M 0 26 270
14 65 41 53 -10 12 0 0.00 M M 2.4 9 200 M M 0 14 140
15 70 41 56 -7 9 0 0.00 M M 3.1 15 30 M M 0 21 20
16 70 52 61 -1 4 0 0.00 M M 9.1 22 40 M M 0 27 40
17 70 44 57 -5 8 0 0.00 M M 1.6 10 20 M M 0 14 20
18 71 44 58 -4 7 0 0.00 M M 1.2 7 250 M M 0 11 160
19 73 44 59 -2 6 0 0.00 M M 2.4 17 50 M M 0 23 60
20 71 50 61 0 4 0 0.00 M M 1.6 8 190 M M 0 18 120
21 74 43 59 -1 6 0 0.00 M M 1.6 6 130 M M 0 10 150
22 74 45 60 0 5 0 0.00 M M 1.3 10 70 M M 0 14 60
23 70 43 57 -2 8 0 0.00 M M 1.8 8 260 M M 0 14 230
24 70 48 59 0 6 0 0.00 M M 8.9 20 40 M M 0 30 50
25 70 49 60 2 5 0 0.00 M M 5.2 17 50 M M 0 21 50
26 66 41 54 -4 11 0 0.00 M M 2.1 9 170 M M 0 12 140
27 67 40 54 -4 11 0 0.00 M M 1.4 7 200 M M 0 13 140
28 68 43 56 -1 9 0 0.00 M M 1.3 9 150 M M 0 16 170
29 66 45 56 -1 9 0 0.00 M M 2.4 8 140 M M 0 13 270
30 70 44 57 1 8 0 0.00 M M 1.9 9 120 M M 0 14 110
================================================================================
SM 2111 1381 200 5 0.31 M 89.3 M 17
================================================================================
AV 70.4 46.0 3.0 FASTST M M 1 MAX(MPH)
MISC ----> 25 260 41 260
================================================================================
NOTES:
# LAST OF SEVERAL OCCURRENCES
COLUMN 17 PEAK WIND IN M.P.H.
PRELIMINARY LOCAL CLIMATOLOGICAL DATA (WS FORM: F-6) , PAGE 2
STATION: SCOTTSDALE AZ
MONTH: NOVEMBER
YEAR: 2022
LATITUDE: 33 37 N
LONGITUDE: 111 54 W
[TEMPERATURE DATA] [PRECIPITATION DATA] SYMBOLS USED IN COLUMN 16
AVERAGE MONTHLY: 58.2 TOTAL FOR MONTH: 0.31 1 = FOG OR MIST
DPTR FM NORMAL: -4.5 DPTR FM NORMAL: -0.48 2 = FOG REDUCING VISIBILITY
HIGHEST: 79 ON 7 GRTST 24HR 0.27 ON 3- 3 TO 1/4 MILE OR LESS
LOWEST: 40 ON 27 3 = THUNDER
SNOW, ICE PELLETS, HAIL 4 = ICE PELLETS
TOTAL MONTH: M 5 = HAIL
GRTST 24HR M ON M 6 = FREEZING RAIN OR DRIZZLE
GRTST DEPTH: M ON M 7 = DUSTSTORM OR SANDSTORM:
VSBY 1/2 MILE OR LESS
8 = SMOKE OR HAZE
[NO. OF DAYS WITH] [WEATHER - DAYS WITH] 9 = BLOWING SNOW
X = TORNADO
MAX 32 OR BELOW: 0 0.01 INCH OR MORE: 2
MAX 90 OR ABOVE: 0 0.10 INCH OR MORE: 1
MIN 32 OR BELOW: 0 0.50 INCH OR MORE: 0
MIN 0 OR BELOW: 0 1.00 INCH OR MORE: 0
[HDD (BASE 65) ]
TOTAL THIS MO. 200 CLEAR (SCALE 0-3) 27
DPTR FM NORMAL 76 PTCLDY (SCALE 4-7) 3
TOTAL FM JUL 1 207 CLOUDY (SCALE 8-10) 0
DPTR FM NORMAL 75
[CDD (BASE 65) ]
TOTAL THIS MO. 5
DPTR FM NORMAL -50 [PRESSURE DATA]
TOTAL FM JAN 1 4463 HIGHEST SLP 30.31 ON 25
DPTR FM NORMAL 293 LOWEST SLP 29.74 ON 28
[REMARKS]
#FINAL-11-22#