000
CXUS52 KMLB 010732
CF6SFB
PRELIMINARY LOCAL CLIMATOLOGICAL DATA (WS FORM: F-6)
STATION: SANFORD
MONTH: FEBRUARY
YEAR: 2023
LATITUDE: 28 46 N
LONGITUDE: 81 15 W
TEMPERATURE IN F: :PCPN: SNOW: WIND :SUNSHINE: SKY :PK WND
================================================================================
1 2 3 4 5 6A 6B 7 8 9 10 11 12 13 14 15 16 17 18
12Z AVG MX 2MIN
DY MAX MIN AVG DEP HDD CDD WTR SNW DPTH SPD SPD DIR MIN PSBL S-S WX SPD DR
================================================================================
1 83 62 73 12 0 8 0.00 0.0 0 4.5 14 230 M M 3 18 270
2 83 61 72 10 0 7 0.00 0.0 0 5.0 16 270 M M 2 1 20 270
3 76 53 65 3 0 0 0.05 0.0 0 11.6 25 350 M M 6 1 36 320
4 74 51 63 1 2 0 0.00 0.0 0 10.7 22 60 M M 2 28 60
5 74 53 64 2 1 0 0.00 0.0 0 6.2 13 20 M M 4 15 10
6 75 50 63 1 2 0 0.00 0.0 0 5.7 15 50 M M 0 18 350
7 77 51 64 2 1 0 0.00 0.0 0 7.1 16 80 M M 0 22 130
8 81 55 68 6 0 3 0.00 0.0 0 5.1 18 90 M M 1 23 130
9 82 59 71 9 0 6 0.12 0.0 0 7.4 18 130 M M 6 13 21 130
10 84 67 76 13 0 11 0.91 0.0 0 6.7 18 270 M M 5 13 22 270
11 83 66 75 12 0 10 T 0.0 0 8.3 21 230 M M 5 1 26 220
12 72 51 62 -1 3 0 0.03 0.0 0 17.4 30 260 M M 8 1 41 240
13 70 45 58 -5 7 0 0.00 0.0 0 8.8 21 290 M M 0 26 290
14 77 43 60 -3 5 0 0.00 0.0 0 4.9 13 120 M M 0 16 120
15 82 54 68 5 0 3 0.00 0.0 0 6.3 16 160 M M 3 20 180
16 83 60 72 9 0 7 0.00 0.0 0 6.5 15 140 M M 3 20 160
17 88 65 77 13 0 12 T 0.0 0 11.1 23 250 M M 3 1 29 260
18 70 50 60 -4 5 0 0.00 0.0 0 12.6 21 30 M M 3 25 50
19 83 53 68 4 0 3 0.00 0.0 0 4.7 13 270 M M 3 18 210
20 82 58 70 6 0 5 0.00 0.0 0 8.2 21 250 M M 0 26 230
21 85 64 75 11 0 10 0.00 0.0 0 9.2 18 260 M M 1 23 250
22 86 60 73 9 0 8 0.00 0.0 0 5.6 18 160 M M 0 1 22 160
23 87 64 76 12 0 11 0.00 0.0 0 6.2 12 180 M M 2 1 17 210
24 87 64 76 12 0 11 0.00 0.0 0 4.3 13 100 M M 2 12 15 100
25 87 65 76 12 0 11 0.00 0.0 0 5.1 14 260 M M 2 18 250
26 86 60 73 8 0 8 0.00 0.0 0 5.9 12 270 M M 0 14 290
27 82 61 72 7 0 7 0.00 0.0 0 9.4 23 230 M M 2 1 30 230
28 86 68 77 12 0 12 0.00 0.0 0 11.2 20 280 M M 4 25 240
================================================================================
SM 2265 1613 26 153 1.11 0.0 215.7 M 70
================================================================================
AV 80.9 57.6 7.7 FASTST M M 3 MAX(MPH)
MISC ----> 30 260 41 240
================================================================================
NOTES:
# LAST OF SEVERAL OCCURRENCES
COLUMN 17 PEAK WIND IN M.P.H.
PRELIMINARY LOCAL CLIMATOLOGICAL DATA (WS FORM: F-6) , PAGE 2
STATION: SANFORD
MONTH: FEBRUARY
YEAR: 2023
LATITUDE: 28 46 N
LONGITUDE: 81 15 W
[TEMPERATURE DATA] [PRECIPITATION DATA] SYMBOLS USED IN COLUMN 16
AVERAGE MONTHLY: 69.3 TOTAL FOR MONTH: 1.11 1 = FOG OR MIST
DPTR FM NORMAL: 6.2 DPTR FM NORMAL: -1.14 2 = FOG REDUCING VISIBILITY
HIGHEST: 88 ON 17 GRTST 24HR 1.03 ON 9-10 TO 1/4 MILE OR LESS
LOWEST: 43 ON 14 3 = THUNDER
SNOW, ICE PELLETS, HAIL 4 = ICE PELLETS
TOTAL MONTH: 0.0 INCH 5 = HAIL
GRTST 24HR 0.0 6 = FREEZING RAIN OR DRIZZLE
GRTST DEPTH: 0 7 = DUSTSTORM OR SANDSTORM:
VSBY 1/2 MILE OR LESS
8 = SMOKE OR HAZE
[NO. OF DAYS WITH] [WEATHER - DAYS WITH] 9 = BLOWING SNOW
X = TORNADO
MAX 32 OR BELOW: 0 0.01 INCH OR MORE: 4
MAX 90 OR ABOVE: 0 0.10 INCH OR MORE: 2
MIN 32 OR BELOW: 0 0.50 INCH OR MORE: 1
MIN 0 OR BELOW: 0 1.00 INCH OR MORE: 0
[HDD (BASE 65) ]
TOTAL THIS MO. 26 CLEAR (SCALE 0-3) 19
DPTR FM NORMAL -89 PTCLDY (SCALE 4-7) 8
TOTAL FM JUL 1 318 CLOUDY (SCALE 8-10) 1
DPTR FM NORMAL -172
[CDD (BASE 65) ]
TOTAL THIS MO. 153
DPTR FM NORMAL 90 [PRESSURE DATA]
TOTAL FM JAN 1 231 HIGHEST SLP 30.39 ON 4
DPTR FM NORMAL 121 LOWEST SLP 29.84 ON 12
[REMARKS]
#FINAL-02-23#