000
CXUS53 KSGF 010710
CF6SGF
PRELIMINARY LOCAL CLIMATOLOGICAL DATA (WS FORM: F-6)
STATION: SPRINGFIELD MO
MONTH: MARCH
YEAR: 2024
LATITUDE: 37 13 N
LONGITUDE: 93 23 W
TEMPERATURE IN F: :PCPN: SNOW: WIND :SUNSHINE: SKY :PK WND
================================================================================
1 2 3 4 5 6A 6B 7 8 9 10 11 12 13 14 15 16 17 18
12Z AVG MX 2MIN
DY MAX MIN AVG DEP HDD CDD WTR SNW DPTH SPD SPD DIR MIN PSBL S-S WX SPD DR
================================================================================
1 53 34 44 1 21 0 0.04 0.0 0 7.6 13 200 M M 6 1 17 160
2 72 37 55 12 10 0 0.00 0.0 0 16.9 26 140 M M 0 34 150
3 81 52 67 24 0 2 0.00 0.0 0 18.1 26 190 M M 0 38 180
4 78 58 68 24 0 3 0.00 0.0 0 15.1 29 190 M M 3 39 170
5 65 46 56 12 9 0 T 0.0 0 10.6 17 40 M M 9 138 23 170
6 66 45 56 12 9 0 0.00 0.0 0 9.0 15 150 M M 4 1 21 150
7 57 53 55 10 10 0 0.84 0.0 0 13.9 26 140 M M 8 13 35 140
8 56 39 48 3 17 0 0.63 0.0 0 10.1 21 360 M M 10 1 28 20
9 50 35 43 -2 22 0 0.00 0.0 0 11.8 21 360 M M 4 27 350
10 60 26 43 -3 22 0 0.00 0.0 0 3.0 10 150 M M 0 13 150
11 67 36 52 6 13 0 0.00 0.0 0 10.3 22 210 M M 0 30 200
12 74 45 60 14 5 0 0.03 0.0 0 13.8 23 190 M M 0 8 32 200
13 80 52 66 19 0 1 0.00 0.0 0 13.4 26 190 M M 2 33 200
14 78 53 66 19 0 1 0.15 0.0 0 11.6 33 220 M M 3 3 47 220
15 63 42 53 6 12 0 0.00 0.0 0 10.5 22 360 M M 5 29 360
16 65 37 51 3 14 0 0.00 0.0 0 7.0 17 290 M M 2 25 280
17 54 31 43 -5 22 0 0.00 0.0 0 12.0 25 330 M M 2 32 340
18 40 24 32 -16 33 0 0.00 0.0 0 9.5 22 340 M M 0 37 330
19 68 26 47 -1 18 0 0.00 0.0 0 12.7 24 230 M M 0 36 240
20 69 40 55 6 10 0 0.00 0.0 0 7.4 20 40 M M 1 25 40
21 67 46 57 8 8 0 0.00 0.0 0 10.9 18 130 M M 2 24 150
22 69 39 54 4 11 0 0.00 0.0 0 12.7 28 10 M M 5 41 360
23 55 34 45 -5 20 0 0.00 0.0 0 12.3 25 150 M M 5 33 140
24 63 42 53 3 12 0 T 0.0 0 21.7 35 150 M M 4 47 140
25 55 38 47 -3 18 0 0.63 0.0 0 17.6 33 140 M M 8 1 47 150
26 39 28 34 -17 31 0 0.00 0.0 0 13.4 28 250 M M 8 38 260
27 54 26 40 -11 25 0 0.00 0.0 0 2.7 12 30 M M 0 15 30
28 64 28 46 -5 19 0 0.00 0.0 0 7.2 15 210 M M 0 8 22 250
29 76 47 62 10 3 0 0.00 0.0 0 17.5 29 190 M M 1 39 190
30 71 55 63 11 2 0 0.00 0.0 0 8.6 16 240 M M 7 23 230
31 77 59 68 16 0 3 0.00 0.0 0 13.9 23 170 M M 4 30 190
================================================================================
SM 1986 1253 396 10 2.32 0.0 362.8 M 103
================================================================================
AV 64.1 40.4 11.7 FASTST M M 3 MAX(MPH)
MISC ----> 35 150 # 47 220
================================================================================
NOTES:
# LAST OF SEVERAL OCCURRENCES
COLUMN 17 PEAK WIND IN M.P.H.
PRELIMINARY LOCAL CLIMATOLOGICAL DATA (WS FORM: F-6) , PAGE 2
STATION: SPRINGFIELD MO
MONTH: MARCH
YEAR: 2024
LATITUDE: 37 13 N
LONGITUDE: 93 23 W
[TEMPERATURE DATA] [PRECIPITATION DATA] SYMBOLS USED IN COLUMN 16
AVERAGE MONTHLY: 52.2 TOTAL FOR MONTH: 2.32 1 = FOG OR MIST
DPTR FM NORMAL: 4.6 DPTR FM NORMAL: -1.19 2 = FOG REDUCING VISIBILITY
HIGHEST: 81 ON 3 GRTST 24HR 1.17 ON 7- 8 TO 1/4 MILE OR LESS
LOWEST: 24 ON 18 3 = THUNDER
SNOW, ICE PELLETS, HAIL 4 = ICE PELLETS
TOTAL MONTH: T 5 = HAIL
GRTST 24HR 0.0 6 = FREEZING RAIN OR DRIZZLE
GRTST DEPTH: 0 7 = DUSTSTORM OR SANDSTORM:
VSBY 1/2 MILE OR LESS
8 = SMOKE OR HAZE
[NO. OF DAYS WITH] [WEATHER - DAYS WITH] 9 = BLOWING SNOW
X = TORNADO
MAX 32 OR BELOW: 0 0.01 INCH OR MORE: 6
MAX 90 OR ABOVE: 0 0.10 INCH OR MORE: 4
MIN 32 OR BELOW: 7 0.50 INCH OR MORE: 3
MIN 0 OR BELOW: 0 1.00 INCH OR MORE: 0
[HDD (BASE 65) ]
TOTAL THIS MO. 396 CLEAR (SCALE 0-3) 16
DPTR FM NORMAL -150 PTCLDY (SCALE 4-7) 12
TOTAL FM JUL 1 3370 CLOUDY (SCALE 8-10) 3
DPTR FM NORMAL -547
[CDD (BASE 65) ]
TOTAL THIS MO. 10
DPTR FM NORMAL 5 [PRESSURE DATA]
TOTAL FM JAN 1 10 HIGHEST SLP M ON M
DPTR FM NORMAL 4 LOWEST SLP 29.37 ON 25
[REMARKS]
#FINAL-03-24#