000
CXUS53 KSGF 010710
CF6SGF
PRELIMINARY LOCAL CLIMATOLOGICAL DATA (WS FORM: F-6)
STATION: SPRINGFIELD MO
MONTH: APRIL
YEAR: 2021
LATITUDE: 37 13 N
LONGITUDE: 93 23 W
TEMPERATURE IN F: :PCPN: SNOW: WIND :SUNSHINE: SKY :PK WND
================================================================================
1 2 3 4 5 6A 6B 7 8 9 10 11 12 13 14 15 16 17 18
12Z AVG MX 2MIN
DY MAX MIN AVG DEP HDD CDD WTR SNW DPTH SPD SPD DIR MIN PSBL S-S WX SPD DR
================================================================================
1 51 26 39 -12 26 0 0.00 0.0 0 5.7 16 20 M M 0 24 30
2 62 31 47 -5 18 0 0.00 0.0 0 13.6 25 150 M M 0 32 150
3 70 41 56 4 9 0 0.00 0.0 0 11.7 21 210 M M 2 30 190
4 75 44 60 8 5 0 0.00 0.0 0 8.1 15 240 M M 0 22 230
5 76 51 64 12 1 0 0.00 0.0 0 11.2 22 200 M M 3 28 210
6 79 57 68 15 0 3 0.00 0.0 0 15.6 26 200 M M 2 36 170
7 70 46 58 5 7 0 0.79 0.0 0 16.4 32 230 M M 7 1235 47 230
8 68 44 56 3 9 0 T 0.0 0 13.9 28 260 M M 7 37 260
9 80 48 64 10 1 0 1.02 0.0 0 10.1 30 200 M M 4 13 42 350
10 56 47 52 -2 13 0 0.06 0.0 0 12.5 25 270 M M 7 1 42 260
11 75 40 58 4 7 0 0.00 0.0 0 10.4 22 230 M M 0 27 260
12 67 45 56 1 9 0 T 0.0 0 10.0 20 10 M M 5 3 26 360
13 63 49 56 1 9 0 T 0.0 0 9.0 16 30 M M 6 23 20
14 64 49 57 2 8 0 0.00 0.0 0 8.5 17 330 M M 5 24 340
15 60 37 49 -7 16 0 0.00 0.0 0 7.4 15 50 M M 2 20 40
16 55 46 51 -5 14 0 0.65 0.0 0 6.3 14 160 M M 10 1 20 150
17 50 42 46 -10 19 0 0.01 0.0 0 7.8 14 340 M M 10 1 17 350
18 58 37 48 -8 17 0 0.04 0.0 0 6.9 23 280 M M 6 34 280
19 68 33 51 -6 14 0 0.00 0.0 0 8.7 20 360 M M 0 26 10
20 43 28 36 -21 29 0 0.20 2.4 0 10.1 18 340 M M 5 1 25 340
21 52 26 39 -19 26 0 0.00 0.0 0 8.8 21 280 M M 3 29 290
22 57 29 43 -15 22 0 0.10 0.0 0 4.4 17 220 M M 2 25 170
23 61 45 53 -5 12 0 0.41 0.0 0 12.8 25 140 M M 9 13 34 150
24 65 43 54 -4 11 0 0.45 0.0 0 9.0 18 360 M M 7 1 25 360
25 75 41 58 -1 7 0 0.00 0.0 0 12.3 24 150 M M 0 1 34 170
26 83 55 69 10 0 4 0.00 0.0 0 18.1 26 170 M M 0 36 180
27 77 62 70 11 0 5 T 0.0 0 12.5 22 200 M M 2 28 190
28 71 63 67 7 0 2 0.97 0.0 0 10.2 21 170 M M 9 13 32 180
29 73 51 62 2 3 0 0.11 0.0 0 11.4 21 320 M M 5 1 25 340
30 78 46 62 2 3 0 0.00 0.0 0 2.9 12 150 M M 0 15 180
================================================================================
SM 1982 1302 315 14 4.81 2.4 306.3 M 118
================================================================================
AV 66.1 43.4 10.2 FASTST M M 4 MAX(MPH)
MISC ----> 32 230 47 230
================================================================================
NOTES:
# LAST OF SEVERAL OCCURRENCES
COLUMN 17 PEAK WIND IN M.P.H.
PRELIMINARY LOCAL CLIMATOLOGICAL DATA (WS FORM: F-6) , PAGE 2
STATION: SPRINGFIELD MO
MONTH: APRIL
YEAR: 2021
LATITUDE: 37 13 N
LONGITUDE: 93 23 W
[TEMPERATURE DATA] [PRECIPITATION DATA] SYMBOLS USED IN COLUMN 16
AVERAGE MONTHLY: 54.7 TOTAL FOR MONTH: 4.81 1 = FOG OR MIST
DPTR FM NORMAL: -1.1 DPTR FM NORMAL: 0.49 2 = FOG REDUCING VISIBILITY
HIGHEST: 83 ON 26 GRTST 24HR 1.08 ON 9-10 TO 1/4 MILE OR LESS
LOWEST: 26 ON 21, 1 3 = THUNDER
SNOW, ICE PELLETS, HAIL 4 = ICE PELLETS
TOTAL MONTH: 2.4 INCHES 5 = HAIL
GRTST 24HR 2.4 ON 20-20 6 = FREEZING RAIN OR DRIZZLE
GRTST DEPTH: 0 7 = DUSTSTORM OR SANDSTORM:
VSBY 1/2 MILE OR LESS
8 = SMOKE OR HAZE
[NO. OF DAYS WITH] [WEATHER - DAYS WITH] 9 = BLOWING SNOW
X = TORNADO
MAX 32 OR BELOW: 0 0.01 INCH OR MORE: 12
MAX 90 OR ABOVE: 0 0.10 INCH OR MORE: 9
MIN 32 OR BELOW: 5 0.50 INCH OR MORE: 4
MIN 0 OR BELOW: 0 1.00 INCH OR MORE: 1
[HDD (BASE 65) ]
TOTAL THIS MO. 315 CLEAR (SCALE 0-3) 14
DPTR FM NORMAL 15 PTCLDY (SCALE 4-7) 12
TOTAL FM JUL 1 4342 CLOUDY (SCALE 8-10) 4
DPTR FM NORMAL -132
[CDD (BASE 65) ]
TOTAL THIS MO. 14
DPTR FM NORMAL -8 [PRESSURE DATA]
TOTAL FM JAN 1 14 HIGHEST SLP M ON M
DPTR FM NORMAL -11 LOWEST SLP 29.56 ON 7
[REMARKS]
#FINAL-04-21#