000
CXUS54 KLZK 011130
CF6SGT
PRELIMINARY LOCAL CLIMATOLOGICAL DATA (WS FORM: F-6)
STATION: STUTTGART AIRPORT
MONTH: JUNE
YEAR: 2021
LATITUDE: 34 35 N
LONGITUDE: 91 34 W
TEMPERATURE IN F: :PCPN: SNOW: WIND :SUNSHINE: SKY :PK WND
================================================================================
1 2 3 4 5 6A 6B 7 8 9 10 11 12 13 14 15 16 17 18
12Z AVG MX 2MIN
DY MAX MIN AVG DEP HDD CDD WTR SNW DPTH SPD SPD DIR MIN PSBL S-S WX SPD DR
================================================================================
1 75 65 70 -5 0 5 0.00 M M 7.2 15 110 M M 8 1 M M
2 79 68 74 -2 0 9 0.00 M M 8.9 13 230 M M 8 M M
3 81 65 73 -3 0 8 0.00 M M 5.4 12 320 M M 3 M M
4 85 65 75 -1 0 10 0.00 M M 2.5 7 190 M M 1 M M
5 79 70 75 -1 0 10 0.00 M M 5.8 12 150 M M 6 M M
6 84 68 76 -1 0 11 0.00 M M 7.7 17 300 M M 7 13 22 300
7 83 68 76 -1 0 11 0.00 M M 10.2 18 210 M M 5 13 30 210
8 M M M M M M 0.00 M M M M M M M 0 3 M M
9 M M M M M M 0.00 M M M M M M M 0 3 M M
10 M M M M M M 0.00 M M 9.6 18 150 M M 2 21 140
11 M M M M M M 0.00 M M 9.3 14 220 M M 3 8 M M
12 M M M M M M 0.00 M M 6.8 14 210 M M 0 M M
13 M M M M M M 0.00 M M 7.4 15 360 M M 1 M M
14 M M M M M M 0.00 M M 8.0 13 20 M M 1 M M
15 90 76 83 4 0 18 0.00 M M 6.7 9 10 M M 0 M M
16 91 73 82 3 0 17 0.00 M M 6.3 8 200 M M 3 M M
17 90 72 81 2 0 16 0.00 M M 7.7 13 190 M M 2 8 M M
18 92 71 82 2 0 17 0.00 M M 7.5 13 150 M M 0 8 22 150
19 77 73 75 -5 0 10 0.00 M M 4.8 6 160 M M 0 8 M M
20 M M M M M M 0.00 M M M M M M M 0 M M
21 90 69 80 0 0 15 0.01 0.0 0 14.0 28 360 M M 5 3 37 340
22 80 60 70 -10 0 5 0.00 0.0 0 8.2 15 40 M M 0 17 50
23 88 60 74 -6 0 9 0.00 0.0 0 5.7 8 130 M M 0 M M
24 93 73 83 2 0 18 0.00 0.0 0 8.5 13 160 M M 2 M M
25 93 78 86 5 0 21 0.00 0.0 0 12.4 17 180 M M 4 24 160
26 92 76 84 3 0 19 0.00 0.0 0 13.3 18 180 M M 3 22 150
27 93 77 85 4 0 20 0.00 0.0 0 10.4 16 160 M M 3 M M
28 93 74 84 3 0 19 0.00 M M 8.6 15 160 M M 1 21 160
29 93 74 84 3 0 19 0.00 M M 5.8 10 110 M M 1 M M
30 93 75 84 3 0 19 0.00 M M 6.6 9 160 M M 1 M M
================================================================================
SM 1914 1550 0 306 0.01 0.0 215.2 M 70
================================================================================
AV 87.0 70.5 8.0 FASTST M M 2 MAX(MPH)
MISC ----> 28 360 37 340
================================================================================
NOTES:
# LAST OF SEVERAL OCCURRENCES
COLUMN 17 PEAK WIND IN M.P.H.
PRELIMINARY LOCAL CLIMATOLOGICAL DATA (WS FORM: F-6) , PAGE 2
STATION: STUTTGART AIRPORT
MONTH: JUNE
YEAR: 2021
LATITUDE: 34 35 N
LONGITUDE: 91 34 W
[TEMPERATURE DATA] [PRECIPITATION DATA] SYMBOLS USED IN COLUMN 16
AVERAGE MONTHLY: 78.7 TOTAL FOR MONTH: 0.01 1 = FOG OR MIST
DPTR FM NORMAL: 0.0 DPTR FM NORMAL: -3.29 2 = FOG REDUCING VISIBILITY
HIGHEST: 93 ON 30,29 GRTST 24HR 0.01 ON 21-22 TO 1/4 MILE OR LESS
LOWEST: 60 ON 23,22 3 = THUNDER
SNOW, ICE PELLETS, HAIL 4 = ICE PELLETS
TOTAL MONTH: 0.0 INCH 5 = HAIL
GRTST 24HR 0.0 6 = FREEZING RAIN OR DRIZZLE
GRTST DEPTH: 0 7 = DUSTSTORM OR SANDSTORM:
VSBY 1/2 MILE OR LESS
8 = SMOKE OR HAZE
[NO. OF DAYS WITH] [WEATHER - DAYS WITH] 9 = BLOWING SNOW
X = TORNADO
MAX 32 OR BELOW: 0 0.01 INCH OR MORE: 1
MAX 90 OR ABOVE: 12 0.10 INCH OR MORE: 0
MIN 32 OR BELOW: 0 0.50 INCH OR MORE: 0
MIN 0 OR BELOW: 0 1.00 INCH OR MORE: 0
[HDD (BASE 65) ]
TOTAL THIS MO. 0 CLEAR (SCALE 0-3) 23
DPTR FM NORMAL 0 PTCLDY (SCALE 4-7) 7
TOTAL FM JUL 1 3033 CLOUDY (SCALE 8-10) 0
DPTR FM NORMAL -154
[CDD (BASE 65) ]
TOTAL THIS MO. 306
DPTR FM NORMAL -104 [PRESSURE DATA]
TOTAL FM JAN 1 554 HIGHEST SLP 30.17 ON 29
DPTR FM NORMAL -123 LOWEST SLP 29.88 ON 19
[REMARKS]
#FINAL-06-21#