000
CXUS55 KBYZ 011100
CF6SHR
PRELIMINARY LOCAL CLIMATOLOGICAL DATA (WS FORM: F-6)
STATION: SHERIDAN WY
MONTH: FEBRUARY
YEAR: 2024
LATITUDE: 44 46 N
LONGITUDE: 106 58 W
TEMPERATURE IN F: :PCPN: SNOW: WIND :SUNSHINE: SKY :PK WND
================================================================================
1 2 3 4 5 6A 6B 7 8 9 10 11 12 13 14 15 16 17 18
12Z AVG MX 2MIN
DY MAX MIN AVG DEP HDD CDD WTR SNW DPTH SPD SPD DIR MIN PSBL S-S WX SPD DR
================================================================================
1 59 22 41 17 24 0 0.00 M M 2.3 8 200 M M 0 10 10
2 57 22 40 16 25 0 0.00 M M 2.9 9 310 M M 2 11 360
3 50 26 38 14 27 0 0.13 M M 4.2 12 300 M M 6 1 14 290
4 41 26 34 10 31 0 0.01 M M 3.5 10 300 M M 8 12 12 310
5 57 27 42 18 23 0 0.00 M M 4.5 24 230 M M 5 128 34 210
6 56 26 41 17 24 0 0.00 M M 3.6 13 330 M M 1 14 340
7 38 31 35 11 30 0 0.00 M M 13.1 22 320 M M 7 1 28 310
8 43 21 32 7 33 0 0.00 M M 9.5 22 350 M M 6 30 340
9 43 17 30 5 35 0 0.04 M M 5.2 16 340 M M 5 1 21 320
10 34 19 27 2 38 0 T M M 4.8 10 330 M M 7 1 12 180
11 49 15 32 7 33 0 0.00 M M 3.6 16 350 M M 4 22 330
12 48 28 38 13 27 0 0.00 M M 3.6 20 330 M M 9 24 330
13 46 22 34 9 31 0 0.00 M M 4.7 15 320 M M 8 20 320
14 30 23 27 2 38 0 0.01 M M 5.3 14 350 M M 10 1 17 360
15 26 13 20 -6 45 0 0.18 M M 7.1 10 20 M M 10 128 14 10
16 14 -7 4 -22 61 0 0.11 M M 5.8 16 290 M M 5 18 19 300
17 37 -6 16 -10 49 0 0.00 M M 1.3 6 210 M M 0 7 260
18 36 0 18 -8 47 0 0.00 M M 2.5 9 300 M M 4 12 290
19 52 17 35 8 30 0 0.00 M M 3.1 10 300 M M 1 13 130
20 58 24 41 14 24 0 0.00 M M 4.2 14 140 M M 0 17 130
21 55 27 41 14 24 0 0.00 M M 4.8 12 270 M M 2 16 30
22 53 24 39 12 26 0 0.00 M M 8.2 23 300 M M 4 31 300
23 54 28 41 13 24 0 0.00 M M 6.9 15 320 M M 0 8 21 310
24 60 34 47 19 18 0 0.00 M M 13.4 28 260 M M 2 40 290
25 63 42 53 25 12 0 0.00 M M 15.1 36 240 M M 3 49 240
26 64 17 41 12 24 0 0.19 M M 18.1 39 250 M M 3 12 59 240
27 17 -1 8 -21 57 0 0.21 M M 4.9 15 310 M M 7 128 29 300
28 40 0 20 -10 45 0 0.00 M M 4.0 12 340 M M 0 14 180
29 59 20 40 10 25 0 0.00 M M 4.6 26 230 M M 0 38 210
================================================================================
SM 1339 557 930 0 0.88 M 174.8 M 119
================================================================================
AV 46.2 19.2 6.0 FASTST M M 4 MAX(MPH)
MISC ----> 39 250 59 240
================================================================================
NOTES:
# LAST OF SEVERAL OCCURRENCES
COLUMN 17 PEAK WIND IN M.P.H.
PRELIMINARY LOCAL CLIMATOLOGICAL DATA (WS FORM: F-6) , PAGE 2
STATION: SHERIDAN WY
MONTH: FEBRUARY
YEAR: 2024
LATITUDE: 44 46 N
LONGITUDE: 106 58 W
[TEMPERATURE DATA] [PRECIPITATION DATA] SYMBOLS USED IN COLUMN 16
AVERAGE MONTHLY: 32.7 TOTAL FOR MONTH: 0.88 1 = FOG OR MIST
DPTR FM NORMAL: 6.7 DPTR FM NORMAL: 0.23 2 = FOG REDUCING VISIBILITY
HIGHEST: 64 ON 26 GRTST 24HR 0.40 ON 26-27 TO 1/4 MILE OR LESS
LOWEST: -7 ON 16 3 = THUNDER
SNOW, ICE PELLETS, HAIL 4 = ICE PELLETS
TOTAL MONTH: M 5 = HAIL
GRTST 24HR M ON M 6 = FREEZING RAIN OR DRIZZLE
GRTST DEPTH: M ON M 7 = DUSTSTORM OR SANDSTORM:
VSBY 1/2 MILE OR LESS
8 = SMOKE OR HAZE
[NO. OF DAYS WITH] [WEATHER - DAYS WITH] 9 = BLOWING SNOW
X = TORNADO
MAX 32 OR BELOW: 4 0.01 INCH OR MORE: 8
MAX 90 OR ABOVE: 0 0.10 INCH OR MORE: 5
MIN 32 OR BELOW: 27 0.50 INCH OR MORE: 0
MIN 0 OR BELOW: 5 1.00 INCH OR MORE: 0
[HDD (BASE 65) ]
TOTAL THIS MO. 930 CLEAR (SCALE 0-3) 12
DPTR FM NORMAL -160 PTCLDY (SCALE 4-7) 13
TOTAL FM JUL 1 4683 CLOUDY (SCALE 8-10) 4
DPTR FM NORMAL -835
[CDD (BASE 65) ]
TOTAL THIS MO. 0
DPTR FM NORMAL 0 [PRESSURE DATA]
TOTAL FM JAN 1 0 HIGHEST SLP 30.68 ON 16
DPTR FM NORMAL 0 LOWEST SLP 29.23 ON 26
[REMARKS]
#FINAL-02-24#