000
CXUS55 KBYZ 011127
CLMSHR
CLIMATE REPORT
NATIONAL WEATHER SERVICE BILLINGS MT
527 AM MDT MON MAY 01 2023
...................................
...THE SHERIDAN WY CLIMATE SUMMARY FOR THE MONTH OF APRIL 2023...
CLIMATE NORMAL PERIOD 1991 TO 2020
CLIMATE RECORD PERIOD 1907 TO 2023
WEATHER OBSERVED NORMAL DEPART
VALUE DATE(S) VALUE FROM
NORMAL
................................................
TEMPERATURE (F)
HIGHEST 75 04/11
LOWEST 14 04/07
AVG. MAXIMUM 53.8 56.7 -2.9
AVG. MINIMUM 27.5 29.7 -2.2
MEAN 40.7 43.2 -2.5
DAYS MAX >= 90 0
DAYS MAX <= 32 2
DAYS MIN <= 32 24
DAYS MIN <= 0 0
PRECIPITATION (INCHES)
TOTALS 1.26 1.87 -0.61
DAYS >= .01 7
DAYS >= .10 3
DAYS >= .50 0
DAYS >= 1.00 0
GREATEST
24 HR. TOTAL 0.45 04/18 TO 04/18
DEGREE DAYS
HEATING TOTAL 721 654 67
SINCE 7/1 7564 7010 554
COOLING TOTAL 0 0 0
SINCE 1/1 0 0 0
................................................
WIND (MPH)
AVERAGE WIND SPEED 7.8
HIGHEST WIND SPEED/DIRECTION 43/330 DATE 04/01
HIGHEST GUST SPEED/DIRECTION 51/310 DATE 04/01
AVERAGE RH (PERCENT) 57
WEATHER CONDITIONS. NUMBER OF DAYS WITH
THUNDERSTORM 1 MIXED PRECIP 0
HEAVY RAIN 2 RAIN 2
LIGHT RAIN 2 FREEZING RAIN 0
LT FREEZING RAIN 0 HAIL 0
HEAVY SNOW 1 SNOW 3
LIGHT SNOW 9 SLEET 0
FOG 7 FOG W/VIS <= 1/4 MILE 1
HAZE 2
- INDICATES NEGATIVE NUMBERS.
R INDICATES RECORD WAS SET OR TIED.
MM INDICATES DATA IS MISSING.
T INDICATES TRACE AMOUNT.
$$