428
CXUS56 KMFR 011710
CF6SIY
PRELIMINARY LOCAL CLIMATOLOGICAL DATA (WS FORM: F-6)
STATION: MONTAGUE CA
MONTH: JANUARY
YEAR: 2021
LATITUDE: 41 46 N
LONGITUDE: 122 28 W
TEMPERATURE IN F: :PCPN: SNOW: WIND :SUNSHINE: SKY :PK WND
================================================================================
1 2 3 4 5 6A 6B 7 8 9 10 11 12 13 14 15 16 17 18
12Z AVG MX 2MIN
DY MAX MIN AVG DEP HDD CDD WTR SNW DPTH SPD SPD DIR MIN PSBL S-S WX SPD DR
================================================================================
1 42 32 37 2 28 0 0.15 M M 4.0 14 270 M M 8 12 17 270
2 43 29 36 1 29 0 0.00 M M 3.8 13 200 M M 6 12 14 200
3 51 36 44 9 21 0 T M M 9.2 29 170 M M 8 35 170
4 49 32 41 6 24 0 0.27 M M 14.4 43 170 M M 7 1 53 170
5 45 28 37 2 28 0 0.00 M M 3.0 9 40 M M 4 12 11 30
6 47 30 39 4 26 0 0.23 M M 7.3 20 180 M M 6 22 190
7 39 25 32 -3 33 0 0.00 M M 2.4 8 340 M M 3 12 9 40
8 47 29 38 3 27 0 0.17 M M 4.5 14 270 M M 5 1 16 270
9 42 23 33 -2 32 0 0.00 M M 1.8 8 280 M M 2 12 10 280
10 42 30 36 1 29 0 T M M 3.7 12 100 M M 7 1 13 100
11 39 35 37 2 28 0 0.00 M M 2.6 10 10 M M 9 1 10 20
12 55 34 45 10 20 0 T M M 18.8 30 180 M M 9 38 180
13 61 37 49 14 16 0 0.10 M M 6.0 23 180 M M 3 1 28 180
14 52 30 41 6 24 0 0.00 M M 3.1 9 20 M M 4 12 11 10
15 45 29 37 2 28 0 T M M 2.6 7 60 M M 4 12 8 190
16 42 32 37 2 28 0 0.00 M M 1.8 9 190 M M 10 12 11 190
17 40 34 37 2 28 0 0.00 M M 2.1 8 190 M M 10 12 11 100
18 53 25 39 4 26 0 0.00 M M 6.2 28 360 M M 5 12 34 360
19 54 24 39 4 26 0 0.00 M M 10.0 25 350 M M 0 35 340
20 49 18 34 -1 31 0 0.00 M M 1.8 8 250 M M 0 9 250
21 51 25 38 3 27 0 0.00 M M 3.3 12 30 M M 4 13 30
22 43 33 38 3 27 0 0.01 M M 5.3 13 10 M M 10 1 15 20
23 48 26 37 2 28 0 0.00 M M 5.3 14 360 M M 1 15 350
24 35 20 28 -8 37 0 0.03 M M 2.8 9 20 M M 7 18 10 20
25 36 23 30 -6 35 0 T M M 3.4 12 270 M M 8 12 12 270
26 36 19 28 -8 37 0 T M M 16.7 46 170 M M 9 12 56 170
27 46 31 39 3 26 0 T M M 17.4 35 160 M M 7 1 41 170
28 46 29 38 2 27 0 0.07 M M 5.8 18 230 M M 8 1 22 230
29 44 33 39 3 26 0 0.01 M M 4.3 14 190 M M 8 1 17 190
30 50 36 43 7 22 0 0.00 M M 21.5 39 180 M M 8 46 180
31 50 39 45 9 20 0 0.00 M M 20.8 32 170 M M 7 40 170
================================================================================
SM 1422 906 844 0 1.04 M 215.7 M 187
================================================================================
AV 45.9 29.2 7.0 FASTST M M 6 MAX(MPH)
MISC ----> 46 170 56 170
================================================================================
NOTES:
# LAST OF SEVERAL OCCURRENCES
COLUMN 17 PEAK WIND IN M.P.H.
PRELIMINARY LOCAL CLIMATOLOGICAL DATA (WS FORM: F-6) , PAGE 2
STATION: MONTAGUE CA
MONTH: JANUARY
YEAR: 2021
LATITUDE: 41 46 N
LONGITUDE: 122 28 W
[TEMPERATURE DATA] [PRECIPITATION DATA] SYMBOLS USED IN COLUMN 16
AVERAGE MONTHLY: 37.5 TOTAL FOR MONTH: 1.04 1 = FOG OR MIST
DPTR FM NORMAL: 2.1 DPTR FM NORMAL: -1.16 2 = FOG REDUCING VISIBILITY
HIGHEST: 61 ON 13 GRTST 24HR 1.88 ON 27-28 TO 1/4 MILE OR LESS
LOWEST: 18 ON 20 3 = THUNDER
SNOW, ICE PELLETS, HAIL 4 = ICE PELLETS
TOTAL MONTH: M 5 = HAIL
GRTST 24HR M ON M 6 = FREEZING RAIN OR DRIZZLE
GRTST DEPTH: M ON M 7 = DUSTSTORM OR SANDSTORM:
VSBY 1/2 MILE OR LESS
8 = SMOKE OR HAZE
[NO. OF DAYS WITH] [WEATHER - DAYS WITH] 9 = BLOWING SNOW
X = TORNADO
MAX 32 OR BELOW: 0 0.01 INCH OR MORE: 9
MAX 90 OR ABOVE: 0 0.10 INCH OR MORE: 5
MIN 32 OR BELOW: 22 0.50 INCH OR MORE: 0
MIN 0 OR BELOW: 0 1.00 INCH OR MORE: 0
[HDD (BASE 65) ]
TOTAL THIS MO. 844 CLEAR (SCALE 0-3) 5
DPTR FM NORMAL -75 PTCLDY (SCALE 4-7) 16
TOTAL FM JUL 1 2753 CLOUDY (SCALE 8-10) 10
DPTR FM NORMAL -403
[CDD (BASE 65) ]
TOTAL THIS MO. 0
DPTR FM NORMAL 0 [PRESSURE DATA]
TOTAL FM JAN 1 0 HIGHEST SLP 30.61 ON 14
DPTR FM NORMAL 0 LOWEST SLP 29.53 ON 27
[REMARKS]
#FINAL-01-21#