000
CXUS54 KSJT 011000
CF6SJT
PRELIMINARY LOCAL CLIMATOLOGICAL DATA (WS FORM: F-6)
STATION: SAN ANGELO
MONTH: OCTOBER
YEAR: 2022
LATITUDE: 31 21 N
LONGITUDE: 100 30 W
TEMPERATURE IN F: :PCPN: SNOW: WIND :SUNSHINE: SKY :PK WND
================================================================================
1 2 3 4 5 6A 6B 7 8 9 10 11 12 13 14 15 16 17 18
12Z AVG MX 2MIN
DY MAX MIN AVG DEP HDD CDD WTR SNW DPTH SPD SPD DIR MIN PSBL S-S WX SPD DR
================================================================================
1 90 53 72 0 0 7 0.00 0.0 0 4.8 16 60 M M 0 28 70
2 88 52 70 -2 0 5 0.00 0.0 0 5.0 13 100 M M 0 20 90
3 87 49 68 -4 0 3 0.00 0.0 0 4.1 14 100 M M 0 22 60
4 88 50 69 -3 0 4 0.00 0.0 0 6.4 16 140 M M 0 23 190
5 89 53 71 0 0 6 0.00 0.0 M 5.1 14 110 M M 1 8 20 160
6 89 55 72 1 0 7 0.00 0.0 0 4.6 12 340 M M 1 14 30
7 86 62 74 4 0 9 0.01 0.0 0 5.1 17 350 M M 5 24 350
8 81 60 71 1 0 6 0.00 0.0 M 10.0 17 50 M M 3 23 60
9 85 57 71 1 0 6 0.06 0.0 0 6.2 17 290 M M 3 3 25 160
10 81 62 72 2 0 7 0.23 0.0 0 8.8 24 260 M M 8 13 32 290
11 83 60 72 3 0 7 0.00 0.0 0 9.5 21 210 M M 4 29 200
12 91 63 77 8 0 12 0.00 0.0 0 7.2 20 230 M M 0 25 210
13 85 50 68 0 0 3 0.00 0.0 0 5.4 15 70 M M 0 8 22 70
14 89 45 67 -1 0 2 0.00 0.0 0 4.7 18 210 M M 0 25 230
15 92 66 79 11 0 14 0.00 0.0 M 10.8 21 200 M M 0 34 180
16 78 60 69 2 0 4 1.20 0.0 M 9.7 22 30 M M 6 13 31 80
17 66 55 61 -6 4 0 0.16 0.0 0 10.8 18 50 M M 9 1 26 60
18 66 48 57 -9 8 0 0.00 0.0 M 4.5 10 100 M M 6 14 80
19 74 45 60 -6 5 0 0.00 0.0 0 6.5 16 270 M M 3 22 280
20 84 48 66 0 0 1 0.00 0.0 0 6.1 13 220 M M 0 17 220
21 87 49 68 3 0 3 0.00 0.0 0 10.7 22 240 M M 0 28 180
22 90 61 76 11 0 11 0.00 0.0 0 15.1 21 190 M M 0 33 230
23 86 65 76 11 0 11 0.00 0.0 0 16.7 25 190 M M 0 41 160
24 84 56 70 6 0 5 0.03 0.0 0 15.8 33 280 M M 5 8 50 160
25 73 42 58 -6 7 0 0.00 0.0 0 8.2 26 310 M M 0 36 310
26 78 37 58 -5 7 0 0.00 0.0 0 6.2 18 190 M M 0 26 210
27 76 50 63 0 2 0 0.00 0.0 0 9.4 23 200 M M 2 32 150
28 67 52 60 -3 5 0 0.62 0.0 0 11.6 36 310 M M 9 13 46 310
29 68 47 58 -4 7 0 0.00 0.0 0 7.8 16 320 M M 5 22 340
30 75 43 59 -3 6 0 0.00 0.0 0 3.7 8 250 M M 0 11 360
31 72 45 59 -2 6 0 0.00 0.0 0 4.2 10 50 M M 1 16 170
================================================================================
SM 2528 1640 57 133 2.31 0.0 244.7 M 71
================================================================================
AV 81.5 52.9 7.9 FASTST M M 2 MAX(MPH)
MISC ----> 36 310 50 160
================================================================================
NOTES:
# LAST OF SEVERAL OCCURRENCES
COLUMN 17 PEAK WIND IN M.P.H.
PRELIMINARY LOCAL CLIMATOLOGICAL DATA (WS FORM: F-6) , PAGE 2
STATION: SAN ANGELO
MONTH: OCTOBER
YEAR: 2022
LATITUDE: 31 21 N
LONGITUDE: 100 30 W
[TEMPERATURE DATA] [PRECIPITATION DATA] SYMBOLS USED IN COLUMN 16
AVERAGE MONTHLY: 67.2 TOTAL FOR MONTH: 2.31 1 = FOG OR MIST
DPTR FM NORMAL: 0.1 DPTR FM NORMAL: -0.11 2 = FOG REDUCING VISIBILITY
HIGHEST: 92 ON 15 GRTST 24HR 1.35 ON 16-17 TO 1/4 MILE OR LESS
LOWEST: 37 ON 26 3 = THUNDER
SNOW, ICE PELLETS, HAIL 4 = ICE PELLETS
TOTAL MONTH: 0.0 INCH 5 = HAIL
GRTST 24HR 0.0 6 = FREEZING RAIN OR DRIZZLE
GRTST DEPTH: 0 7 = DUSTSTORM OR SANDSTORM:
VSBY 1/2 MILE OR LESS
8 = SMOKE OR HAZE
[NO. OF DAYS WITH] [WEATHER - DAYS WITH] 9 = BLOWING SNOW
X = TORNADO
MAX 32 OR BELOW: 0 0.01 INCH OR MORE: 7
MAX 90 OR ABOVE: 4 0.10 INCH OR MORE: 4
MIN 32 OR BELOW: 0 0.50 INCH OR MORE: 2
MIN 0 OR BELOW: 0 1.00 INCH OR MORE: 1
[HDD (BASE 65) ]
TOTAL THIS MO. 57 CLEAR (SCALE 0-3) 21
DPTR FM NORMAL -19 PTCLDY (SCALE 4-7) 8
TOTAL FM JUL 1 57 CLOUDY (SCALE 8-10) 2
DPTR FM NORMAL -27
[CDD (BASE 65) ]
TOTAL THIS MO. 133
DPTR FM NORMAL -9 [PRESSURE DATA]
TOTAL FM JAN 1 3408 HIGHEST SLP 30.35 ON 19
DPTR FM NORMAL 645 LOWEST SLP 29.57 ON 24
[REMARKS]
#FINAL-10-22#