000
CXUS54 KSJT 011844
CF6SJT
PRELIMINARY LOCAL CLIMATOLOGICAL DATA (WS FORM: F-6)
STATION: SAN ANGELO
MONTH: AUGUST
YEAR: 2020
LATITUDE: 31 21 N
LONGITUDE: 100 30 W
TEMPERATURE IN F: :PCPN: SNOW: WIND :SUNSHINE: SKY :PK WND
================================================================================
1 2 3 4 5 6A 6B 7 8 9 10 11 12 13 14 15 16 17 18
12Z AVG MX 2MIN
DY MAX MIN AVG DEP HDD CDD WTR SNW DPTH SPD SPD DIR MIN PSBL S-S WX SPD DR
================================================================================
1 99 65 82 -2 0 17 0.00 0.0 0 5.5 29 40 M M 0 41 60
2 102 69 86 2 0 21 0.10 0.0 0 6.2 28 330 M M 1 42 340
3 88 70 79 -5 0 14 T 0.0 0 7.1 15 90 M M 3 21 80
4 103 64 84 0 0 19 0.00 0.0 0 8.1 20 200 M M 0 26 160
5 104 77 91 7 0 26 0.00 0.0 0 12.7 22 180 M M 0 31 170
6 103 77 90 6 0 25 0.00 0.0 0 12.1 21 190 M M 0 32 170
7 101 78 90 6 0 25 0.00 0.0 0 10.8 21 190 M M 1 30 190
8 100 77 89 5 0 24 0.00 0.0 0 9.6 18 170 M M 0 27 190
9 101 77 89 5 0 24 0.00 0.0 0 12.0 22 190 M M 0 32 190
10 103 76 90 6 0 25 0.00 0.0 0 11.8 25 160 M M 0 35 160
11 102 76 89 5 0 24 0.00 0.0 0 10.3 21 200 M M 0 28 150
12 106 79 93 10 0 28 0.00 0.0 0 10.8 17 170 M M 0 24 200
13 106 77 92 9 0 27 0.00 0.0 0 10.0 17 210 M M 0 26 200
14 109 78 94 11 0 29 0.00 0.0 0 9.3 20 210 M M 0 29 190
15 107 75 91 8 0 26 0.35 0.0 0 6.4 21 180 M M 2 3 33 180
16 104 70 87 4 0 22 0.01 0.0 0 7.5 35 30 M M 1 44 40
17 97 70 84 1 0 19 0.00 0.0 0 7.0 23 130 M M 0 34 140
18 99 68 84 1 0 19 0.00 0.0 0 6.7 17 50 M M 0 26 20
19 101 67 84 1 0 19 0.00 0.0 0 5.2 16 80 M M 0 22 30
20 96 71 84 1 0 19 0.00 0.0 0 7.5 22 90 M M 0 31 80
21 102 65 84 2 0 19 0.00 0.0 0 5.6 15 70 M M 1 3 27 80
22 95 69 82 0 0 17 1.35 0.0 0 10.4 54 290 M M 1 138 86 270
23 96 71 84 2 0 19 0.00 0.0 0 6.5 17 100 M M 1 24 100
24 96 65 81 -1 0 16 0.00 0.0 0 4.2 16 60 M M 2 23 60
25 97 67 82 0 0 17 0.00 0.0 0 5.0 16 40 M M 0 21 60
26 98 65 82 0 0 17 0.00 0.0 0 3.7 14 50 M M 0 25 50
27 102 70 86 5 0 21 0.00 0.0 0 4.6 12 350 M M 0 17 10
28 107 79 93 12 0 28 0.00 0.0 0 10.1 22 210 M M 0 29 200
29 106 79 93 12 0 28 0.00 0.0 0 8.8 16 130 M M 1 24 140
30 103 79 91 10 0 26 0.00 0.0 0 8.2 18 190 M M 0 26 130
31 104 77 91 11 0 26 0.04 0.0 0 11.9 28 280 M M 1 3 36 350
================================================================================
SM 3137 2247 0 686 1.85 0.0 255.6 M 15
================================================================================
AV101.2 72.5 8.2 FASTST M M 0 MAX(MPH)
MISC ----> # 54 290 # 86 270
================================================================================
NOTES:
# LAST OF SEVERAL OCCURRENCES
COLUMN 17 PEAK WIND IN M.P.H.
PRELIMINARY LOCAL CLIMATOLOGICAL DATA (WS FORM: F-6) , PAGE 2
STATION: SAN ANGELO
MONTH: AUGUST
YEAR: 2020
LATITUDE: 31 21 N
LONGITUDE: 100 30 W
[TEMPERATURE DATA] [PRECIPITATION DATA] SYMBOLS USED IN COLUMN 16
AVERAGE MONTHLY: 86.8 TOTAL FOR MONTH: 1.85 1 = FOG OR MIST
DPTR FM NORMAL: 4.1 DPTR FM NORMAL: -0.41 2 = FOG REDUCING VISIBILITY
HIGHEST: 109 ON 14 GRTST 24HR 1.35 ON 22-22 TO 1/4 MILE OR LESS
LOWEST: 64 ON 4 3 = THUNDER
SNOW, ICE PELLETS, HAIL 4 = ICE PELLETS
TOTAL MONTH: 0.0 INCH 5 = HAIL
GRTST 24HR 0.0 6 = FREEZING RAIN OR DRIZZLE
GRTST DEPTH: 0 7 = DUSTSTORM OR SANDSTORM:
VSBY 1/2 MILE OR LESS
8 = SMOKE OR HAZE
[NO. OF DAYS WITH] [WEATHER - DAYS WITH] 9 = BLOWING SNOW
X = TORNADO
MAX 32 OR BELOW: 0 0.01 INCH OR MORE: 5
MAX 90 OR ABOVE: 30 0.10 INCH OR MORE: 3
MIN 32 OR BELOW: 0 0.50 INCH OR MORE: 1
MIN 0 OR BELOW: 0 1.00 INCH OR MORE: 1
[HDD (BASE 65) ]
TOTAL THIS MO. 0 CLEAR (SCALE 0-3) 31
DPTR FM NORMAL 0 PTCLDY (SCALE 4-7) 0
TOTAL FM JUL 1 0 CLOUDY (SCALE 8-10) 0
DPTR FM NORMAL 0
[CDD (BASE 65) ]
TOTAL THIS MO. 686
DPTR FM NORMAL 137 [PRESSURE DATA]
TOTAL FM JAN 1 2532 HIGHEST SLP 30.15 ON 17
DPTR FM NORMAL 496 LOWEST SLP 29.59 ON 31
[REMARKS]
#FINAL-08-20#