000
CXUS54 KSJT 011100
CF6SJT
PRELIMINARY LOCAL CLIMATOLOGICAL DATA (WS FORM: F-6)
STATION: SAN ANGELO
MONTH: NOVEMBER
YEAR: 2022
LATITUDE: 31 21 N
LONGITUDE: 100 30 W
TEMPERATURE IN F: :PCPN: SNOW: WIND :SUNSHINE: SKY :PK WND
================================================================================
1 2 3 4 5 6A 6B 7 8 9 10 11 12 13 14 15 16 17 18
12Z AVG MX 2MIN
DY MAX MIN AVG DEP HDD CDD WTR SNW DPTH SPD SPD DIR MIN PSBL S-S WX SPD DR
================================================================================
1 76 51 64 3 1 0 0.00 0.0 0 4.1 12 120 M M 1 18 170
2 74 57 66 5 0 1 0.00 0.0 0 10.3 18 170 M M 5 26 180
3 81 65 73 13 0 8 0.00 0.0 0 16.0 24 190 M M 5 39 200
4 79 49 64 4 1 0 T 0.0 0 18.4 32 270 M M 3 44 260
5 76 40 58 -2 7 0 0.00 0.0 0 10.4 22 230 M M 0 29 240
6 85 50 68 9 0 3 0.00 0.0 0 9.1 18 230 M M 0 25 220
7 85 50 68 9 0 3 0.00 0.0 0 6.4 15 90 M M 5 20 100
8 82 64 73 15 0 8 0.00 0.0 0 9.7 18 170 M M 1 25 140
9 81 59 70 12 0 5 0.00 0.0 0 9.9 24 180 M M 5 35 160
10 79 59 69 11 0 4 0.00 0.0 0 10.2 22 200 M M 4 31 200
11 62 37 50 -7 15 0 0.58 0.0 0 11.1 21 350 M M 6 13 28 40
12 52 29 41 -16 24 0 0.00 0.0 0 5.4 12 80 M M 0 15 80
13 60 32 46 -11 19 0 0.00 0.0 0 6.9 17 150 M M 0 25 160
14 67 38 53 -3 12 0 0.00 0.0 0 11.3 28 300 M M 3 40 270
15 53 29 41 -15 24 0 0.00 0.0 0 6.8 14 40 M M 1 19 50
16 55 39 47 -9 18 0 0.00 0.0 0 6.2 14 70 M M 5 21 30
17 59 29 44 -11 21 0 0.00 0.0 0 6.4 15 210 M M 0 26 220
18 45 27 36 -19 29 0 0.00 0.0 0 6.9 16 30 M M 6 21 30
19 41 34 38 -17 27 0 T 0.0 0 7.9 16 30 M M 10 22 30
20 39 35 37 -17 28 0 0.09 T 0 1.2 6 150 M M 10 148 8 10
21 50 33 42 -12 23 0 0.00 0.0 0 3.1 9 260 M M 7 1 12 240
22 56 29 43 -11 22 0 0.00 0.0 0 4.4 10 160 M M 8 12 15 160
23 62 50 56 3 9 0 0.00 0.0 0 6.3 16 200 M M 10 1 23 200
24 65 51 58 5 7 0 0.00 0.0 0 10.1 23 30 M M 10 1 33 40
25 51 42 47 -6 18 0 1.90 0.0 0 12.0 22 40 M M 10 13 29 30
26 56 37 47 -5 18 0 0.21 0.0 0 11.4 25 280 M M 6 1 37 280
27 64 34 49 -3 16 0 0.00 0.0 0 4.4 14 240 M M 0 19 240
28 72 33 53 1 12 0 0.00 0.0 0 9.0 22 210 M M 0 30 180
29 79 41 60 8 5 0 0.00 0.0 0 14.6 28 260 M M 0 37 270
30 49 31 40 -11 25 0 0.00 0.0 0 10.6 23 40 M M 0 33 40
================================================================================
SM 1935 1254 381 32 2.78 T 260.5 M 121
================================================================================
AV 64.5 41.8 8.7 FASTST M M 4 MAX(MPH)
MISC ----> 32 270 44 260
================================================================================
NOTES:
# LAST OF SEVERAL OCCURRENCES
COLUMN 17 PEAK WIND IN M.P.H.
PRELIMINARY LOCAL CLIMATOLOGICAL DATA (WS FORM: F-6) , PAGE 2
STATION: SAN ANGELO
MONTH: NOVEMBER
YEAR: 2022
LATITUDE: 31 21 N
LONGITUDE: 100 30 W
[TEMPERATURE DATA] [PRECIPITATION DATA] SYMBOLS USED IN COLUMN 16
AVERAGE MONTHLY: 53.2 TOTAL FOR MONTH: 2.78 1 = FOG OR MIST
DPTR FM NORMAL: -2.7 DPTR FM NORMAL: 1.62 2 = FOG REDUCING VISIBILITY
HIGHEST: 85 ON 7, 6 GRTST 24HR 1.93 ON 25-26 TO 1/4 MILE OR LESS
LOWEST: 27 ON 18 3 = THUNDER
SNOW, ICE PELLETS, HAIL 4 = ICE PELLETS
TOTAL MONTH: T 5 = HAIL
GRTST 24HR T ON 20-20 6 = FREEZING RAIN OR DRIZZLE
GRTST DEPTH: 0 7 = DUSTSTORM OR SANDSTORM:
VSBY 1/2 MILE OR LESS
8 = SMOKE OR HAZE
[NO. OF DAYS WITH] [WEATHER - DAYS WITH] 9 = BLOWING SNOW
X = TORNADO
MAX 32 OR BELOW: 0 0.01 INCH OR MORE: 4
MAX 90 OR ABOVE: 0 0.10 INCH OR MORE: 3
MIN 32 OR BELOW: 7 0.50 INCH OR MORE: 2
MIN 0 OR BELOW: 0 1.00 INCH OR MORE: 1
[HDD (BASE 65) ]
TOTAL THIS MO. 381 CLEAR (SCALE 0-3) 14
DPTR FM NORMAL 87 PTCLDY (SCALE 4-7) 10
TOTAL FM JUL 1 438 CLOUDY (SCALE 8-10) 6
DPTR FM NORMAL 63
[CDD (BASE 65) ]
TOTAL THIS MO. 32
DPTR FM NORMAL 11 [PRESSURE DATA]
TOTAL FM JAN 1 3440 HIGHEST SLP 30.51 ON 20
DPTR FM NORMAL 656 LOWEST SLP 29.67 ON 29
[REMARKS]
#FINAL-11-22#