000
CXUS56 KPQR 162302
CF6SLE
PRELIMINARY LOCAL CLIMATOLOGICAL DATA (WS FORM: F-6)
STATION: SALEM OR
MONTH: JUNE
YEAR: 2023
LATITUDE: 44 55 N
LONGITUDE: 123 0 W
TEMPERATURE IN F: :PCPN: SNOW: WIND :SUNSHINE: SKY :PK WND
================================================================================
1 2 3 4 5 6A 6B 7 8 9 10 11 12 13 14 15 16 17 18
12Z AVG MX 2MIN
DY MAX MIN AVG DEP HDD CDD WTR SNW DPTH SPD SPD DIR MIN PSBL S-S WX SPD DR
================================================================================
1 72 42 57 -3 8 0 0.00 M M 6.8 15 290 M M 0 22 350
2 77 44 61 1 4 0 0.00 M M 4.0 15 280 M M 0 20 300
3 80 44 62 2 3 0 0.00 M M 6.9 17 290 M M 0 21 290
4 78 47 63 2 2 0 0.00 M M 13.5 24 360 M M 0 31 10
5 84 49 67 6 0 2 0.00 M M 10.9 22 360 M M 0 28 360
6 91 54 73 12 0 8 0.00 M M 5.6 14 350 M M 0 17 10
7 81 54 68 7 0 3 0.00 M M 6.4 16 270 M M 0 20 290
8 72 49 61 0 4 0 0.00 M M 5.5 12 270 M M 1 16 170
9 64 54 59 -2 6 0 0.01 M M 4.5 13 40 M M 6 16 40
10 77 55 66 4 0 1 0.00 M M 10.0 20 50 M M 2 28 30
11 84 52 68 6 0 3 0.00 M M 8.9 17 40 M M 3 23 40
12 89 52 71 9 0 6 0.00 M M 5.9 16 280 M M 0 20 280
13 76 53 65 3 0 0 0.00 M M 8.9 22 290 M M 1 29 260
14 69 51 60 -2 5 0 0.00 M M 8.9 22 280 M M 5 26 280
15 76 46 61 -1 4 0 0.00 M M 6.4 15 360 M M 1 20 360
16 84 50 67 5 0 2 0.00 M M 4.8 18 310 M M 0 23 280
17 70 53 62 -1 3 0 0.00 M M 9.0 18 300 M M 8 24 300
18 61 48 55 -8 10 0 0.25 M M 5.6 16 270 M M 9 1 23 270
19 59 46 53 -10 12 0 0.18 M M 5.1 17 280 M M 8 21 280
20 67 47 57 -6 8 0 T M M 6.6 16 180 M M 7 20 190
21 78 46 62 -2 3 0 0.00 M M 7.0 16 350 M M 1 20 360
22 88 54 71 7 0 6 0.00 M M 6.8 15 10 M M 0 20 350
23 79 54 67 3 0 2 0.00 M M 6.9 17 280 M M 0 23 200
24 83 50 67 3 0 2 0.00 M M 6.2 15 310 M M 0 19 10
25 84 49 67 2 0 2 0.00 M M 5.5 17 300 M M 0 23 280
26 82 52 67 2 0 2 0.00 M M 4.8 17 290 M M 0 22 280
27 83 53 68 3 0 3 0.00 M M 4.2 14 290 M M 3 17 350
28 87 53 70 5 0 5 0.00 M M 4.1 14 290 M M 0 16 300
29 90 56 73 7 0 8 0.00 M M 5.9 16 310 M M 0 19 320
30 89 58 74 8 0 9 0.00 M M 7.7 16 320 M M M 19 310
================================================================================
SM 2354 1515 72 64 0.44 M 203.3 M 55
================================================================================
AV 78.5 50.5 6.8 FASTST M M 2 MAX(MPH)
MISC ----> 24 360 31 10
================================================================================
NOTES:
# LAST OF SEVERAL OCCURRENCES
COLUMN 17 PEAK WIND IN M.P.H.
PRELIMINARY LOCAL CLIMATOLOGICAL DATA (WS FORM: F-6) , PAGE 2
STATION: SALEM OR
MONTH: JUNE
YEAR: 2023
LATITUDE: 44 55 N
LONGITUDE: 123 0 W
[TEMPERATURE DATA] [PRECIPITATION DATA] SYMBOLS USED IN COLUMN 16
AVERAGE MONTHLY: 64.5 TOTAL FOR MONTH: 0.44 1 = FOG OR MIST
DPTR FM NORMAL: 1.8 DPTR FM NORMAL: -0.81 2 = FOG REDUCING VISIBILITY
HIGHEST: 91 ON 6 GRTST 24HR 0.25 ON 18-18 TO 1/4 MILE OR LESS
LOWEST: 42 ON 1 3 = THUNDER
SNOW, ICE PELLETS, HAIL 4 = ICE PELLETS
TOTAL MONTH: M 5 = HAIL
GRTST 24HR M ON M 6 = FREEZING RAIN OR DRIZZLE
GRTST DEPTH: M ON M 7 = DUSTSTORM OR SANDSTORM:
VSBY 1/2 MILE OR LESS
8 = SMOKE OR HAZE
[NO. OF DAYS WITH] [WEATHER - DAYS WITH] 9 = BLOWING SNOW
X = TORNADO
MAX 32 OR BELOW: 0 0.01 INCH OR MORE: 3
MAX 90 OR ABOVE: 2 0.10 INCH OR MORE: 2
MIN 32 OR BELOW: 0 0.50 INCH OR MORE: 0
MIN 0 OR BELOW: 0 1.00 INCH OR MORE: 0
[HDD (BASE 65) ]
TOTAL THIS MO. 72 CLEAR (SCALE 0-3) 23
DPTR FM NORMAL -36 PTCLDY (SCALE 4-7) 4
TOTAL FM JUL 1 4371 CLOUDY (SCALE 8-10) 3
DPTR FM NORMAL 31
[CDD (BASE 65) ]
TOTAL THIS MO. 64
DPTR FM NORMAL 25 [PRESSURE DATA]
TOTAL FM JAN 1 125 HIGHEST SLP M ON M
DPTR FM NORMAL 74 LOWEST SLP 29.66 ON 6
[REMARKS]
#FINAL-06-23#