000
CXUS56 KPQR 011612
CF6SLE
PRELIMINARY LOCAL CLIMATOLOGICAL DATA (WS FORM: F-6)
STATION: SALEM OR
MONTH: MARCH
YEAR: 2022
LATITUDE: 44 55 N
LONGITUDE: 123 0 W
TEMPERATURE IN F: :PCPN: SNOW: WIND :SUNSHINE: SKY :PK WND
================================================================================
1 2 3 4 5 6A 6B 7 8 9 10 11 12 13 14 15 16 17 18
12Z AVG MX 2MIN
DY MAX MIN AVG DEP HDD CDD WTR SNW DPTH SPD SPD DIR MIN PSBL S-S WX SPD DR
================================================================================
1 60 52 56 10 9 0 0.47 M M 8.1 21 190 M M 10 1 28 210
2 55 49 52 6 13 0 0.91 M M 2.6 10 140 M M 10 1 13 140
3 54 41 48 2 17 0 0.09 M M 5.3 16 280 M M 8 1 21 300
4 52 36 44 -2 21 0 0.03 M M 5.7 16 20 M M 7 1 19 10
5 56 33 45 -1 20 0 0.00 M M 2.7 12 20 M M 4 16 20
6 53 32 43 -3 22 0 0.00 M M 2.2 9 20 M M 4 128 11 10
7 61 31 46 0 19 0 0.00 M M 4.2 12 320 M M 0 1 15 170
8 53 37 45 -2 20 0 T M M 7.3 14 170 M M 8 18 150
9 54 31 43 -4 22 0 0.18 M M 7.5 20 10 M M 6 18 24 30
10 53 25 39 -8 26 0 0.00 M M 1.3 8 330 M M 1 10 320
11 62 29 46 -1 19 0 0.00 M M 2.2 9 190 M M 0 11 180
12 58 32 45 -2 20 0 0.53 M M 9.2 29 200 M M 4 1 39 200
13 52 44 48 1 17 0 0.80 M M 15.0 28 170 M M 10 18 36 170
14 57 47 52 5 13 0 0.28 M M 6.7 17 180 M M 10 1 23 170
15 58 44 51 3 14 0 0.06 M M 10.4 21 220 M M 6 1 26 180
16 60 38 49 1 16 0 0.00 M M 3.5 12 190 M M 3 14 180
17 54 37 46 -2 19 0 0.01 M M 6.9 17 170 M M 6 1 21 180
18 60 47 54 6 11 0 T M M 8.3 18 190 M M 7 1 24 190
19 55 37 46 -2 19 0 0.17 M M 11.1 25 280 M M 6 1 31 270
20 50 39 45 -3 20 0 T M M 7.5 15 190 M M 8 19 190
21 54 45 50 2 15 0 0.20 M M 9.3 18 170 M M 10 1 27 180
22 68 50 59 11 6 0 0.00 M M 4.7 14 360 M M 6 1 18 360
23 62 44 53 5 12 0 0.01 M M 7.1 16 240 M M 8 18 21 210
24 63 38 51 3 14 0 0.00 M M 4.5 12 340 M M 2 1 13 350
25 61 44 53 4 12 0 0.00 M M 4.2 13 150 M M 3 20 170
26 69 49 59 10 6 0 T M M 7.3 14 150 M M 4 18 10
27 69 48 59 10 6 0 0.00 M M 3.3 16 290 M M 1 21 280
28 62 49 56 7 9 0 0.02 M M 4.9 14 290 M M 9 17 290
29 63 44 54 5 11 0 0.00 M M 4.4 14 280 M M 9 18 200
30 59 41 50 1 15 0 T M M 8.1 16 310 M M 6 18 20 290
31 58 38 48 -1 17 0 0.00 M M 1.7 9 290 M M 6 10 290
================================================================================
SM 1805 1251 480 0 3.76 M 187.2 M 182
================================================================================
AV 58.2 40.4 6.0 FASTST M M 6 MAX(MPH)
MISC ----> 29 200 39 200
================================================================================
NOTES:
# LAST OF SEVERAL OCCURRENCES
COLUMN 17 PEAK WIND IN M.P.H.
PRELIMINARY LOCAL CLIMATOLOGICAL DATA (WS FORM: F-6) , PAGE 2
STATION: SALEM OR
MONTH: MARCH
YEAR: 2022
LATITUDE: 44 55 N
LONGITUDE: 123 0 W
[TEMPERATURE DATA] [PRECIPITATION DATA] SYMBOLS USED IN COLUMN 16
AVERAGE MONTHLY: 49.3 TOTAL FOR MONTH: 3.76 1 = FOG OR MIST
DPTR FM NORMAL: 1.8 DPTR FM NORMAL: -0.59 2 = FOG REDUCING VISIBILITY
HIGHEST: 69 ON 27,26 GRTST 24HR 1.29 ON 12-13 TO 1/4 MILE OR LESS
LOWEST: 25 ON 10 3 = THUNDER
SNOW, ICE PELLETS, HAIL 4 = ICE PELLETS
TOTAL MONTH: M 5 = HAIL
GRTST 24HR M ON M 6 = FREEZING RAIN OR DRIZZLE
GRTST DEPTH: M ON M 7 = DUSTSTORM OR SANDSTORM:
VSBY 1/2 MILE OR LESS
8 = SMOKE OR HAZE
[NO. OF DAYS WITH] [WEATHER - DAYS WITH] 9 = BLOWING SNOW
X = TORNADO
MAX 32 OR BELOW: 0 0.01 INCH OR MORE: 14
MAX 90 OR ABOVE: 0 0.10 INCH OR MORE: 8
MIN 32 OR BELOW: 6 0.50 INCH OR MORE: 3
MIN 0 OR BELOW: 0 1.00 INCH OR MORE: 0
[HDD (BASE 65) ]
TOTAL THIS MO. 480 CLEAR (SCALE 0-3) 5
DPTR FM NORMAL -61 PTCLDY (SCALE 4-7) 17
TOTAL FM JUL 1 3309 CLOUDY (SCALE 8-10) 9
DPTR FM NORMAL -270
[CDD (BASE 65) ]
TOTAL THIS MO. 0
DPTR FM NORMAL 0 [PRESSURE DATA]
TOTAL FM JAN 1 0 HIGHEST SLP 30.58 ON 7
DPTR FM NORMAL 0 LOWEST SLP 29.59 ON 27
[REMARKS]
#FINAL-03-22#