000
CXUS56 KPQR 011155
CF6SLE
PRELIMINARY LOCAL CLIMATOLOGICAL DATA (WS FORM: F-6)
STATION: SALEM OR
MONTH: FEBRUARY
YEAR: 2022
LATITUDE: 44 55 N
LONGITUDE: 123 0 W
TEMPERATURE IN F: :PCPN: SNOW: WIND :SUNSHINE: SKY :PK WND
================================================================================
1 2 3 4 5 6A 6B 7 8 9 10 11 12 13 14 15 16 17 18
12Z AVG MX 2MIN
DY MAX MIN AVG DEP HDD CDD WTR SNW DPTH SPD SPD DIR MIN PSBL S-S WX SPD DR
================================================================================
1 46 31 39 -4 26 0 T M M 4.8 12 270 M M 9 1 15 280
2 47 41 44 1 21 0 0.03 M M 7.0 14 180 M M 10 1 19 180
3 54 33 44 1 21 0 0.00 M M 4.3 14 190 M M 4 1 16 190
4 51 30 41 -2 24 0 0.00 M M 6.2 16 180 M M 8 12 19 200
5 52 35 44 1 21 0 T M M 5.8 14 360 M M 6 1 16 20
6 54 30 42 -1 23 0 0.00 M M 1.2 10 150 M M 4 128 12 150
7 56 32 44 1 21 0 0.00 M M 4.4 13 180 M M 6 12 15 180
8 51 36 44 1 21 0 0.00 M M 2.1 8 350 M M 5 128 9 20
9 61 34 48 5 17 0 0.00 M M 3.4 10 360 M M 2 18 12 30
10 49 37 43 -1 22 0 0.00 M M 5.1 10 10 M M 8 12 14 360
11 67 45 56 12 9 0 0.00 M M 7.1 14 360 M M 5 8 17 360
12 65 36 51 7 14 0 0.00 M M 4.4 12 350 M M 0 16 320
13 62 30 46 2 19 0 0.00 M M 4.6 16 220 M M 0 23 230
14 51 37 44 0 21 0 0.21 M M 9.1 22 190 M M 7 18 26 190
15 50 35 43 -1 22 0 0.00 M M 4.7 10 220 M M 10 12 220
16 53 41 47 3 18 0 0.00 M M 4.2 9 140 M M 10 18 12 140
17 52 33 43 -1 22 0 0.00 M M 2.8 8 320 M M 3 1 10 310
18 57 32 45 1 20 0 0.00 M M 2.3 9 10 M M 4 128 11 20
19 51 35 43 -1 22 0 0.00 M M 5.6 13 190 M M 8 18 16 200
20 51 38 45 1 20 0 0.04 M M 7.2 23 300 M M 7 28 310
21 45 37 41 -3 24 0 0.21 M M 6.5 13 270 M M 9 18 17 200
22 42 25 34 -11 31 0 0.00 M M 9.2 22 30 M M 4 27 30
23 40 21 31 -14 34 0 0.00 M M 5.9 14 330 M M 0 16 330
24 44 25 35 -10 30 0 T M M 5.0 12 150 M M 7 14 140
25 50 22 36 -9 29 0 0.00 M M 2.0 9 30 M M 0 1 13 30
26 45 29 37 -8 28 0 0.21 M M 2.3 7 120 M M 5 18 7 300
27 59 43 51 6 14 0 0.34 M M 12.6 21 190 M M 9 1 28 200
28 62 56 59 13 6 0 1.76 M M 19.2 31 190 M M 10 18 44 180
================================================================================
SM 1467 959 600 0 2.80 M 159.0 M 160
================================================================================
AV 52.4 34.3 5.7 FASTST M M 6 MAX(MPH)
MISC ----> 31 190 44 180
================================================================================
NOTES:
# LAST OF SEVERAL OCCURRENCES
COLUMN 17 PEAK WIND IN M.P.H.
PRELIMINARY LOCAL CLIMATOLOGICAL DATA (WS FORM: F-6) , PAGE 2
STATION: SALEM OR
MONTH: FEBRUARY
YEAR: 2022
LATITUDE: 44 55 N
LONGITUDE: 123 0 W
[TEMPERATURE DATA] [PRECIPITATION DATA] SYMBOLS USED IN COLUMN 16
AVERAGE MONTHLY: 43.3 TOTAL FOR MONTH: 2.80 1 = FOG OR MIST
DPTR FM NORMAL: -0.7 DPTR FM NORMAL: -1.74 2 = FOG REDUCING VISIBILITY
HIGHEST: 67 ON 11 GRTST 24HR 1.76 ON 28-28 TO 1/4 MILE OR LESS
LOWEST: 21 ON 23 3 = THUNDER
SNOW, ICE PELLETS, HAIL 4 = ICE PELLETS
TOTAL MONTH: M 5 = HAIL
GRTST 24HR M ON M 6 = FREEZING RAIN OR DRIZZLE
GRTST DEPTH: M ON M 7 = DUSTSTORM OR SANDSTORM:
VSBY 1/2 MILE OR LESS
8 = SMOKE OR HAZE
[NO. OF DAYS WITH] [WEATHER - DAYS WITH] 9 = BLOWING SNOW
X = TORNADO
MAX 32 OR BELOW: 0 0.01 INCH OR MORE: 7
MAX 90 OR ABOVE: 0 0.10 INCH OR MORE: 5
MIN 32 OR BELOW: 11 0.50 INCH OR MORE: 1
MIN 0 OR BELOW: 0 1.00 INCH OR MORE: 1
[HDD (BASE 65) ]
TOTAL THIS MO. 600 CLEAR (SCALE 0-3) 6
DPTR FM NORMAL 12 PTCLDY (SCALE 4-7) 13
TOTAL FM JUL 1 2829 CLOUDY (SCALE 8-10) 9
DPTR FM NORMAL -213
[CDD (BASE 65) ]
TOTAL THIS MO. 0
DPTR FM NORMAL 0 [PRESSURE DATA]
TOTAL FM JAN 1 0 HIGHEST SLP 30.64 ON 8
DPTR FM NORMAL 0 LOWEST SLP 29.84 ON 21
[REMARKS]
#FINAL-02-22#