000
CXUS56 KPQR 011610
CF6SLE
PRELIMINARY LOCAL CLIMATOLOGICAL DATA (WS FORM: F-6)
STATION: SALEM OR
MONTH: DECEMBER
YEAR: 2023
LATITUDE: 44 55 N
LONGITUDE: 123 0 W
TEMPERATURE IN F: :PCPN: SNOW: WIND :SUNSHINE: SKY :PK WND
================================================================================
1 2 3 4 5 6A 6B 7 8 9 10 11 12 13 14 15 16 17 18
12Z AVG MX 2MIN
DY MAX MIN AVG DEP HDD CDD WTR SNW DPTH SPD SPD DIR MIN PSBL S-S WX SPD DR
================================================================================
1 52 43 48 5 17 0 0.34 M M 10.6 25 180 M M 9 18 36 190
2 53 46 50 7 15 0 0.54 M M 12.3 29 180 M M 10 18 41 170
3 57 45 51 8 14 0 1.07 M M 10.8 23 190 M M 10 1 31 180
4 63 54 59 17 6 0 0.04 M M 14.7 28 190 M M 10 18 39 180
5 63 56 60 18 5 0 1.19 M M 9.6 18 180 M M 10 18 24 190
6 57 47 52 10 13 0 1.93 M M 7.3 15 200 M M 10 1 20 150
7 48 37 43 1 22 0 0.16 M M 10.4 18 180 M M 8 1 25 210
8 48 33 41 -1 24 0 0.04 M M 3.3 13 190 M M 6 1 16 190
9 49 32 41 -1 24 0 0.04 M M 7.6 23 160 M M 10 12 31 160
10 52 48 50 9 15 0 0.81 M M 11.8 20 180 M M 10 1 27 180
11 52 46 49 8 16 0 0.00 M M 5.2 10 40 M M 10 12 12 40
12 54 34 44 3 21 0 0.00 M M 4.5 10 350 M M 2 1 13 350
13 49 31 40 -1 25 0 0.00 M M 2.5 9 140 M M 0 1 10 140
14 49 34 42 1 23 0 0.02 M M 1.4 7 120 M M 7 128 7 120
15 50 31 41 0 24 0 0.00 M M 1.1 7 350 M M 5 12 9 10
16 43 29 36 -5 29 0 0.00 M M 3.1 7 170 M M 4 128 9 140
17 43 30 37 -4 28 0 0.00 M M 2.4 16 360 M M 6 128 17 10
18 46 37 42 1 23 0 0.02 M M 2.7 8 180 M M 8 8 9 160
19 58 42 50 9 15 0 0.39 M M 6.0 18 170 M M 9 12 23 200
20 51 35 43 2 22 0 0.00 M M 1.8 7 20 M M 2 12 11 20
21 44 40 42 1 23 0 0.00 M M 2.3 9 160 M M 10 12 10 160
22 49 33 41 0 24 0 0.19 M M 5.5 20 260 M M 8 1 25 260
23 39 30 35 -6 30 0 0.00 M M 3.9 12 20 M M 9 12 16 20
24 48 34 41 0 24 0 T M M 5.4 14 180 M M 9 18 19 180
25 53 41 47 6 18 0 0.48 M M 3.0 16 180 M M 10 12 21 180
26 52 44 48 7 17 0 0.05 M M 5.1 14 190 M M 8 128 19 200
27 50 37 44 3 21 0 0.07 M M 3.1 16 280 M M 7 1 20 290
28 49 38 44 3 21 0 0.01 M M 1.3 8 270 M M 9 12 8 270
29 54 42 48 7 17 0 0.19 M M 3.5 17 280 M M 6 1 24 280
30 54 38 46 5 19 0 0.04 M M 4.6 13 190 M M 7 1 17 180
31 42 36 39 -2 26 0 0.00 M M 2.0 7 10 M M 10 12 8 40
================================================================================
SM 1571 1203 621 0 7.62 M 168.8 M 239
================================================================================
AV 50.7 38.8 5.4 FASTST M M 8 MAX(MPH)
MISC ----> 29 180 41 170
================================================================================
NOTES:
# LAST OF SEVERAL OCCURRENCES
COLUMN 17 PEAK WIND IN M.P.H.
PRELIMINARY LOCAL CLIMATOLOGICAL DATA (WS FORM: F-6) , PAGE 2
STATION: SALEM OR
MONTH: DECEMBER
YEAR: 2023
LATITUDE: 44 55 N
LONGITUDE: 123 0 W
[TEMPERATURE DATA] [PRECIPITATION DATA] SYMBOLS USED IN COLUMN 16
AVERAGE MONTHLY: 44.7 TOTAL FOR MONTH: 7.62 1 = FOG OR MIST
DPTR FM NORMAL: 3.4 DPTR FM NORMAL: 0.65 2 = FOG REDUCING VISIBILITY
HIGHEST: 63 ON 5, 4 GRTST 24HR 2.63 ON 5- 6 TO 1/4 MILE OR LESS
LOWEST: 29 ON 16 3 = THUNDER
SNOW, ICE PELLETS, HAIL 4 = ICE PELLETS
TOTAL MONTH: M 5 = HAIL
GRTST 24HR M ON M 6 = FREEZING RAIN OR DRIZZLE
GRTST DEPTH: M ON M 7 = DUSTSTORM OR SANDSTORM:
VSBY 1/2 MILE OR LESS
8 = SMOKE OR HAZE
[NO. OF DAYS WITH] [WEATHER - DAYS WITH] 9 = BLOWING SNOW
X = TORNADO
MAX 32 OR BELOW: 0 0.01 INCH OR MORE: 20
MAX 90 OR ABOVE: 0 0.10 INCH OR MORE: 11
MIN 32 OR BELOW: 6 0.50 INCH OR MORE: 5
MIN 0 OR BELOW: 0 1.00 INCH OR MORE: 3
[HDD (BASE 65) ]
TOTAL THIS MO. 621 CLEAR (SCALE 0-3) 3
DPTR FM NORMAL -115 PTCLDY (SCALE 4-7) 9
TOTAL FM JUL 1 1581 CLOUDY (SCALE 8-10) 19
DPTR FM NORMAL -157
[CDD (BASE 65) ]
TOTAL THIS MO. 0
DPTR FM NORMAL 0 [PRESSURE DATA]
TOTAL FM JAN 1 636 HIGHEST SLP 30.44 ON 8
DPTR FM NORMAL 235 LOWEST SLP 29.43 ON 19
[REMARKS]
#FINAL-12-23#