000
CXUS56 KPQR 011200
CF6SLE
PRELIMINARY LOCAL CLIMATOLOGICAL DATA (WS FORM: F-6)
STATION: SALEM OR
MONTH: MAY
YEAR: 2020
LATITUDE: 44 55 N
LONGITUDE: 123 0 W
TEMPERATURE IN F: :PCPN: SNOW: WIND :SUNSHINE: SKY :PK WND
================================================================================
1 2 3 4 5 6A 6B 7 8 9 10 11 12 13 14 15 16 17 18
12Z AVG MX 2MIN
DY MAX MIN AVG DEP HDD CDD WTR SNW DPTH SPD SPD DIR MIN PSBL S-S WX SPD DR
================================================================================
1 60 37 49 -4 16 0 0.09 M M 3.8 17 200 M M 6 1 20 200
2 57 45 51 -2 14 0 0.43 M M 7.6 25 230 M M 8 1 34 240
3 61 41 51 -3 14 0 0.13 M M 5.6 16 190 M M 5 1 21 180
4 68 36 52 -2 13 0 T M M 3.9 18 260 M M 4 23 230
5 71 46 59 5 6 0 0.01 M M 5.6 17 240 M M 6 12 21 230
6 64 45 55 1 10 0 0.18 M M 8.0 20 270 M M 4 1 24 280
7 74 39 57 3 8 0 0.00 M M 10.4 21 350 M M 0 27 360
8 83 46 65 10 0 0 0.00 M M 7.8 21 350 M M 0 25 350
9 85 48 67 12 0 2 0.00 M M 6.2 13 280 M M 0 17 290
10 85 51 68 13 0 3 0.00 M M 2.6 14 260 M M 0 18 260
11 67 48 58 3 7 0 T M M 4.7 14 20 M M 4 18 20
12 61 50 56 0 9 0 0.20 M M 7.8 22 220 M M 9 32 220
13 60 47 54 -2 11 0 0.06 M M 10.3 20 180 M M 9 26 190
14 56 49 53 -3 12 0 0.38 M M 7.0 13 200 M M 10 1 19 210
15 69 50 60 4 5 0 0.00 M M 3.9 12 230 M M 5 14 200
16 68 53 61 5 4 0 0.20 M M 3.9 13 260 M M 9 1 17 270
17 68 46 57 0 8 0 0.02 M M 4.2 23 260 M M 5 13 29 280
18 60 51 56 -1 9 0 0.67 M M 6.4 17 310 M M 9 1 22 280
19 64 50 57 0 8 0 T M M 5.9 17 290 M M 9 23 280
20 59 50 55 -2 10 0 T M M 6.5 15 230 M M 10 19 240
21 59 46 53 -4 12 0 0.14 M M 7.5 20 300 M M 8 1 27 320
22 63 42 53 -5 12 0 T M M 6.3 18 310 M M 7 24 310
23 64 41 53 -5 12 0 0.00 M M 3.9 14 40 M M 4 19 40
24 74 45 60 2 5 0 0.00 M M 2.1 9 340 M M 3 12 10
25 71 51 61 3 4 0 0.02 M M 2.5 12 320 M M 5 14 310
26 75 51 63 5 2 0 0.00 M M 5.3 13 20 M M 5 18 20
27 82 49 66 8 0 1 0.00 M M 7.6 16 10 M M 0 20 340
28 90 52 71 12 0 6 0.00 M M 2.5 15 310 M M 0 18 300
29 82 53 68 9 0 3 0.00 M M 4.5 13 300 M M 0 16 350
30 60 51 56 -3 9 0 0.32 M M 6.5 20 320 M M 7 13 24 320
31 66 50 58 -1 7 0 0.00 M M 5.2 14 10 M M 6 17 350
================================================================================
SM 2126 1459 227 15 2.85 M 176.0 M 157
================================================================================
AV 68.6 47.1 5.7 FASTST M M 5 MAX(MPH)
MISC ----> # 25 230 # 34 240
================================================================================
NOTES:
# LAST OF SEVERAL OCCURRENCES
COLUMN 17 PEAK WIND IN M.P.H.
PRELIMINARY LOCAL CLIMATOLOGICAL DATA (WS FORM: F-6) , PAGE 2
STATION: SALEM OR
MONTH: MAY
YEAR: 2020
LATITUDE: 44 55 N
LONGITUDE: 123 0 W
[TEMPERATURE DATA] [PRECIPITATION DATA] SYMBOLS USED IN COLUMN 16
AVERAGE MONTHLY: 57.8 TOTAL FOR MONTH: 2.85 1 = FOG OR MIST
DPTR FM NORMAL: 1.6 DPTR FM NORMAL: 0.63 2 = FOG REDUCING VISIBILITY
HIGHEST: 90 ON 28 GRTST 24HR 0.67 ON 18-18 TO 1/4 MILE OR LESS
LOWEST: 36 ON 4 3 = THUNDER
SNOW, ICE PELLETS, HAIL 4 = ICE PELLETS
TOTAL MONTH: M 5 = HAIL
GRTST 24HR M ON M 6 = FREEZING RAIN OR DRIZZLE
GRTST DEPTH: M ON M 7 = DUSTSTORM OR SANDSTORM:
VSBY 1/2 MILE OR LESS
8 = SMOKE OR HAZE
[NO. OF DAYS WITH] [WEATHER - DAYS WITH] 9 = BLOWING SNOW
X = TORNADO
MAX 32 OR BELOW: 0 0.01 INCH OR MORE: 14
MAX 90 OR ABOVE: 1 0.10 INCH OR MORE: 9
MIN 32 OR BELOW: 0 0.50 INCH OR MORE: 1
MIN 0 OR BELOW: 0 1.00 INCH OR MORE: 0
[HDD (BASE 65) ]
TOTAL THIS MO. 227 CLEAR (SCALE 0-3) 8
DPTR FM NORMAL -53 PTCLDY (SCALE 4-7) 16
TOTAL FM JUL 1 4424 CLOUDY (SCALE 8-10) 7
DPTR FM NORMAL -99
[CDD (BASE 65) ]
TOTAL THIS MO. 15
DPTR FM NORMAL 6 [PRESSURE DATA]
TOTAL FM JAN 1 15 HIGHEST SLP 30.46 ON 6
DPTR FM NORMAL 6 LOWEST SLP 29.67 ON 17
[REMARKS]
#FINAL-05-20#