000
CXUS56 KPQR 011200
CF6SLE
PRELIMINARY LOCAL CLIMATOLOGICAL DATA (WS FORM: F-6)
STATION: SALEM OR
MONTH: APRIL
YEAR: 2020
LATITUDE: 44 55 N
LONGITUDE: 123 0 W
TEMPERATURE IN F: :PCPN: SNOW: WIND :SUNSHINE: SKY :PK WND
================================================================================
1 2 3 4 5 6A 6B 7 8 9 10 11 12 13 14 15 16 17 18
12Z AVG MX 2MIN
DY MAX MIN AVG DEP HDD CDD WTR SNW DPTH SPD SPD DIR MIN PSBL S-S WX SPD DR
================================================================================
1 47 38 43 -6 22 0 0.24 M M 7.9 17 190 M M 8 1 22 170
2 50 33 42 -7 23 0 0.01 M M 5.8 17 250 M M 8 21 230
3 51 31 41 -8 24 0 0.05 M M 5.7 17 250 M M 9 1 21 250
4 49 37 43 -6 22 0 0.11 M M 3.5 8 30 M M 10 12 10 30
5 64 42 53 4 12 0 0.05 M M 7.8 17 40 M M 7 22 350
6 62 43 53 4 12 0 0.00 M M 4.6 15 290 M M 7 20 280
7 61 38 50 1 15 0 0.00 M M 5.7 15 20 M M 2 18 20
8 70 35 53 4 12 0 0.00 M M 5.5 15 360 M M 0 20 20
9 76 38 57 8 8 0 0.00 M M 5.8 17 350 M M 0 22 360
10 71 40 56 6 9 0 0.00 M M 3.9 14 270 M M 0 16 280
11 63 42 53 3 12 0 0.00 M M 5.6 14 360 M M 1 17 350
12 65 35 50 0 15 0 0.00 M M 5.8 17 30 M M 0 22 360
13 66 32 49 -1 16 0 0.00 M M 5.2 17 360 M M 0 22 360
14 69 34 52 2 13 0 0.00 M M 6.3 20 280 M M 0 27 290
15 62 41 52 2 13 0 0.00 M M 3.6 10 60 M M 7 13 60
16 70 42 56 6 9 0 0.00 M M 11.1 24 20 M M 0 29 10
17 77 35 56 6 9 0 0.00 M M 2.9 10 310 M M 0 13 290
18 52 43 48 -2 17 0 0.11 M M 5.9 13 170 M M 7 1 14 170
19 62 39 51 0 14 0 0.00 M M 3.2 13 340 M M 5 1 15 340
20 70 37 54 3 11 0 0.00 M M 3.2 15 270 M M 1 19 280
21 58 43 51 0 14 0 0.00 M M 4.4 10 180 M M 8 14 190
22 58 46 52 1 13 0 0.29 M M 8.1 17 210 M M 10 1 24 210
23 64 47 56 5 9 0 T M M 3.5 12 220 M M 4 14 230
24 63 50 57 5 8 0 0.13 M M 7.1 17 180 M M 9 1 22 180
25 67 43 55 3 10 0 0.13 M M 7.3 17 230 M M 5 1 25 240
26 67 37 52 0 13 0 0.07 M M 5.2 15 200 M M 2 1 18 170
27 67 47 57 5 8 0 0.16 M M 10.2 21 250 M M 8 1 26 240
28 74 48 61 9 4 0 0.00 M M 2.7 14 150 M M 3 18 150
29 69 50 60 7 5 0 T M M 6.7 17 250 M M 6 23 240
30 64 43 54 1 11 0 T M M 6.1 15 290 M M 3 20 330
================================================================================
SM 1908 1209 383 0 1.35 M 170.3 M 130
================================================================================
AV 63.6 40.3 5.7 FASTST M M 4 MAX(MPH)
MISC ----> # 24 20 # 29 10
================================================================================
NOTES:
# LAST OF SEVERAL OCCURRENCES
COLUMN 17 PEAK WIND IN M.P.H.
PRELIMINARY LOCAL CLIMATOLOGICAL DATA (WS FORM: F-6) , PAGE 2
STATION: SALEM OR
MONTH: APRIL
YEAR: 2020
LATITUDE: 44 55 N
LONGITUDE: 123 0 W
[TEMPERATURE DATA] [PRECIPITATION DATA] SYMBOLS USED IN COLUMN 16
AVERAGE MONTHLY: 52.0 TOTAL FOR MONTH: 1.35 1 = FOG OR MIST
DPTR FM NORMAL: 1.5 DPTR FM NORMAL: -1.46 2 = FOG REDUCING VISIBILITY
HIGHEST: 77 ON 17 GRTST 24HR 0.29 ON 22-22 TO 1/4 MILE OR LESS
LOWEST: 31 ON 3 3 = THUNDER
SNOW, ICE PELLETS, HAIL 4 = ICE PELLETS
TOTAL MONTH: M 5 = HAIL
GRTST 24HR M ON M 6 = FREEZING RAIN OR DRIZZLE
GRTST DEPTH: M ON M 7 = DUSTSTORM OR SANDSTORM:
VSBY 1/2 MILE OR LESS
8 = SMOKE OR HAZE
[NO. OF DAYS WITH] [WEATHER - DAYS WITH] 9 = BLOWING SNOW
X = TORNADO
MAX 32 OR BELOW: 0 0.01 INCH OR MORE: 11
MAX 90 OR ABOVE: 0 0.10 INCH OR MORE: 7
MIN 32 OR BELOW: 2 0.50 INCH OR MORE: 0
MIN 0 OR BELOW: 0 1.00 INCH OR MORE: 0
[HDD (BASE 65) ]
TOTAL THIS MO. 383 CLEAR (SCALE 0-3) 12
DPTR FM NORMAL -57 PTCLDY (SCALE 4-7) 14
TOTAL FM JUL 1 4197 CLOUDY (SCALE 8-10) 4
DPTR FM NORMAL -46
[CDD (BASE 65) ]
TOTAL THIS MO. 0
DPTR FM NORMAL 0 [PRESSURE DATA]
TOTAL FM JAN 1 0 HIGHEST SLP 30.40 ON 14
DPTR FM NORMAL 0 LOWEST SLP 29.50 ON 5
[REMARKS]
#FINAL-04-20#