000
CXUS51 KBTV 010800
CF6SLK
PRELIMINARY LOCAL CLIMATOLOGICAL DATA (WS FORM: F-6)
STATION: SARANAC LAKE NY
MONTH: FEBRUARY
YEAR: 2022
LATITUDE: 44 23 N
LONGITUDE: 74 12 W
TEMPERATURE IN F: :PCPN: SNOW: WIND :SUNSHINE: SKY :PK WND
================================================================================
1 2 3 4 5 6A 6B 7 8 9 10 11 12 13 14 15 16 17 18
12Z AVG MX 2MIN
DY MAX MIN AVG DEP HDD CDD WTR SNW DPTH SPD SPD DIR MIN PSBL S-S WX SPD DR
================================================================================
1 31 -12 10 -3 55 0 0.00 M M 4.7 16 190 M M 0 18 20 200
2 44 18 31 18 34 0 T M M 9.2 22 200 M M 2 27 210
3 38 14 26 13 39 0 0.47 M M 7.3 17 60 M M 10 1 24 200
4 14 4 9 -4 56 0 0.18 M M 7.9 15 60 M M 10 18 18 60
5 7 -20 -6 -19 71 0 T M M 4.0 13 280 M M 5 18 21 320
6 22 -19 2 -12 63 0 0.00 M M 5.3 20 210 M M 4 1 24 230
7 32 7 20 6 45 0 0.00 M M 5.2 15 180 M M 4 1 20 200
8 29 -1 14 0 51 0 T M M 3.6 12 250 M M 7 12 19 250
9 43 10 27 13 38 0 T M M 8.3 23 220 M M 3 1 29 220
10 37 27 32 18 33 0 0.04 M M 10.4 21 240 M M 9 18 32 230
11 44 24 34 20 31 0 T M M 15.1 32 200 M M 7 1 40 190
12 39 6 23 9 42 0 0.07 M M 10.8 26 240 M M 10 18 35 230
13 17 -7 5 -10 60 0 0.00 M M 2.2 10 340 M M 6 18 15 300
14 6 -16 -5 -20 70 0 T M M 4.9 14 240 M M 4 18 21 290
15 17 -19 -1 -16 66 0 T M M 3.7 13 250 M M 5 18 20 250
16 41 -17 12 -3 53 0 T M M 13.1 29 210 M M 4 43 190
17 45 36 41 25 24 0 1.07 M M 12.7 24 210 M M 10 1 34 210
18 36 1 19 3 46 0 0.55 M M 7.4 16 360 M M 9 168 24 330
19 24 1 13 -3 52 0 0.03 M M 11.7 30 240 M M 9 128 46 240
20 35 -12 12 -4 53 0 0.00 M M 11.4 25 230 M M 4 18 35 220
21 41 28 35 19 30 0 0.00 M M 7.4 16 230 M M 10 20 250
22 52 22 37 20 28 0 0.22 M M 9.2 25 200 M M 7 1 33 210
23 49 4 27 10 38 0 0.05 M M 11.4 28 240 M M 9 128 42 250
24 22 -4 9 -8 56 0 T M M 3.3 10 60 M M 0 13 210
25 14 1 8 -10 57 0 0.25 M M 8.1 20 50 M M 9 128 25 50
26 21 -15 3 -15 62 0 T M M 8.3 18 230 M M 8 18 26 250
27 26 5 16 -2 49 0 0.07 M M 8.8 17 240 M M 10 128 28 240
28 14 -14 0 -18 65 0 T M M 3.1 13 220 M M 3 18 17 340
================================================================================
SM 840 52 1367 0 3.00 M 218.5 M 178
================================================================================
AV 30.0 1.9 7.8 FASTST M M 6 MAX(MPH)
MISC ----> 32 200 46 240
================================================================================
NOTES:
# LAST OF SEVERAL OCCURRENCES
COLUMN 17 PEAK WIND IN M.P.H.
PRELIMINARY LOCAL CLIMATOLOGICAL DATA (WS FORM: F-6) , PAGE 2
STATION: SARANAC LAKE NY
MONTH: FEBRUARY
YEAR: 2022
LATITUDE: 44 23 N
LONGITUDE: 74 12 W
[TEMPERATURE DATA] [PRECIPITATION DATA] SYMBOLS USED IN COLUMN 16
AVERAGE MONTHLY: 15.9 TOTAL FOR MONTH: 3.00 1 = FOG OR MIST
DPTR FM NORMAL: 0.6 DPTR FM NORMAL: 1.50 2 = FOG REDUCING VISIBILITY
HIGHEST: 52 ON 22 GRTST 24HR 1.58 ON 17-18 TO 1/4 MILE OR LESS
LOWEST: -20 ON 5 3 = THUNDER
SNOW, ICE PELLETS, HAIL 4 = ICE PELLETS
TOTAL MONTH: M 5 = HAIL
GRTST 24HR M ON M 6 = FREEZING RAIN OR DRIZZLE
GRTST DEPTH: M ON M 7 = DUSTSTORM OR SANDSTORM:
VSBY 1/2 MILE OR LESS
8 = SMOKE OR HAZE
[NO. OF DAYS WITH] [WEATHER - DAYS WITH] 9 = BLOWING SNOW
X = TORNADO
MAX 32 OR BELOW: 15 0.01 INCH OR MORE: 11
MAX 90 OR ABOVE: 0 0.10 INCH OR MORE: 6
MIN 32 OR BELOW: 27 0.50 INCH OR MORE: 2
MIN 0 OR BELOW: 12 1.00 INCH OR MORE: 1
[HDD (BASE 65) ]
TOTAL THIS MO. 1367 CLEAR (SCALE 0-3) 4
DPTR FM NORMAL -26 PTCLDY (SCALE 4-7) 12
TOTAL FM JUL 1 6391 CLOUDY (SCALE 8-10) 12
DPTR FM NORMAL -187
[CDD (BASE 65) ]
TOTAL THIS MO. 0
DPTR FM NORMAL 0 [PRESSURE DATA]
TOTAL FM JAN 1 0 HIGHEST SLP 30.68 ON 15
DPTR FM NORMAL 0 LOWEST SLP 29.22 ON 18
[REMARKS]
#FINAL-02-22#