000
CXUS53 KICT 292109
CF6SLN
PRELIMINARY LOCAL CLIMATOLOGICAL DATA (WS FORM: F-6)
STATION: SALINA KS
MONTH: FEBRUARY
YEAR: 2024
LATITUDE: 38 47 N
LONGITUDE: 97 39 W
TEMPERATURE IN F: :PCPN: SNOW: WIND :SUNSHINE: SKY :PK WND
================================================================================
1 2 3 4 5 6A 6B 7 8 9 10 11 12 13 14 15 16 17 18
12Z AVG MX 2MIN
DY MAX MIN AVG DEP HDD CDD WTR SNW DPTH SPD SPD DIR MIN PSBL S-S WX SPD DR
================================================================================
1 70 45 58 26 7 0 0.00 M M 11.9 21 170 M M 1 27 170
2 68 39 54 22 11 0 T M M 10.2 23 150 M M 3 8 30 150
3 57 49 53 21 12 0 0.64 M M 13.5 23 120 M M 10 13 32 100
4 49 36 43 11 22 0 0.15 M M 12.8 22 360 M M 10 1 28 30
5 39 32 36 4 29 0 0.00 M M 6.3 15 340 M M 9 12 19 330
6 54 29 42 9 23 0 0.00 M M 11.0 21 150 M M 4 12 27 150
7 58 47 53 20 12 0 T M M 18.4 33 170 M M 2 45 170
8 64 36 50 17 15 0 0.00 M M 13.0 31 170 M M 0 43 170
9 57 34 46 13 19 0 0.00 M M 8.7 18 30 M M 0 23 360
10 39 27 33 -1 32 0 0.00 M M 8.9 17 30 M M 5 23 30
11 43 26 35 1 30 0 0.00 M M 8.0 16 350 M M 5 23 10
12 57 22 40 6 25 0 0.00 M M 6.9 15 320 M M 0 19 330
13 65 28 47 13 18 0 0.00 M M 8.7 20 240 M M 0 27 250
14 67 31 49 15 16 0 0.00 M M 10.1 32 340 M M 0 39 340
15 46 31 39 4 26 0 0.00 M M 11.7 26 350 M M 4 34 350
16 36 20 28 -7 37 0 0.01 M M 16.0 24 20 M M 9 1 35 10
17 37 11 24 -11 41 0 0.00 M M 11.5 23 350 M M 0 29 360
18 56 22 39 3 26 0 0.00 M M 7.5 16 220 M M 0 20 220
19 60 29 45 9 20 0 0.00 M M 8.3 17 310 M M 1 21 290
20 73 27 50 14 15 0 0.00 M M 7.6 22 200 M M 0 28 200
21 69 33 51 14 14 0 0.00 M M 5.8 13 310 M M 0 19 260
22 68 37 53 16 12 0 0.00 M M 11.1 23 340 M M 1 30 320
23 66 32 49 12 16 0 0.00 M M 10.9 31 320 M M 1 42 290
24 70 24 47 9 18 0 0.00 M M 9.1 23 240 M M 0 8 32 210
25 75 29 52 14 13 0 0.00 M M 6.1 15 280 M M 0 8 19 300
26 82 32 57 19 8 0 0.00 M M 7.8 20 200 M M 0 25 200
27 66 21 44 5 21 0 0.00 M M 18.1 40 350 M M 2 51 350
28 46 14 30 -9 35 0 0.00 M M 10.6 25 340 M M 1 32 340
29 58 27 43 4 22 0 T M M 18.0 32 200 M M 2 41 190
================================================================================
SM 1695 870 595 0 0.80 M 308.5 M 70
================================================================================
AV 58.4 30.0 10.6 FASTST M M 2 MAX(MPH)
MISC ----> 40 350 51 350
================================================================================
NOTES:
# LAST OF SEVERAL OCCURRENCES
COLUMN 17 PEAK WIND IN M.P.H.
PRELIMINARY LOCAL CLIMATOLOGICAL DATA (WS FORM: F-6) , PAGE 2
STATION: SALINA KS
MONTH: FEBRUARY
YEAR: 2024
LATITUDE: 38 47 N
LONGITUDE: 97 39 W
[TEMPERATURE DATA] [PRECIPITATION DATA] SYMBOLS USED IN COLUMN 16
AVERAGE MONTHLY: 44.2 TOTAL FOR MONTH: 0.80 1 = FOG OR MIST
DPTR FM NORMAL: 9.3 DPTR FM NORMAL: -0.07 2 = FOG REDUCING VISIBILITY
HIGHEST: 82 ON 26 GRTST 24HR 0.67 ON 3- 4 TO 1/4 MILE OR LESS
LOWEST: 11 ON 17 3 = THUNDER
SNOW, ICE PELLETS, HAIL 4 = ICE PELLETS
TOTAL MONTH: M 5 = HAIL
GRTST 24HR M ON M 6 = FREEZING RAIN OR DRIZZLE
GRTST DEPTH: M ON M 7 = DUSTSTORM OR SANDSTORM:
VSBY 1/2 MILE OR LESS
8 = SMOKE OR HAZE
[NO. OF DAYS WITH] [WEATHER - DAYS WITH] 9 = BLOWING SNOW
X = TORNADO
MAX 32 OR BELOW: 0 0.01 INCH OR MORE: 3
MAX 90 OR ABOVE: 0 0.10 INCH OR MORE: 2
MIN 32 OR BELOW: 20 0.50 INCH OR MORE: 1
MIN 0 OR BELOW: 0 1.00 INCH OR MORE: 0
[HDD (BASE 65) ]
TOTAL THIS MO. 595 CLEAR (SCALE 0-3) 21
DPTR FM NORMAL -246 PTCLDY (SCALE 4-7) 4
TOTAL FM JUL 1 3431 CLOUDY (SCALE 8-10) 4
DPTR FM NORMAL -493
[CDD (BASE 65) ]
TOTAL THIS MO. 0
DPTR FM NORMAL 0 [PRESSURE DATA]
TOTAL FM JAN 1 0 HIGHEST SLP 30.56 ON 17
DPTR FM NORMAL 0 LOWEST SLP 29.33 ON 27
[REMARKS]
#FINAL-02-24#