000
CXUS56 KLOX 011655
CF6SMO
PRELIMINARY LOCAL CLIMATOLOGICAL DATA (WS FORM: F-6)
STATION: SANTA MONICA AIRPORT CA
MONTH: DECEMBER
YEAR: 2019
LATITUDE: 34 0 N
LONGITUDE: 118 27 W
TEMPERATURE IN F: :PCPN: SNOW: WIND :SUNSHINE: SKY :PK WND
================================================================================
1 2 3 4 5 6A 6B 7 8 9 10 11 12 13 14 15 16 17 18
12Z AVG MX 2MIN
DY MAX MIN AVG DEP HDD CDD WTR SNW DPTH SPD SPD DIR MIN PSBL S-S WX SPD DR
================================================================================
1 63 50 57 0 8 0 0.00 0.0 0 4.5 9 20 M M 1 13 10
2 66 49 58 1 7 0 0.00 0.0 0 3.0 9 220 M M 0 12 260
3 64 51 58 1 7 0 0.01 0.0 0 1.5 7 80 M M 3 9 80
4 61 53 57 1 8 0 1.07 0.0 0 3.6 10 200 M M 9 1 16 80
5 66 51 59 3 6 0 0.00 0.0 0 2.8 9 220 M M 2 1 12 210
6 66 51 59 3 6 0 0.12 0.0 0 3.7 9 220 M M 4 1 15 50
7 65 58 62 6 3 0 0.03 0.0 0 3.2 8 230 M M 8 1 11 40
8 62 52 57 1 8 0 0.04 0.0 0 3.9 16 240 M M 7 1 22 240
9 67 48 58 2 7 0 0.00 0.0 0 2.3 8 220 M M 0 11 210
10 67 47 57 1 8 0 0.00 0.0 0 3.7 10 230 M M 0 13 230
11 63 47 55 -1 10 0 0.00 0.0 0 3.5 10 250 M M 0 14 240
12 68 50 59 3 6 0 0.00 0.0 0 1.9 8 220 M M 0 18 11 220
13 64 51 58 2 7 0 0.00 0.0 0 3.0 10 240 M M 4 18 13 240
14 63 55 59 3 6 0 0.00 0.0 0 2.6 9 220 M M 6 18 14 220
15 63 53 58 2 7 0 0.00 0.0 0 9.6 20 360 M M 0 31 330
16 68 45 57 1 8 0 0.00 0.0 0 4.9 13 210 M M 0 20 350
17 69 41 55 -1 10 0 0.00 0.0 0 4.5 9 40 M M 0 14 40
18 63 47 55 -1 10 0 0.00 0.0 0 4.0 10 260 M M 2 14 260
19 64 43 54 -2 11 0 0.00 0.0 0 3.8 8 210 M M 0 12 100
20 75 47 61 5 4 0 0.00 0.0 0 4.4 10 20 M M 0 13 20
21 73 53 63 7 2 0 0.00 0.0 0 3.4 9 40 M M 0 13 50
22 65 50 58 2 7 0 1.47 0.0 0 6.2 16 60 M M 4 1 28 50
23 57 49 53 -3 12 0 0.63 M 0 6.1 15 70 M M 8 1 24 60
24 59 46 53 -3 12 0 0.00 0.0 0 3.8 14 230 M M 1 19 230
25 57 46 52 -4 13 0 0.97 M 0 5.8 16 110 M M 7 1 23 100
26 56 44 50 -6 15 0 0.32 M 0 7.0 16 360 M M 6 1 25 10
27 61 44 53 -3 12 0 0.00 0.0 0 5.1 12 360 M M 0 20 350
28 62 42 52 -4 13 0 0.00 0.0 0 3.7 9 220 M M 0 13 140
29 60 44 52 -4 13 0 0.00 0.0 0 2.5 9 210 M M 0 10 210
30 63 51 57 1 8 0 0.00 0.0 0 4.5 10 30 M M 2 17 40
31 73 50 62 6 3 0 0.00 0.0 0 5.6 12 20 M M 0 18 20
================================================================================
SM 1993 1508 257 0 4.66 0.0 128.1 M 74
================================================================================
AV 64.3 48.7 4.1 FASTST M M 2 MAX(MPH)
MISC ----> # 20 360 # 31 330
================================================================================
NOTES:
# LAST OF SEVERAL OCCURRENCES
COLUMN 17 PEAK WIND IN M.P.H.
PRELIMINARY LOCAL CLIMATOLOGICAL DATA (WS FORM: F-6) , PAGE 2
STATION: SANTA MONICA AIRPORT CA
MONTH: DECEMBER
YEAR: 2019
LATITUDE: 34 0 N
LONGITUDE: 118 27 W
[TEMPERATURE DATA] [PRECIPITATION DATA] SYMBOLS USED IN COLUMN 16
AVERAGE MONTHLY: 56.5 TOTAL FOR MONTH: 4.66 1 = FOG OR MIST
DPTR FM NORMAL: 0.6 DPTR FM NORMAL: 2.70 2 = FOG REDUCING VISIBILITY
HIGHEST: 75 ON 20 GRTST 24HR 1.47 ON 22-22 TO 1/4 MILE OR LESS
LOWEST: 41 ON 17 3 = THUNDER
SNOW, ICE PELLETS, HAIL 4 = ICE PELLETS
TOTAL MONTH: 0.0 INCH 5 = HAIL
GRTST 24HR 0.0 6 = FREEZING RAIN OR DRIZZLE
GRTST DEPTH: 0 7 = DUSTSTORM OR SANDSTORM:
VSBY 1/2 MILE OR LESS
8 = SMOKE OR HAZE
[NO. OF DAYS WITH] [WEATHER - DAYS WITH] 9 = BLOWING SNOW
X = TORNADO
MAX 32 OR BELOW: 0 0.01 INCH OR MORE: 9
MAX 90 OR ABOVE: 0 0.10 INCH OR MORE: 6
MIN 32 OR BELOW: 0 0.50 INCH OR MORE: 4
MIN 0 OR BELOW: 0 1.00 INCH OR MORE: 2
[HDD (BASE 65) ]
TOTAL THIS MO. 257 CLEAR (SCALE 0-3) 21
DPTR FM NORMAL -25 PTCLDY (SCALE 4-7) 9
TOTAL FM JUL 1 430 CLOUDY (SCALE 8-10) 1
DPTR FM NORMAL -78
[CDD (BASE 65) ]
TOTAL THIS MO. 0
DPTR FM NORMAL -2 [PRESSURE DATA]
TOTAL FM JAN 1 673 HIGHEST SLP 30.29 ON 17
DPTR FM NORMAL 173 LOWEST SLP 29.73 ON 26
[REMARKS]
#FINAL-12-19#