000
CXUS56 KSGX 011145
CF6SNA
PRELIMINARY LOCAL CLIMATOLOGICAL DATA (WS FORM: F-6)
STATION: JOHN WAYNE AIRPORT CA
MONTH: NOVEMBER
YEAR: 2022
LATITUDE: 33 40 N
LONGITUDE: 117 53 W
TEMPERATURE IN F: :PCPN: SNOW: WIND :SUNSHINE: SKY :PK WND
================================================================================
1 2 3 4 5 6A 6B 7 8 9 10 11 12 13 14 15 16 17 18
12Z AVG MX 2MIN
DY MAX MIN AVG DEP HDD CDD WTR SNW DPTH SPD SPD DIR MIN PSBL S-S WX SPD DR
================================================================================
1 74 64 69 3 0 4 T M M 8.6 18 180 M M 5 24 180
2 70 60 65 0 0 0 0.13 M M 7.3 13 260 M M 6 1 21 260
3 67 54 61 -4 4 0 0.00 M M 5.9 18 220 M M 1 24 210
4 69 50 60 -5 5 0 0.00 M M 3.6 12 200 M M 5 16 210
5 72 51 62 -3 3 0 0.00 M M 2.6 10 210 M M 1 14 220
6 70 54 62 -3 3 0 0.00 M M 4.7 10 210 M M 1 14 200
7 70 60 65 1 0 0 0.06 M M 7.4 20 180 M M 8 8 24 170
8 70 56 63 -1 2 0 0.96 M M 10.4 28 170 M M 9 8 39 170
9 65 54 60 -4 5 0 0.09 M M 3.6 14 320 M M 4 21 310
10 68 49 59 -5 6 0 0.00 M M 2.3 9 220 M M 0 12 210
11 72 48 60 -4 5 0 0.00 M M 2.8 13 200 M M 4 16 200
12 68 48 58 -6 7 0 0.00 M M 3.8 13 200 M M 1 16 190
13 69 52 61 -2 4 0 0.00 M M 3.5 13 200 M M 1 16 180
14 71 50 61 -2 4 0 0.00 M M 2.6 9 210 M M 1 12 220
15 72 49 61 -2 4 0 0.00 M M 4.1 17 70 M M 0 24 80
16 78 60 69 6 0 4 0.00 M M 13.4 26 60 M M 0 36 60
17 79 50 65 3 0 0 0.00 M M 3.7 13 200 M M 5 8 15 200
18 69 50 60 -2 5 0 0.00 M M 3.3 12 210 M M 1 14 210
19 79 53 66 4 0 1 0.00 M M 7.3 17 60 M M 0 8 26 80
20 81 49 65 3 0 0 0.00 M M 2.3 12 230 M M 0 15 210
21 78 50 64 3 1 0 0.00 M M 1.7 9 230 M M 5 12 210
22 75 50 63 2 2 0 0.00 M M 2.0 10 200 M M 2 12 190
23 70 48 59 -2 6 0 0.00 M M 2.9 12 200 M M 1 14 190
24 82 49 66 5 0 1 0.00 M M 9.2 26 60 M M 0 37 60
25 80 50 65 5 0 0 0.00 M M 2.8 13 350 M M 1 16 360
26 70 49 60 0 5 0 0.00 M M 3.3 13 220 M M 0 17 240
27 72 49 61 1 4 0 0.00 M M 2.6 10 220 M M 2 13 110
28 65 57 61 1 4 0 0.00 M M 7.6 15 180 M M 5 19 160
29 67 55 61 1 4 0 0.00 M M 4.8 15 190 M M 4 19 190
30 66 53 60 1 5 0 0.00 M M 6.0 16 160 M M 8 22 180
================================================================================
SM 2158 1571 88 10 1.24 M 146.1 M 81
================================================================================
AV 71.9 52.4 4.9 FASTST M M 3 MAX(MPH)
MISC ----> 28 170 39 170
================================================================================
NOTES:
# LAST OF SEVERAL OCCURRENCES
COLUMN 17 PEAK WIND IN M.P.H.
PRELIMINARY LOCAL CLIMATOLOGICAL DATA (WS FORM: F-6) , PAGE 2
STATION: JOHN WAYNE AIRPORT CA
MONTH: NOVEMBER
YEAR: 2022
LATITUDE: 33 40 N
LONGITUDE: 117 53 W
[TEMPERATURE DATA] [PRECIPITATION DATA] SYMBOLS USED IN COLUMN 16
AVERAGE MONTHLY: 62.2 TOTAL FOR MONTH: 1.24 1 = FOG OR MIST
DPTR FM NORMAL: -0.4 DPTR FM NORMAL: 0.44 2 = FOG REDUCING VISIBILITY
HIGHEST: 82 ON 24 GRTST 24HR 1.01 ON 8- 9 TO 1/4 MILE OR LESS
LOWEST: 48 ON 23,12 3 = THUNDER
SNOW, ICE PELLETS, HAIL 4 = ICE PELLETS
TOTAL MONTH: M 5 = HAIL
GRTST 24HR M ON M 6 = FREEZING RAIN OR DRIZZLE
GRTST DEPTH: M ON M 7 = DUSTSTORM OR SANDSTORM:
VSBY 1/2 MILE OR LESS
8 = SMOKE OR HAZE
[NO. OF DAYS WITH] [WEATHER - DAYS WITH] 9 = BLOWING SNOW
X = TORNADO
MAX 32 OR BELOW: 0 0.01 INCH OR MORE: 4
MAX 90 OR ABOVE: 0 0.10 INCH OR MORE: 2
MIN 32 OR BELOW: 0 0.50 INCH OR MORE: 1
MIN 0 OR BELOW: 0 1.00 INCH OR MORE: 0
[HDD (BASE 65) ]
TOTAL THIS MO. 88 CLEAR (SCALE 0-3) 18
DPTR FM NORMAL -16 PTCLDY (SCALE 4-7) 10
TOTAL FM JUL 1 88 CLOUDY (SCALE 8-10) 2
DPTR FM NORMAL -40
[CDD (BASE 65) ]
TOTAL THIS MO. 10
DPTR FM NORMAL -22 [PRESSURE DATA]
TOTAL FM JAN 1 1724 HIGHEST SLP 30.28 ON 4
DPTR FM NORMAL 651 LOWEST SLP 29.78 ON 8
[REMARKS]
#FINAL-11-22#