000
CXUS54 KMAF 011110
CF6SNK
PRELIMINARY LOCAL CLIMATOLOGICAL DATA (WS FORM: F-6)
STATION: SNYDER WINSTON FIELD
MONTH: APRIL
YEAR: 2020
LATITUDE: 32 41 N
LONGITUDE: 100 57 W
TEMPERATURE IN F: :PCPN: SNOW: WIND :SUNSHINE: SKY :PK WND
================================================================================
1 2 3 4 5 6A 6B 7 8 9 10 11 12 13 14 15 16 17 18
12Z AVG MX 2MIN
DY MAX MIN AVG DEP HDD CDD WTR SNW DPTH SPD SPD DIR MIN PSBL S-S WX SPD DR
================================================================================
1 70 55 63 M 2 0 M M M 13.8 23 180 M M 0 29 180
2 85 56 71 M 0 6 M M M 9.8 16 150 M M 0 24 150
3 64 35 50 M 15 0 M M M 14.4 25 10 M M 6 1 32 360
4 46 37 42 M 23 0 0.16 M M 7.4 18 50 M M 10 13 25 50
5 62 45 54 M 11 0 M M M 7.8 14 140 M M 7 1 21 140
6 69 55 62 M 3 0 0.03 M M 9.7 14 200 M M 8 1 18 190
7 83 58 71 M 0 6 M M M 8.4 16 230 M M 0 18 230
8 88 54 71 M 0 6 M M M 7.9 18 260 M M 0 31 260
9 69 51 60 M 5 0 M M M 7.6 18 60 M M 4 22 60
10 73 47 60 M 5 0 M M M 12.2 17 50 M M 1 28 80
11 80 57 69 M 0 4 M M M 11.0 17 150 M M 5 3 37 150
12 73 41 57 M 8 0 0.58 M M 15.5 25 250 M M 2 3 35 350
13 51 32 42 M 23 0 M M M 13.2 16 50 M M 0 23 60
14 48 34 41 M 24 0 M M M 9.8 16 50 M M 6 25 50
15 68 35 52 M 13 0 M M M 9.1 16 190 M M 0 24 190
16 81 47 64 M 1 0 M M M 16.4 23 190 M M 0 32 180
17 62 41 52 M 13 0 M M M 10.6 20 20 M M 5 25 20
18 65 40 53 M 12 0 M M M 6.7 10 170 M M 5 16 170
19 82 53 68 M 0 3 M M M 11.0 21 290 M M 1 1 32 290
20 78 50 64 M 1 0 M M M 6.2 14 90 M M 0 M M
21 87 58 73 M 0 8 M M M 7.5 22 150 M M 3 1 28 150
22 83 62 73 M 0 8 M M M 13.3 22 280 M M 2 18 32 280
23 85 49 67 M 0 2 M M M 7.7 14 150 M M 0 21 210
24 83 55 69 M 0 4 M M M 11.7 21 330 M M 0 26 340
25 73 51 62 M 3 0 M M M 7.3 13 30 M M 0 17 40
26 84 49 67 M 0 2 M M M 11.8 22 160 M M 0 26 160
27 89 62 76 M 0 11 M M M 8.9 16 200 M M 0 25 200
28 96 64 80 M 0 15 M M M 10.1 17 230 M M 0 23 50
29 79 58 69 M 0 4 M M M 12.5 20 40 M M 0 26 40
30 90 51 71 M 0 6 M M M 9.1 16 200 M M 0 24 200
================================================================================
SM 2246 1482 162 85 0.77 M 308.2 M 65
================================================================================
AV 74.9 49.4 10.3 FASTST M M 2 MAX(MPH)
MISC ----> # 25 10 37 150
================================================================================
NOTES:
# LAST OF SEVERAL OCCURRENCES
COLUMN 17 PEAK WIND IN M.P.H.
PRELIMINARY LOCAL CLIMATOLOGICAL DATA (WS FORM: F-6) , PAGE 2
STATION: SNYDER WINSTON FIELD
MONTH: APRIL
YEAR: 2020
LATITUDE: 32 41 N
LONGITUDE: 100 57 W
[TEMPERATURE DATA] [PRECIPITATION DATA] SYMBOLS USED IN COLUMN 16
AVERAGE MONTHLY: 62.1 TOTAL FOR MONTH: 0.77 1 = FOG OR MIST
DPTR FM NORMAL: 0.0 DPTR FM NORMAL: M 2 = FOG REDUCING VISIBILITY
HIGHEST: 96 ON 28 GRTST 24HR 0.58 ON 12-12 TO 1/4 MILE OR LESS
LOWEST: 32 ON 13 3 = THUNDER
SNOW, ICE PELLETS, HAIL 4 = ICE PELLETS
TOTAL MONTH: M 5 = HAIL
GRTST 24HR M ON M 6 = FREEZING RAIN OR DRIZZLE
GRTST DEPTH: M ON M 7 = DUSTSTORM OR SANDSTORM:
VSBY 1/2 MILE OR LESS
8 = SMOKE OR HAZE
[NO. OF DAYS WITH] [WEATHER - DAYS WITH] 9 = BLOWING SNOW
X = TORNADO
MAX 32 OR BELOW: 0 0.01 INCH OR MORE: 3
MAX 90 OR ABOVE: 2 0.10 INCH OR MORE: 2
MIN 32 OR BELOW: 1 0.50 INCH OR MORE: 1
MIN 0 OR BELOW: 0 1.00 INCH OR MORE: 0
[HDD (BASE 65) ]
TOTAL THIS MO. 162 CLEAR (SCALE 0-3) 21
DPTR FM NORMAL M PTCLDY (SCALE 4-7) 8
TOTAL FM JUL 1 2737 CLOUDY (SCALE 8-10) 1
DPTR FM NORMAL M
[CDD (BASE 65) ]
TOTAL THIS MO. 85
DPTR FM NORMAL M [PRESSURE DATA]
TOTAL FM JAN 1 116 HIGHEST SLP M ON M
DPTR FM NORMAL M LOWEST SLP M ON M
[REMARKS]
#FINAL-04-20#