000
CXAK56 PAFC 011022
CF6SNP
PRELIMINARY LOCAL CLIMATOLOGICAL DATA (WS FORM: F-6)
STATION: SAINT PAUL ISLAND
MONTH: AUGUST
YEAR: 2023
LATITUDE: 57 9 N
LONGITUDE: 170 13 W
TEMPERATURE IN F: :PCPN: SNOW: WIND :SUNSHINE: SKY :PK WND
================================================================================
1 2 3 4 5 6A 6B 7 8 9 10 11 12 13 14 15 16 17 18
12Z AVG MX 2MIN
DY MAX MIN AVG DEP HDD CDD WTR SNW DPTH SPD SPD DIR MIN PSBL S-S WX SPD DR
================================================================================
1 51 48 50 1 15 0 0.29 M M 12.4 22 120 M M 10 12 31 140
2 50 48 49 0 16 0 0.26 M M 15.9 24 140 M M 10 12 33 130
3 51 48 50 1 15 0 T M M 12.9 16 170 M M 10 12 22 180
4 50 48 49 0 16 0 0.84 M M 24.0 36 140 M M 10 1 47 140
5 51 48 50 1 15 0 0.07 M M 18.1 22 200 M M 10 1 29 200
6 54 48 51 1 14 0 0.17 M M 18.4 24 230 M M 10 1 32 230
7 53 47 50 0 15 0 0.00 M M 14.4 21 220 M M 10 12 28 240
8 52 48 50 0 15 0 0.20 M M 12.7 21 250 M M 10 12 29 260
9 54 48 51 1 14 0 0.07 M M 11.7 18 240 M M 10 12 24 250
10 51 48 50 0 15 0 0.11 M M 12.1 18 200 M M 10 1 23 200
11 54 48 51 1 14 0 0.09 M M 12.8 18 70 M M 10 1 23 350
12 52 47 50 0 15 0 0.14 M M 12.3 20 360 M M 10 1 24 340
13 55 45 50 0 15 0 0.00 M M 10.5 20 230 M M 10 12 23 240
14 53 47 50 0 15 0 T M M 7.1 12 100 M M 10 12 15 130
15 58 46 52 2 13 0 0.09 M M 9.0 14 330 M M 9 1 19 340
16 56 46 51 1 14 0 0.00 M M 11.5 18 230 M M 8 1 24 220
17 56 47 52 2 13 0 0.00 M M 8.6 14 200 M M 8 12 18 210
18 55 47 51 1 14 0 0.00 M M 7.3 12 180 M M 10 12 15 190
19 56 49 53 3 12 0 0.01 M M 11.4 18 200 M M 10 12 26 200
20 54 49 52 2 13 0 0.00 M M 9.8 15 220 M M 8 12 19 210
21 56 49 53 3 12 0 0.00 M M 8.9 14 220 M M 8 1 19 240
22 56 49 53 3 12 0 0.00 M M 5.6 10 210 M M 6 12 13 210
23 55 50 53 3 12 0 0.42 M M 15.8 30 30 M M 10 18 40 20
24 55 49 52 2 13 0 0.35 M M 17.4 30 30 M M 10 1 47 40
25 51 47 49 -1 16 0 T M M 19.5 26 360 M M 10 1 35 350
26 51 39 45 -5 20 0 0.01 M M 18.8 29 330 M M 9 1 40 330
27 55 39 47 -2 18 0 0.01 M M 8.5 18 220 M M 8 1 24 220
28 52 47 50 1 15 0 0.01 M M 11.2 18 60 M M 5 1 26 70
29 52 45 49 0 16 0 0.01 M M 14.1 22 40 M M 9 1 28 30
30 54 40 47 -2 18 0 T M M 16.6 33 30 M M 9 18 43 30
31 53 38 46 -3 19 0 0.14 M M 21.0 36 350 M M 8 18 50 320
================================================================================
SM 1656 1442 459 0 3.29 M 410.3 M 285
================================================================================
AV 53.4 46.5 13.2 FASTST M M 9 MAX(MPH)
MISC ----> # 36 140 50 320
================================================================================
NOTES:
# LAST OF SEVERAL OCCURRENCES
COLUMN 17 PEAK WIND IN M.P.H.
PRELIMINARY LOCAL CLIMATOLOGICAL DATA (WS FORM: F-6) , PAGE 2
STATION: SAINT PAUL ISLAND
MONTH: AUGUST
YEAR: 2023
LATITUDE: 57 9 N
LONGITUDE: 170 13 W
[TEMPERATURE DATA] [PRECIPITATION DATA] SYMBOLS USED IN COLUMN 16
AVERAGE MONTHLY: 50.0 TOTAL FOR MONTH: 3.29 1 = FOG OR MIST
DPTR FM NORMAL: 0.5 DPTR FM NORMAL: 0.23 2 = FOG REDUCING VISIBILITY
HIGHEST: 58 ON 15 GRTST 24HR 0.89 ON 4- 5 TO 1/4 MILE OR LESS
LOWEST: 38 ON 31 3 = THUNDER
SNOW, ICE PELLETS, HAIL 4 = ICE PELLETS
TOTAL MONTH: M 5 = HAIL
GRTST 24HR M ON M 6 = FREEZING RAIN OR DRIZZLE
GRTST DEPTH: M ON M 7 = DUSTSTORM OR SANDSTORM:
VSBY 1/2 MILE OR LESS
8 = SMOKE OR HAZE
[NO. OF DAYS WITH] [WEATHER - DAYS WITH] 9 = BLOWING SNOW
X = TORNADO
MAX 32 OR BELOW: 0 0.01 INCH OR MORE: 19
MAX 90 OR ABOVE: 0 0.10 INCH OR MORE: 10
MIN 32 OR BELOW: 0 0.50 INCH OR MORE: 1
MIN 0 OR BELOW: 0 1.00 INCH OR MORE: 0
[HDD (BASE 65) ]
TOTAL THIS MO. 459 CLEAR (SCALE 0-3) 0
DPTR FM NORMAL -20 PTCLDY (SCALE 4-7) 6
TOTAL FM JUL 1 957 CLOUDY (SCALE 8-10) 25
DPTR FM NORMAL -51
[CDD (BASE 65) ]
TOTAL THIS MO. 0
DPTR FM NORMAL 0 [PRESSURE DATA]
TOTAL FM JAN 1 0 HIGHEST SLP M ON M
DPTR FM NORMAL 0 LOWEST SLP 28.95 ON 31
[REMARKS]
#FINAL-08-23#