868
CXUS55 KPIH 011209
CF6SNT
PRELIMINARY LOCAL CLIMATOLOGICAL DATA (WS FORM: F-6)
STATION: STANLEY_ID
MONTH: JANUARY
YEAR: 2021
LATITUDE: 44 10 N
LONGITUDE: 114 56 W
TEMPERATURE IN F: :PCPN: SNOW: WIND :SUNSHINE: SKY :PK WND
================================================================================
1 2 3 4 5 6A 6B 7 8 9 10 11 12 13 14 15 16 17 18
12Z AVG MX 2MIN
DY MAX MIN AVG DEP HDD CDD WTR SNW DPTH SPD SPD DIR MIN PSBL S-S WX SPD DR
================================================================================
1 24 14 19 5 46 0 0.02 M M 2.3 10 120 M M 0 15 120
2 33 20 27 13 38 0 0.05 M M 3.0 12 190 M M 0 17 170
3 37 7 22 8 43 0 0.15 M M 6.3 15 270 M M 0 32 300
4 36 2 19 5 46 0 0.25 M M 6.2 20 150 M M 0 34 150
5 33 2 18 4 47 0 0.07 M M 2.7 16 350 M M 0 25 10
6 26 -3 12 -2 53 0 0.00 M M 1.2 8 350 M M 0 11 350
7 33 6 20 6 45 0 0.10 M M 1.2 7 160 M M 0 11 150
8 18 -3 8 -6 57 0 0.04 M M 0.9 8 100 M M 0 10 90
9 22 -4 9 -5 56 0 0.00 M M 1.3 7 110 M M 0 10 110
10 15 -10 3 -11 62 0 0.00 M M 1.5 8 100 M M 0 10 100
11 22 -6 8 -6 57 0 0.00 M M 1.1 7 90 M M 0 9 80
12 35 4 20 6 45 0 0.40 M M 5.0 16 140 M M 0 31 160
13 41 8 25 11 40 0 0.48 M M 8.9 20 310 M M 0 34 300
14 27 -4 12 -2 53 0 0.00 M M 0.6 7 190 M M 0 8 190
15 30 -3 14 0 51 0 0.12 M M 1.0 8 340 M M 0 12 160
16 27 10 19 5 46 0 0.00 M M 2.3 8 140 M M 0 10 150
17 36 9 23 9 42 0 0.00 M M 2.5 12 330 M M 0 19 330
18 28 5 17 3 48 0 0.00 M M 1.1 7 330 M M 0 10 330
19 22 -9 7 -7 58 0 0.00 M M 1.8 7 100 M M 0 10 170
20 20 -10 5 -9 60 0 0.00 M M 0.6 7 90 M M 0 8 90
21 31 16 24 10 41 0 0.06 M M 0.6 7 100 M M 0 10 20
22 33 17 25 10 40 0 0.00 M M 2.4 8 130 M M 0 11 150
23 28 -6 11 -4 54 0 0.00 M M 1.4 6 180 M M 0 10 160
24 20 -19 1 -14 64 0 0.00 M M 1.2 6 170 M M 0 8 90
25 18 -10 4 -11 61 0 0.00 M M 0.6 6 170 M M 0 9 170
26 21 -18 2 -13 63 0 0.00 M M 2.3 16 170 M M 0 23 170
27 26 15 21 6 44 0 0.09 M M 12.1 21 150 M M 0 38 140
28 32 25 29 14 36 0 0.11 M M 10.2 16 150 M M 0 28 180
29 37 27 32 17 33 0 0.29 M M 2.6 10 350 M M 0 17 140
30 34 3 19 4 46 0 0.00 M M 2.4 8 180 M M 0 11 100
31 28 -7 11 -4 54 0 0.00 M M 1.1 14 170 M M 0 20 140
================================================================================
SM 873 78 1529 0 2.23 M 88.4 M 0
================================================================================
AV 28.2 2.5 2.9 FASTST M M 0 MAX(MPH)
MISC ----> 21 150 38 140
================================================================================
NOTES:
# LAST OF SEVERAL OCCURRENCES
COLUMN 17 PEAK WIND IN M.P.H.
4TH:LOSS OF DATA FROM 2230-2245LST. PCPN DATA ZEROED OUT ON DSM BUT
HOURLY SUM WAS 0.25 INCHES WHICH AGREED WITH STANLEY COOP.
PRELIMINARY LOCAL CLIMATOLOGICAL DATA (WS FORM: F-6) , PAGE 2
STATION: STANLEY_ID
MONTH: JANUARY
YEAR: 2021
LATITUDE: 44 10 N
LONGITUDE: 114 56 W
[TEMPERATURE DATA] [PRECIPITATION DATA] SYMBOLS USED IN COLUMN 16
AVERAGE MONTHLY: 15.3 TOTAL FOR MONTH: 2.23 1 = FOG OR MIST
DPTR FM NORMAL: 0.8 DPTR FM NORMAL: 0.71 2 = FOG REDUCING VISIBILITY
HIGHEST: 41 ON 13 GRTST 24HR 0.48 ON 12-13 TO 1/4 MILE OR LESS
LOWEST: -19 ON 24 3 = THUNDER
SNOW, ICE PELLETS, HAIL 4 = ICE PELLETS
TOTAL MONTH: M 5 = HAIL
GRTST 24HR M ON M 6 = FREEZING RAIN OR DRIZZLE
GRTST DEPTH: M ON M 7 = DUSTSTORM OR SANDSTORM:
VSBY 1/2 MILE OR LESS
8 = SMOKE OR HAZE
[NO. OF DAYS WITH] [WEATHER - DAYS WITH] 9 = BLOWING SNOW
X = TORNADO
MAX 32 OR BELOW: 20 0.01 INCH OR MORE: 14
MAX 90 OR ABOVE: 0 0.10 INCH OR MORE: 8
MIN 32 OR BELOW: 31 0.50 INCH OR MORE: 0
MIN 0 OR BELOW: 14 1.00 INCH OR MORE: 0
[HDD (BASE 65) ]
TOTAL THIS MO. 1529 CLEAR (SCALE 0-3) 31
DPTR FM NORMAL -38 PTCLDY (SCALE 4-7) 0
TOTAL FM JUL 1 5778 CLOUDY (SCALE 8-10) 0
DPTR FM NORMAL -454
[CDD (BASE 65) ]
TOTAL THIS MO. 0
DPTR FM NORMAL 0 [PRESSURE DATA]
TOTAL FM JAN 1 0 HIGHEST SLP 30.78 ON 14
DPTR FM NORMAL 0 LOWEST SLP 29.48 ON 29
[REMARKS]
#FINAL-01-21#